-- Table structure for table `rb_konsumen_alamat`
--

CREATE TABLE `rb_konsumen_alamat` (
  `id_konsumen_alamat` int(11) NOT NULL,
  `id_konsumen` int(11) NOT NULL,
  `nama_lengkap` varchar(255) DEFAULT NULL,
  `no_hp` varchar(15) DEFAULT NULL,
  `alamat_lengkap` text NOT NULL,
  `provinsi_id` int(11) NOT NULL,
  `kota_id` int(11) NOT NULL,
  `kecamatan_id` int(11) NOT NULL,
  `kordinat_lokasi` text DEFAULT NULL,
  `waktu_perubahan` datetime NOT NULL
) ENGINE=MyISAM DEFAULT CHARSET=latin1 COLLATE=latin1_swedish_ci;

--
-- Dumping data for table `rb_konsumen_alamat`
--

INSERT INTO `rb_konsumen_alamat` (`id_konsumen_alamat`, `id_konsumen`, `nama_lengkap`, `no_hp`, `alamat_lengkap`, `provinsi_id`, `kota_id`, `kecamatan_id`, `kordinat_lokasi`, `waktu_perubahan`) VALUES
(13, 1, 'Yeni Ermawaty', '085234557899', 'Perumdam IV Blok C/2, 001/002, Dadok Tunggul Hitam, Koto Tangah', 32, 318, 4540, '-6.2087634,106.845599', '0000-00-00 00:00:00'),
(14, 120, 'MUHAMAD RICKY ILHAM', '082124180233', 'JL. CIPEUCANG V NO. 4A', 6, 155, 2125, '', '0000-00-00 00:00:00'),
(15, 108, 'Muhammad Fikri', '1234567', 'asdf', 4, 63, 845, '', '0000-00-00 00:00:00'),
(16, 108, 'cv', '0987656789', 'fdxfcgvn', 1, 0, 3327, '', '0000-00-00 00:00:00'),
(17, 108, 'fikri', '09889876765', 'asdfg', 6, 153, 2110, '-6.22592,106.8302336', '0000-00-00 00:00:00'),
(18, 133, 'ikhsan aryono', '082220561373', 'kos lionel woen', 6, 153, 2105, '', '0000-00-00 00:00:00'),
(19, 133, 'Ikhsan Aryono', '082220561373', 'kost lionel woen jl. pecandraan no 11 A', 6, 153, 2105, '', '0000-00-00 00:00:00'),
(20, 111, 'Doni Nur Rohman', '08997822827', 'Jl.Kemiri Jaya 1 No 37', 9, 115, 1577, '-6.2226432,106.82368', '0000-00-00 00:00:00'),
(21, 108, 'Muhammad Fikri', '08997822827', '', 32, 93, 1276, '-6.22592,106.8302336', '0000-00-00 00:00:00'),
(22, 108, 'fik', '085123123456', 'asdasd', 32, 93, 1276, '-6.249321,106.7824544', '0000-00-00 00:00:00'),
(23, 108, 'fik', '085123123456', 'asdasd', 32, 93, 1276, '-6.249321,106.7824544', '0000-00-00 00:00:00'),
(24, 108, 'fikri', '085678123456', 'asdasdas', 32, 93, 1276, '-6.249321,106.7824544', '0000-00-00 00:00:00'),
(25, 150, 'Abdi putra', '087770077031', 'Jln. Metro alam 4 pondok indah', 6, 153, 2106, '', '0000-00-00 00:00:00'),
(26, 150, 'Abdi putra', '087770077031', 'Jln. Metro alam 4 pondok indah', 6, 153, 2106, '', '0000-00-00 00:00:00'),
(27, 185, 'amndo wider', '294856552', '11 rue 05 juillet paris', 1, 17, 258, '', '0000-00-00 00:00:00'),
(28, 215, 'iqbalchanel99', '083878573275', 'Jl jendsudirman', 5, 501, 6987, '', '0000-00-00 00:00:00'),
(29, 215, 'Fikar', '083878573275', 'Jl jendsudirman', 5, 501, 6987, '', '0000-00-00 00:00:00'),
(30, 226, 'ahdian rawuli', '082114565515', 'Test', 6, 151, 2087, '-6.22717057453385,106.83253370272035', '0000-00-00 00:00:00'),
(31, 230, 'muhamad aziz', '', '', 32, 93, 1277, '', '0000-00-00 00:00:00'),
(32, 230, 'muhamad aziz', '', '', 32, 93, 1278, '', '0000-00-00 00:00:00'),
(33, 230, 'muhamad aziz', '', '', 32, 93, 1277, '-0.31606990723110784, 100.38418292999269', '0000-00-00 00:00:00'),
(34, 250, 'hudhudbotcreator', '081313103131', 'tes alamat', 9, 103, 1398, '-7.1300488,108.4636512', '0000-00-00 00:00:00'),
(35, 312, 'Maryam Amila', '085263625583', '', 4, 65, 875, '-3.3867795,102.1498719', '0000-00-00 00:00:00'),
(44, 504, 'layar bunglon', '085179613303', 'Basira', 3, 331, 4659, '', '0000-00-00 00:00:00'),
(45, 639, 'rianpratama92', '081356342492', 'Tedggg', 29, 291, 4095, '', '0000-00-00 00:00:00'),
(46, 651, 'bracketindonesiacom', '085870506980', 'Jsususss', 32, 93, 1277, 'Bukit tingi', '0000-00-00 00:00:00'),
(47, 1, 'Robby Prihandaya', '085278171303', 'Jl Angkasa Puri, Perundam 4 Blok C2', 23, 397, 4027, '-0.9471,100.3909', '0000-00-00 00:00:00'),
(48, 7, 'Mahmud Abbas', '085612345555', 'Jl Angkasa Puri, Perundam 4 Blok C2', 23, 401, 4051, '-0.310330,100.382563', '0000-00-00 00:00:00');

-- --------------------------------------------------------

--
-- Table structure for table `rb_konsumen_detail`
--

CREATE TABLE `rb_konsumen_detail` (
  `id_konsumen_detail` int(11) NOT NULL,
  `id_konsumen` int(11) NOT NULL,
  `keterangan` text NOT NULL,
  `status` enum('sosmed','rekening') NOT NULL DEFAULT 'sosmed',
  `waktu_input` datetime NOT NULL
) ENGINE=MyISAM DEFAULT CHARSET=latin1 COLLATE=latin1_swedish_ci;

--
-- Dumping data for table `rb_konsumen_detail`
--

INSERT INTO `rb_konsumen_detail` (`id_konsumen_detail`, `id_konsumen`, `keterangan`, `status`, `waktu_input`) VALUES
(1, 1, 'http://facebook.com/robby.prihandayax;http://twitter.com/robby.prihandaya;http://instagram.com/robby.prihandaya;081267771344;081267771344;https://www.youtube.com/channel/UCXkiw4naejPtIx-1Ca6N5-Q;https://www.linkedin.com/robby.prihandaya;https://aboutme.google.com/robby.prihandaya', 'sosmed', '2022-04-08 11:01:45'),
(2, 1, '2;7128528867;Robby Prihandaya', 'rekening', '2020-02-16 07:42:09'),
(4, 1, '3;0817 0242 31;Robby Prihandaya', 'rekening', '2020-02-16 07:55:09'),
(5, 1, '43;1043 5665 19;Robby Prihandaya', 'rekening', '2020-02-16 07:55:30'),
(6, 18, '-londojoworestocafe;-;-londojoworestocafe;-082326167888;-;-;-;-', 'sosmed', '2020-05-05 08:56:35'),
(7, 18, 'BCA;0306258448;Yohanes kristanto wibowo', 'rekening', '2020-05-05 08:57:52'),
(8, 32, 'BCA;797123456;Coba Dulu', 'rekening', '2020-05-24 00:47:38'),
(9, 2, '65;874534522;Dewi Safitri', 'rekening', '2020-08-15 14:08:51'),
(10, 42, 'tes;12345678;tes', 'rekening', '2020-08-16 08:26:38'),
(14, 91, '-;-;-;081913665912;-;-;-;-', 'sosmed', '2021-08-20 18:35:59'),
(15, 93, 'bca;1234;aaaaaa', 'rekening', '2021-08-20 20:45:12'),
(16, 75, '-;-;-;085936144442;-;-;-;-', 'sosmed', '2021-08-20 22:13:49'),
(17, 75, 'PT. Bank Pembangunan Daerah Bali;0100202233792;Ni Putu Nelly Suryanarti', 'rekening', '2021-08-20 22:17:30'),
(18, 108, '-;-;-;-;-;-;-;-', 'sosmed', '2022-08-30 14:12:40'),
(19, 187, 'blah;blrh;insj;-;-;-;-;-', 'sosmed', '2022-09-27 09:12:23'),
(20, 335, 'MANDIRI;1234567890;Dedy', 'rekening', '2023-10-16 12:18:44'),
(21, 341, '-;-;-;-;-;-;-;-', 'sosmed', '2023-10-18 22:23:03'),
(22, 417, '64;3423424234;autoprof1t', 'rekening', '2023-11-20 22:21:56'),
(23, 432, '47;558662455;Ipri', 'rekening', '2023-11-29 18:57:53'),
(24, 504, '59;173883929292;Wawan s', 'rekening', '2024-01-18 14:12:03'),
(25, 542, '89;1110011175763;Rosehana Ariza', 'rekening', '2024-02-13 20:35:10'),
(27, 539, '64;0320500508;Metty Trisna Rosdi ', 'rekening', '2024-02-15 08:06:22'),
(28, 413, ';3780113196;Muhamad Fahlifi', 'rekening', '2024-05-16 00:06:30'),
(29, 341, ';08173838739;Robby Prihandaya', 'rekening', '2024-05-17 20:08:16'),
(30, 642, '64;7155181079;Novel', 'rekening', '2024-05-28 07:15:39'),
(31, 671, '125;123637389292;Ceu Ade', 'rekening', '2024-07-03 22:24:38'),
(32, 749, '89;1080011440550;Aditya Widyawan Prima', 'rekening', '2024-09-15 08:57:00'),
(33, 749, 'aditya.w.prima;adittelecomg6;adityawprima;6285265663767;adityawprima;-;-;-', 'sosmed', '2024-09-15 09:06:05'),
(34, 785, '64;2346335;Nama saya', 'rekening', '2024-10-14 01:43:17'),
(35, 902, '64;3240674211;Sugeng Riyadi S PD', 'rekening', '2025-03-08 14:01:34'),
(36, 3, '45;234123123;Bukhori Muslim', 'rekening', '2025-07-21 14:29:28');

-- --------------------------------------------------------

--
-- Table structure for table `rb_konsumen_simpan`
--

CREATE TABLE `rb_konsumen_simpan` (
  `id_konsumen_simpan` int(11) NOT NULL,
  `id_konsumen` int(11) NOT NULL,
  `id_produk` int(11) NOT NULL,
  `waktu_simpan` datetime NOT NULL
) ENGINE=MyISAM DEFAULT CHARSET=latin1 COLLATE=latin1_swedish_ci;

--
-- Dumping data for table `rb_konsumen_simpan`
--

INSERT INTO `rb_konsumen_simpan` (`id_konsumen_simpan`, `id_konsumen`, `id_produk`, `waktu_simpan`) VALUES
(1, 1, 4, '2020-02-16 09:17:28'),
(15, 1, 8, '2020-05-30 07:47:50'),
(3, 1, 7, '2020-02-16 09:43:57'),
(7, 1, 5, '2020-02-16 10:23:43'),
(8, 1, 6, '2020-02-16 10:27:40'),
(9, 18, 30, '2020-05-04 22:11:05'),
(10, 27, 31, '2020-05-12 15:12:10'),
(11, 27, 31, '2020-05-12 15:12:11'),
(12, 29, 34, '2020-05-20 15:33:06'),
(13, 29, 10, '2020-05-20 15:33:23'),
(14, 29, 5, '2020-05-20 15:33:30'),
(18, 1, 9, '2020-05-30 13:34:44'),
(20, 1, 86, '2022-04-08 09:21:14'),
(21, 187, 84, '2022-09-27 09:21:13'),
(22, 217, 14, '2022-10-02 10:57:22'),
(23, 322, 101, '2022-11-18 12:44:40'),
(24, 1, 98, '2022-12-31 16:40:33'),
(26, 1, 2, '2023-10-06 15:18:34'),
(31, 508, 94, '2024-01-23 03:32:54'),
(30, 504, 87, '2024-01-18 14:13:54'),
(32, 508, 22, '2024-01-23 03:33:18'),
(33, 508, 149, '2024-01-30 10:50:51'),
(34, 515, 156, '2024-02-16 00:50:49'),
(35, 515, 156, '2024-02-16 00:50:50'),
(36, 515, 156, '2024-02-16 00:50:52'),
(37, 515, 156, '2024-02-16 00:50:54'),
(38, 555, 7, '2024-02-25 05:50:43'),
(39, 555, 7, '2024-02-25 05:51:03'),
(40, 575, 6, '2024-03-10 10:39:35'),
(41, 434, 136, '2024-03-23 15:30:34'),
(42, 555, 171, '2024-03-23 21:36:45'),
(43, 337, 146, '2024-04-23 11:21:42'),
(44, 640, 152, '2024-05-18 12:49:14'),
(45, 640, 152, '2024-05-18 12:49:16'),
(46, 640, 152, '2024-05-18 12:49:18'),
(47, 633, 178, '2024-05-18 19:48:03'),
(48, 646, 27, '2024-06-05 15:45:53'),
(49, 661, 4, '2024-06-18 17:38:20'),
(50, 508, 92, '2024-06-26 12:52:10'),
(51, 508, 85, '2024-06-26 12:52:17'),
(52, 670, 91, '2024-07-03 05:42:21'),
(53, 700, 91, '2024-07-19 15:07:01'),
(54, 181, 88, '2024-08-05 21:41:46'),
(55, 181, 88, '2024-08-05 21:42:23'),
(56, 785, 91, '2024-10-14 01:25:51');

-- --------------------------------------------------------

--
-- Table structure for table `rb_konsumen_verifikasi`
--

CREATE TABLE `rb_konsumen_verifikasi` (
  `id_verifikasi` int(11) NOT NULL,
  `id_konsumen` int(11) NOT NULL,
  `file_verifikasi` text NOT NULL,
  `status_verifikasi` enum('Pending Verification','Verified Account') NOT NULL DEFAULT 'Pending Verification',
  `waktu_verifikasi` datetime NOT NULL
) ENGINE=MyISAM DEFAULT CHARSET=utf8mb4 COLLATE=utf8mb4_general_ci;

--
-- Dumping data for table `rb_konsumen_verifikasi`
--

INSERT INTO `rb_konsumen_verifikasi` (`id_verifikasi`, `id_konsumen`, `file_verifikasi`, `status_verifikasi`, `waktu_verifikasi`) VALUES
(5, 75, '7_ KTP.pdf', 'Pending Verification', '2021-08-19 15:33:09'),
(6, 77, 'newrelease.jpg', 'Pending Verification', '2021-08-20 09:21:18'),
(7, 93, 'yyy.jpg', 'Pending Verification', '2021-08-20 20:45:38'),
(8, 1, '1.jpg', 'Verified Account', '2021-11-26 09:03:13'),
(9, 111, 'Rekening Perusahaan.xlsx', 'Pending Verification', '2022-08-31 09:29:55'),
(10, 120, '118f09c0983f66ba989ada65c7595c81.jpg', 'Pending Verification', '2022-09-02 15:28:50'),
(11, 133, 'f8227ad28d6cadcd61aa9ad72bcab6fe.jpeg', 'Pending Verification', '2022-09-06 11:16:37'),
(12, 143, '1d59b427c2dae7c78403cca8a0cb9a1a.jpg', 'Pending Verification', '2022-09-11 01:19:14'),
(13, 152, '8710afaa185190ae70a45f1e60d22387.jfif', 'Pending Verification', '2022-09-15 15:23:47'),
(14, 165, 'KTP NINA MARIANA.png', 'Pending Verification', '2022-09-23 22:16:20'),
(15, 146, '16642473674064254175872814443310.jpg', 'Pending Verification', '2022-09-27 09:56:26'),
(16, 199, '805a8aef0856755b99ddaa8a66d856ca.png', 'Pending Verification', '2022-09-29 10:37:47'),
(17, 208, 'c4023d58a92d5e4f2084c4a9300b979a.jpg', 'Pending Verification', '2022-10-01 07:36:25'),
(18, 209, 'Genshin_journey.png', 'Pending Verification', '2022-10-01 10:19:29'),
(19, 231, 'IMG_20220919_161024.jpg', 'Pending Verification', '2022-10-07 19:00:04'),
(20, 226, 'B993A705-EBD0-4E44-A991-63F5A59B473F.jpeg', 'Pending Verification', '2022-10-16 11:40:31'),
(21, 249, '0ca38ced4360c8d5dbaadaa72e8675b6.jpg', 'Pending Verification', '2022-10-18 09:27:19'),
(22, 265, '6d4771385e8c01a6445bebee48e2a887.jpg', 'Pending Verification', '2022-10-27 09:22:06'),
(23, 290, 'cf532e04399cc60c272c70ac6b214e0f.png', 'Pending Verification', '2022-11-02 01:41:02'),
(24, 332, '9e2a27c70315fa0e8ea8f53ba445b5fb.png', 'Pending Verification', '2023-10-15 11:36:43'),
(25, 374, '2bd8242dbb4d47d6e528ef94ce7b28e5.jpg', 'Pending Verification', '2023-10-30 21:07:40'),
(26, 383, '67e43dcb396e1c6b89d9a08477636b26.jpg', 'Pending Verification', '2023-11-02 08:34:45'),
(27, 446, 'IMG-20231205-WA0036.jpeg', 'Pending Verification', '2023-12-07 15:22:55'),
(28, 452, '05cf005f1b98b3c62c162d7c962892e9.jpg', 'Pending Verification', '2023-12-09 14:44:02'),
(29, 487, '31ccdd2529cae243d6af90cf6aa699dd.png', 'Pending Verification', '2023-12-26 14:16:58'),
(30, 500, 'c25aa48341b291a64dcda2337d3b4339.jpeg', 'Pending Verification', '2024-01-09 09:39:36'),
(31, 504, 'b1506480362db209e7ced0b87096bf29.jpg', 'Pending Verification', '2024-01-18 14:11:30'),
(32, 542, 'd2722f2399b5f89c4883545d333511aa.jpg', 'Pending Verification', '2024-02-13 20:28:08'),
(33, 539, '9b825227f224253e8fd627d604dbf085.jpg', 'Pending Verification', '2024-02-15 07:40:21'),
(34, 550, '991e7bbb61f81c74feda5484dc518c87.jpg', 'Pending Verification', '2024-02-19 09:45:38'),
(35, 582, '973636a1af18e5b12a368306b6ab6d86.png', 'Pending Verification', '2024-03-30 08:51:52'),
(36, 571, '5a9b278d0f7db1a49e996a6dfcc1525f.jpg', 'Pending Verification', '2024-03-30 19:45:26'),
(37, 627, '55ae95f083269fd78cbefbaa5c9b1566.jpg', 'Pending Verification', '2024-05-09 07:30:27'),
(38, 633, 'IMG-20240516-WA0024.jpeg', 'Pending Verification', '2024-05-16 11:08:00'),
(39, 634, 'Sertifikat Peserta 3 KTI.jpg', 'Pending Verification', '2024-05-16 17:55:31'),
(40, 697, 'image.jpg', 'Pending Verification', '2024-07-18 09:18:01'),
(41, 700, '0f0eca9c5f1c9efe1161a91e8c2ab58e.jpg', 'Pending Verification', '2024-07-19 14:56:35'),
(42, 702, '2ebd8d125c33a9afbe5e37a415cab2f9.JPG', 'Pending Verification', '2024-07-21 17:57:12'),
(43, 737, 'c9e25dba615f34dbd416ae52d5bb3af5.jpg', 'Pending Verification', '2024-09-05 10:57:36'),
(44, 749, 'b47b3f19b3d71c842f53c0134803da47.png', 'Pending Verification', '2024-09-15 09:02:52'),
(45, 430, 'fbe7e396b233b1a4fbbb24f31f84c2a0.png', 'Pending Verification', '2024-10-09 20:35:43'),
(46, 777, '151e441e35e676a2f9f75098fc3481c5.jpg', 'Pending Verification', '2024-10-11 13:58:36'),
(47, 786, 'a8c2be127b5a83231b5de420a446eb8a.jpg', 'Pending Verification', '2024-10-13 05:39:09'),
(48, 804, 'busana_pria1.webp', 'Pending Verification', '2024-10-30 05:18:38'),
(49, 823, 'd7122c94ca7eaa7359f8b753cc1f4687.jpg', 'Pending Verification', '2024-11-21 14:31:30'),
(50, 833, 'b637e1de8d8f8bf4c32e01e67b0ccb70.jpg', 'Pending Verification', '2024-11-29 14:27:09'),
(51, 861, '5a1dc6b2cdea07dc5e5bbfb7764ed4a1.png', 'Pending Verification', '2025-01-19 00:41:00'),
(52, 876, 'f00e8eb87a26121b0fce33fd509e92ab.jpeg', 'Pending Verification', '2025-02-03 16:46:46'),
(53, 885, 'Snapsave_app_AQOz00wLSOi_yetIFlGHzhI8SgPCMVtUEbuVIrv90lJk65A9mDypPUkKTEkEVA3m252yPnHTWscdptwNSpojsbYs.mp4', 'Pending Verification', '2025-02-16 00:05:11'),
(54, 936, 'f95a20cefc5cfba8b4ebfba51a7c3963.png', 'Verified Account', '2026-04-23 17:45:31');

-- --------------------------------------------------------

--
-- Table structure for table `rb_kota`
--

CREATE TABLE `rb_kota` (
  `kota_id` int(11) NOT NULL,
  `provinsi_id` int(11) NOT NULL,
  `nama_kota` varchar(255) NOT NULL,
  `postal_code` int(11) DEFAULT NULL
) ENGINE=MyISAM DEFAULT CHARSET=utf8mb4 COLLATE=utf8mb4_general_ci;

--
-- Dumping data for table `rb_kota`
--

INSERT INTO `rb_kota` (`kota_id`, `provinsi_id`, `nama_kota`, `postal_code`) VALUES
(1, 1, 'MATARAM', NULL),
(2, 1, 'BIMA', NULL),
(3, 1, 'DOMPU', NULL),
(4, 1, 'LOMBOK TENGAH', NULL),
(5, 1, 'LOMBOK TIMUR', NULL),
(7, 1, 'SUMBAWA', NULL),
(8, 1, 'LOMBOK BARAT', NULL),
(9, 1, 'LOMBOK UTARA', NULL),
(10, 1, 'SUMBAWA BARAT', NULL),
(11, 2, 'AMBON', NULL),
(12, 2, 'MALUKU TENGAH', NULL),
(14, 2, 'MALUKU TENGGARA', NULL),
(15, 2, 'TUAL', NULL),
(16, 2, 'BURU', NULL),
(17, 2, 'BURU SELATAN', NULL),
(19, 2, 'KEPULAUAN ARU', NULL),
(21, 2, 'SERAM BAGIAN BARAT', NULL),
(23, 2, 'SERAM BAGIAN TIMUR', NULL),
(24, 2, 'MALUKU BARAT DAYA', NULL),
(25, 2, 'MALUKU TENGGARA BARAT', NULL),
(29, 3, 'BANJARMASIN', NULL),
(30, 3, 'HULU SUNGAI TENGAH', NULL),
(32, 3, 'HULU SUNGAI SELATAN', NULL),
(34, 3, 'KOTABARU', NULL),
(35, 3, 'TABALONG', NULL),
(36, 3, 'BANJARBARU', NULL),
(38, 3, 'HULU SUNGAI UTARA', NULL),
(39, 3, 'BARITO KUALA', NULL),
(40, 3, 'BANJAR', NULL),
(42, 3, 'TANAH LAUT', NULL),
(44, 3, 'TAPIN', NULL),
(53, 3, 'BALANGAN', NULL),
(54, 3, 'TANAH BUMBU', NULL),
(46, 4, 'BARITO UTARA', NULL),
(48, 4, 'BARITO TIMUR', NULL),
(50, 4, 'MURUNG RAYA', NULL),
(52, 4, 'BARITO SELATAN', NULL),
(456, 4, 'PALANGKA RAYA', NULL),
(458, 4, 'KATINGAN', NULL),
(460, 4, 'KAPUAS', NULL),
(462, 4, 'GUNUNG MAS', NULL),
(464, 4, 'SERUYAN', NULL),
(466, 4, 'KOTAWARINGIN BARAT', NULL),
(468, 4, 'KOTAWARINGIN TIMUR', NULL),
(470, 4, 'LAMANDAU', NULL),
(471, 4, 'PULANG PISAU', NULL),
(472, 4, 'SUKAMARA', NULL),
(55, 5, 'BANDUNG', NULL),
(56, 5, 'CIMAHI', NULL),
(57, 5, 'SUMEDANG', NULL),
(59, 5, 'GARUT', NULL),
(60, 5, 'BANDUNG BARAT', NULL),
(62, 5, 'CIANJUR', NULL),
(63, 5, 'BEKASI', NULL),
(77, 5, 'BOGOR', NULL),
(129, 5, 'CIREBON', NULL),
(131, 5, 'INDRAMAYU', NULL),
(132, 5, 'KUNINGAN', NULL),
(133, 5, 'MAJALENGKA', NULL),
(199, 5, 'DEPOK', NULL),
(329, 5, 'KARAWANG', NULL),
(532, 5, 'PURWAKARTA', NULL),
(533, 5, 'SUBANG', NULL),
(538, 5, 'SUKABUMI', NULL),
(632, 5, 'TASIKMALAYA', NULL),
(633, 5, 'BANJAR', NULL),
(634, 5, 'CIAMIS', NULL),
(635, 5, 'PANGANDARAN', NULL),
(64, 6, 'BENGKULU', NULL),
(65, 6, 'BENGKULU UTARA', NULL),
(66, 6, 'BENGKULU TENGAH', NULL),
(67, 6, 'REJANG LEBONG', NULL),
(68, 6, 'BENGKULU SELATAN', NULL),
(69, 6, 'KAUR', NULL),
(70, 6, 'KEPAHIANG', NULL),
(71, 6, 'LEBONG', NULL),
(73, 6, 'MUKO MUKO', NULL),
(76, 6, 'SELUMA', NULL),
(78, 7, 'BALIKPAPAN', NULL),
(79, 7, 'KUTAI KARTANEGARA', NULL),
(80, 7, 'PASER', NULL),
(81, 7, 'BERAU', NULL),
(83, 7, 'PENAJAM PASER UTARA', NULL),
(84, 7, 'BONTANG', NULL),
(86, 7, 'KUTAI TIMUR', NULL),
(534, 7, 'SAMARINDA', NULL),
(536, 7, 'KUTAI BARAT', NULL),
(537, 7, 'MAHAKAM ULU', NULL),
(90, 8, 'BATAM', NULL),
(92, 8, 'LINGGA', NULL),
(94, 8, 'NATUNA', NULL),
(95, 8, 'KEPULAUAN ANAMBAS', NULL),
(96, 8, 'KARIMUN', NULL),
(619, 8, 'TANJUNG PINANG', NULL),
(624, 8, 'BINTAN', NULL),
(97, 9, 'BANDA ACEH', NULL),
(98, 9, 'LANGSA', NULL),
(100, 9, 'LHOKSEUMAWE', NULL),
(101, 9, 'ACEH BESAR', NULL),
(102, 9, 'BIREUEN', NULL),
(104, 9, 'ACEH TENGGARA', NULL),
(106, 9, 'ACEH BARAT', NULL),
(107, 9, 'PIDIE', NULL),
(109, 9, 'ACEH TENGAH', NULL),
(110, 9, 'ACEH SELATAN', NULL),
(111, 9, 'SABANG', NULL),
(112, 9, 'ACEH BARAT DAYA', NULL),
(113, 9, 'ACEH JAYA', NULL),
(114, 9, 'ACEH SINGKIL', NULL),
(116, 9, 'ACEH TAMIANG', NULL),
(117, 9, 'ACEH TIMUR', NULL),
(118, 9, 'ACEH UTARA', NULL),
(120, 9, 'BENER MERIAH', NULL),
(122, 9, 'GAYO LUES', NULL),
(124, 9, 'NAGAN RAYA', NULL),
(125, 9, 'PIDIE JAYA', NULL),
(127, 9, 'SIMEULUE', NULL),
(128, 9, 'SUBULUSSALAM', NULL),
(135, 10, 'JAKARTA BARAT', NULL),
(136, 10, 'JAKARTA SELATAN', NULL),
(137, 10, 'JAKARTA PUSAT', NULL),
(138, 10, 'JAKARTA UTARA', NULL),
(139, 10, 'JAKARTA TIMUR', NULL),
(141, 10, 'KEPULAUAN SERIBU', NULL),
(143, 11, 'CILEGON', NULL),
(144, 11, 'PANDEGLANG', NULL),
(147, 11, 'LEBAK', NULL),
(148, 11, 'SERANG', NULL),
(592, 11, 'TANGERANG', NULL),
(594, 11, 'TANGERANG SELATAN', NULL),
(149, 12, 'CILACAP', NULL),
(383, 12, 'MAGELANG', NULL),
(384, 12, 'KEBUMEN', NULL),
(385, 12, 'WONOSOBO', NULL),
(386, 12, 'PURWOREJO', NULL),
(387, 12, 'TEMANGGUNG', NULL),
(539, 12, 'SURAKARTA', NULL),
(540, 12, 'BOYOLALI', NULL),
(541, 12, 'KARANGANYAR', NULL),
(542, 12, 'KLATEN', NULL),
(543, 12, 'SRAGEN', NULL),
(544, 12, 'SUKOHARJO', NULL),
(545, 12, 'WONOGIRI', NULL),
(560, 12, 'SEMARANG', NULL),
(561, 12, 'JEPARA', NULL),
(562, 12, 'KUDUS', NULL),
(563, 12, 'PEKALONGAN', NULL),
(564, 12, 'BATANG', NULL),
(565, 12, 'BLORA', NULL),
(567, 12, 'DEMAK', NULL),
(568, 12, 'KENDAL', NULL),
(569, 12, 'PATI', NULL),
(570, 12, 'PEMALANG', NULL),
(571, 12, 'GROBOGAN', NULL),
(572, 12, 'REMBANG', NULL),
(573, 12, 'SALATIGA', NULL),
(575, 12, 'PURBALINGGA', NULL),
(576, 12, 'BANJARNEGARA', NULL),
(588, 12, 'TEGAL', NULL),
(589, 12, 'BREBES', NULL),
(591, 12, 'BANYUMAS', NULL),
(150, 13, 'JAMBI', NULL),
(152, 13, 'TANJUNG JABUNG BARAT', NULL),
(153, 13, 'MERANGIN', NULL),
(154, 13, 'BATANG HARI', NULL),
(156, 13, 'BUNGO', NULL),
(157, 13, 'SUNGAIPENUH', NULL),
(158, 13, 'KERINCI', NULL),
(160, 13, 'MUARO JAMBI', NULL),
(161, 13, 'SAROLANGUN', NULL),
(163, 13, 'TANJUNG JABUNG TIMUR', NULL),
(164, 13, 'TEBO', NULL),
(165, 14, 'JAYAPURA', NULL),
(166, 14, 'BIAK NUMFOR', NULL),
(167, 14, 'MERAUKE', NULL),
(168, 14, 'NABIRE', NULL),
(169, 14, 'DOGIYAI', NULL),
(171, 14, 'KEPULAUAN YAPEN', NULL),
(172, 14, 'JAYAWIJAYA', NULL),
(174, 14, 'LANNY JAYA', NULL),
(175, 14, 'YALIMO', NULL),
(176, 14, 'NDUGA', NULL),
(177, 14, 'MAMBERAMO TENGAH', NULL),
(178, 14, 'ASMAT', NULL),
(180, 14, 'BOVEN DIGOEL', NULL),
(181, 14, 'KEEROM', NULL),
(183, 14, 'MAPPI', NULL),
(184, 14, 'INTAN JAYA', NULL),
(185, 14, 'PANIAI', NULL),
(186, 14, 'DEIYAI', NULL),
(187, 14, 'PEGUNUNGAN BINTANG', NULL),
(188, 14, 'PUNCAK JAYA', NULL),
(189, 14, 'PUNCAK', NULL),
(190, 14, 'SARMI', NULL),
(192, 14, 'SUPIORI', NULL),
(193, 14, 'TOLIKARA', NULL),
(195, 14, 'WAROPEN', NULL),
(196, 14, 'YAHUKIMO', NULL),
(198, 14, 'MAMBERAMO RAYA', NULL),
(595, 14, 'MIMIKA', NULL),
(201, 15, 'DENPASAR', NULL),
(203, 15, 'KARANGASEM', NULL),
(204, 15, 'BANGLI', NULL),
(205, 15, 'GIANYAR', NULL),
(206, 15, 'JEMBRANA', NULL),
(208, 15, 'KLUNGKUNG', NULL),
(210, 15, 'BULELENG', NULL),
(211, 15, 'TABANAN', NULL),
(212, 15, 'BADUNG', NULL),
(218, 16, 'TOBA SAMOSIR', NULL),
(219, 16, 'GUNUNGSITOLI', NULL),
(220, 16, 'NIAS', NULL),
(221, 16, 'NIAS BARAT', NULL),
(222, 16, 'NIAS SELATAN', NULL),
(223, 16, 'NIAS UTARA', NULL),
(225, 16, 'SIBOLGA', NULL),
(226, 16, 'TAPANULI TENGAH', NULL),
(227, 16, 'PADANG SIDEMPUAN', NULL),
(228, 16, 'TAPANULI SELATAN', NULL),
(229, 16, 'TAPANULI UTARA', NULL),
(231, 16, 'PADANG LAWAS UTARA', NULL),
(239, 16, 'HUMBANG HASUNDUTAN', NULL),
(240, 16, 'MANDAILING NATAL', NULL),
(243, 16, 'PADANG LAWAS', NULL),
(361, 16, 'MEDAN', NULL),
(363, 16, 'ASAHAN', NULL),
(364, 16, 'DAIRI', NULL),
(365, 16, 'DELI SERDANG', NULL),
(366, 16, 'BINJAI', NULL),
(368, 16, 'SIMALUNGUN', NULL),
(370, 16, 'LABUHANBATU UTARA', NULL),
(371, 16, 'LABUHANBATU', NULL),
(372, 16, 'LABUHANBATU SELATAN', NULL),
(374, 16, 'KARO', NULL),
(375, 16, 'LANGKAT', NULL),
(376, 16, 'SERDANG BEDAGAI', NULL),
(377, 16, 'TEBING TINGGI', NULL),
(378, 16, 'BATU BARA', NULL),
(379, 16, 'PAKPAK BHARAT', NULL),
(380, 16, 'SAMOSIR', NULL),
(381, 16, 'TANJUNG BALAI', NULL),
(382, 16, 'PEMATANG SIANTAR', NULL),
(251, 17, 'GORONTALO', NULL),
(252, 17, 'GORONTALO UTARA', NULL),
(253, 17, 'BOALEMO', NULL),
(254, 17, 'BONE BOLANGO', NULL),
(255, 17, 'POHUWATO', NULL),
(256, 18, 'JEMBER', NULL),
(257, 18, 'BANYUWANGI', NULL),
(258, 18, 'BONDOWOSO', NULL),
(289, 18, 'KEDIRI', NULL),
(353, 18, 'MADIUN', NULL),
(355, 18, 'MAGETAN', NULL),
(357, 18, 'NGAWI', NULL),
(359, 18, 'PACITAN', NULL),
(360, 18, 'PONOROGO', NULL),
(388, 18, 'MOJOKERTO', NULL),
(389, 18, 'JOMBANG', NULL),
(390, 18, 'NGANJUK', NULL),
(391, 18, 'MALANG', NULL),
(392, 18, 'BLITAR', NULL),
(393, 18, 'BATU', NULL),
(394, 18, 'PROBOLINGGO', NULL),
(395, 18, 'LUMAJANG', NULL),
(396, 18, 'SITUBONDO', NULL),
(531, 18, 'PASURUAN', NULL),
(566, 18, 'BOJONEGORO', NULL),
(577, 18, 'SURABAYA', NULL),
(578, 18, 'GRESIK', NULL),
(579, 18, 'LAMONGAN', NULL),
(580, 18, 'BANGKALAN', NULL),
(581, 18, 'PAMEKASAN', NULL),
(582, 18, 'SAMPANG', NULL),
(583, 18, 'SIDOARJO', NULL),
(584, 18, 'SUMENEP', NULL),
(585, 18, 'TUBAN', NULL),
(586, 18, 'TULUNGAGUNG', NULL),
(587, 18, 'TRENGGALEK', NULL),
(259, 19, 'YOGYAKARTA', NULL),
(260, 19, 'BANTUL', NULL),
(261, 19, 'SLEMAN', NULL),
(262, 19, 'KULON PROGO', NULL),
(263, 19, 'GUNUNG KIDUL', NULL),
(264, 20, 'KENDARI', NULL),
(267, 20, 'BAU-BAU', NULL),
(268, 20, 'KOLAKA', NULL),
(269, 20, 'KOLAKA TIMUR', NULL),
(271, 20, 'BUTON UTARA', NULL),
(272, 20, 'MUNA', NULL),
(273, 20, 'MUNA BARAT', NULL),
(276, 20, 'KONAWE', NULL),
(277, 20, 'KONAWE UTARA', NULL),
(280, 20, 'BOMBANA', NULL),
(281, 20, 'BUTON', NULL),
(282, 20, 'BUTON SELATAN', NULL),
(283, 20, 'BUTON TENGAH', NULL),
(285, 20, 'KOLAKA UTARA', NULL),
(286, 20, 'KONAWE SELATAN', NULL),
(287, 20, 'WAKATOBI', NULL),
(288, 20, 'KONAWE KEPULAUAN', NULL),
(290, 21, 'KUPANG', NULL),
(292, 21, 'SUMBA TENGAH', NULL),
(293, 21, 'BELU', NULL),
(294, 21, 'MALAKA', NULL),
(296, 21, 'ALOR', NULL),
(297, 21, 'TIMOR TENGAH UTARA', NULL),
(298, 21, 'FLORES TIMUR', NULL),
(300, 21, 'SIKKA', NULL),
(301, 21, 'MANGGARAI', NULL),
(308, 21, 'TIMOR TENGAH SELATAN', NULL),
(309, 21, 'ENDE', NULL),
(310, 21, 'NGADA', NULL),
(313, 21, 'SUMBA TIMUR', NULL),
(314, 21, 'SUMBA BARAT', NULL),
(318, 21, 'MANGGARAI BARAT', NULL),
(319, 21, 'MANGGARAI TIMUR', NULL),
(321, 21, 'NAGEKEO', NULL),
(323, 21, 'ROTE NDAO', NULL),
(325, 21, 'SUMBA BARAT DAYA', NULL),
(326, 21, 'LEMBATA', NULL),
(328, 21, 'SABU RAIJUA', NULL),
(330, 22, 'MANADO', NULL),
(331, 22, 'KOTAMOBAGU', NULL),
(332, 22, 'BOLAANG MONGONDOW UTARA', NULL),
(333, 22, 'BOLAANG MONGONDOW', NULL),
(335, 22, 'BOLAANG MONGONDOW SELATAN', NULL),
(336, 22, 'BOLAANG MONGONDOW TIMUR', NULL),
(338, 22, 'KEPULAUAN SANGIHE', NULL),
(339, 22, 'KEPULAUAN SIAU TAGULANDANG BIARO (SITARO)', NULL),
(341, 22, 'MINAHASA', NULL),
(342, 22, 'BITUNG', NULL),
(347, 22, 'KEPULAUAN TALAUD', NULL),
(348, 22, 'MINAHASA UTARA', NULL),
(349, 22, 'MINAHASA SELATAN', NULL),
(351, 22, 'MINAHASA TENGGARA', NULL),
(352, 22, 'TOMOHON', NULL),
(397, 23, 'PADANG', NULL),
(399, 23, 'TANAH DATAR', NULL),
(401, 23, 'BUKITTINGGI', NULL),
(402, 23, 'PASAMAN', NULL),
(404, 23, 'PESISIR SELATAN', NULL),
(405, 23, 'PARIAMAN', NULL),
(406, 23, 'PADANG PARIAMAN', NULL),
(407, 23, 'LIMA PULUH KOTA', NULL),
(408, 23, 'PAYAKUMBUH', NULL),
(410, 23, 'SAWAH LUNTO', NULL),
(411, 23, 'SOLOK', NULL),
(412, 23, 'PADANG PANJANG', NULL),
(413, 23, 'DHARMASRAYA', NULL),
(416, 23, 'KEPULAUAN MENTAWAI', NULL),
(419, 23, 'PASAMAN BARAT', NULL),
(424, 23, 'SOLOK SELATAN', NULL),
(426, 23, 'SIJUNJUNG', NULL),
(427, 23, 'AGAM', NULL),
(428, 24, 'PANGKAL PINANG', NULL),
(429, 24, 'BANGKA', NULL),
(430, 24, 'BANGKA BARAT', NULL),
(431, 24, 'BANGKA TENGAH', NULL),
(432, 24, 'BANGKA SELATAN', NULL),
(596, 24, 'BELITUNG', NULL),
(597, 24, 'BELITUNG TIMUR', NULL),
(433, 25, 'PEKANBARU', NULL),
(434, 25, 'DUMAI', NULL),
(435, 25, 'KAMPAR', NULL),
(436, 25, 'BENGKALIS', NULL),
(438, 25, 'INDRAGIRI HULU', NULL),
(439, 25, 'INDRAGIRI HILIR', NULL),
(441, 25, 'ROKAN HILIR', NULL),
(443, 25, 'KUANTAN SINGINGI', NULL),
(444, 25, 'PELALAWAN', NULL),
(447, 25, 'ROKAN HULU', NULL),
(451, 25, 'SIAK', NULL),
(454, 25, 'KEPULAUAN MERANTI', NULL),
(473, 26, 'PALEMBANG', NULL),
(475, 26, 'MUSI RAWAS', NULL),
(476, 26, 'MUSI RAWAS UTARA', NULL),
(479, 26, 'OGAN KOMERING ULU', NULL),
(480, 26, 'OGAN KOMERING ILIR', NULL),
(482, 26, 'LAHAT', NULL),
(485, 26, 'MUARA ENIM', NULL),
(486, 26, 'PENUKAL ABAB LEMATANG ILIR', NULL),
(487, 26, 'PAGAR ALAM', NULL),
(488, 26, 'PRABUMULIH', NULL),
(489, 26, 'MUSI BANYUASIN', NULL),
(491, 26, 'BANYUASIN', NULL),
(492, 26, 'EMPAT LAWANG', NULL),
(493, 26, 'OGAN ILIR', NULL),
(494, 26, 'OGAN KOMERING ULU TIMUR', NULL),
(495, 26, 'OGAN KOMERING ULU SELATAN', NULL),
(496, 26, 'LUBUK LINGGAU', NULL),
(497, 27, 'PALU', NULL),
(498, 27, 'BANGGAI', NULL),
(499, 27, 'POSO', NULL),
(500, 27, 'TOLI-TOLI', NULL),
(501, 27, 'BANGGAI LAUT', NULL),
(502, 27, 'BANGGAI KEPULAUAN', NULL),
(504, 27, 'BUOL', NULL),
(505, 27, 'DONGGALA', NULL),
(507, 27, 'SIGI', NULL),
(509, 27, 'MOROWALI', NULL),
(510, 27, 'MOROWALI UTARA', NULL),
(511, 27, 'PARIGI MOUTONG', NULL),
(512, 27, 'TOJO UNA-UNA', NULL),
(513, 28, 'PONTIANAK', NULL),
(514, 28, 'KETAPANG', NULL),
(515, 28, 'SANGGAU', NULL),
(516, 28, 'SINGKAWANG', NULL),
(517, 28, 'SINTANG', NULL),
(519, 28, 'KAPUAS HULU', NULL),
(522, 28, 'BENGKAYANG', NULL),
(523, 28, 'LANDAK', NULL),
(524, 28, 'MELAWI', NULL),
(526, 28, 'MEMPAWAH', NULL),
(527, 28, 'KUBU RAYA', NULL),
(528, 28, 'SAMBAS', NULL),
(529, 28, 'SEKADAU', NULL),
(530, 28, 'KAYONG UTARA', NULL),
(546, 29, 'SORONG', NULL),
(547, 29, 'TAMBRAUW', NULL),
(548, 29, 'FAKFAK', NULL),
(549, 29, 'KAIMANA', NULL),
(551, 29, 'RAJA AMPAT', NULL),
(552, 29, 'SORONG SELATAN', NULL),
(553, 29, 'MAYBRAT', NULL),
(554, 29, 'TELUK BINTUNI', NULL),
(556, 29, 'TELUK WONDAMA', NULL),
(557, 29, 'MANOKWARI', NULL),
(558, 29, 'PEGUNUNGAN ARFAK', NULL),
(559, 29, 'MANOKWARI SELATAN', NULL),
(598, 30, 'BANDAR LAMPUNG', NULL),
(599, 30, 'LAMPUNG SELATAN', NULL),
(600, 30, 'LAMPUNG UTARA', NULL),
(601, 30, 'METRO', NULL),
(603, 30, 'LAMPUNG BARAT', NULL),
(604, 30, 'PESISIR BARAT', NULL),
(605, 30, 'LAMPUNG TENGAH', NULL),
(607, 30, 'LAMPUNG TIMUR', NULL),
(608, 30, 'WAY KANAN', NULL),
(609, 30, 'TULANG BAWANG', NULL),
(610, 30, 'MESUJI', NULL),
(611, 30, 'TULANG BAWANG BARAT', NULL),
(615, 30, 'PRINGSEWU', NULL),
(616, 30, 'TANGGAMUS', NULL),
(618, 30, 'PESAWARAN', NULL),
(626, 31, 'TARAKAN', NULL),
(627, 31, 'BULUNGAN', NULL),
(628, 31, 'MALINAU', NULL),
(629, 31, 'NUNUKAN', NULL),
(631, 31, 'TANA TIDUNG', NULL),
(636, 32, 'TERNATE', NULL),
(637, 32, 'HALMAHERA BARAT', NULL),
(639, 32, 'HALMAHERA SELATAN', NULL),
(640, 32, 'HALMAHERA TENGAH', NULL),
(641, 32, 'HALMAHERA TIMUR', NULL),
(642, 32, 'HALMAHERA UTARA', NULL),
(643, 32, 'PULAU MOROTAI', NULL),
(644, 32, 'KEPULAUAN SULA', NULL),
(646, 32, 'PULAU TALIABU', NULL),
(647, 32, 'TIDORE KEPULAUAN', NULL),
(648, 33, 'MAKASSAR', NULL),
(649, 33, 'BANTAENG', NULL),
(650, 33, 'BARRU', NULL),
(651, 33, 'BULUKUMBA', NULL),
(652, 33, 'ENREKANG', NULL),
(653, 33, 'JENEPONTO', NULL),
(654, 33, 'TANA TORAJA', NULL),
(655, 33, 'TORAJA UTARA', NULL),
(659, 33, 'MAROS', NULL),
(663, 33, 'PALOPO', NULL),
(664, 33, 'PINRANG', NULL),
(667, 33, 'SIDENRENG RAPPANG', NULL),
(670, 33, 'WAJO', NULL),
(671, 33, 'SINJAI', NULL),
(673, 33, 'GOWA', NULL),
(674, 33, 'TAKALAR', NULL),
(676, 33, 'BONE', NULL),
(678, 33, 'SOPPENG', NULL),
(679, 33, 'KEPULAUAN SELAYAR', NULL),
(680, 33, 'PANGKAJENE KEPULAUAN', NULL),
(683, 33, 'PAREPARE', NULL),
(684, 33, 'LUWU', NULL),
(685, 33, 'LUWU TIMUR', NULL),
(686, 33, 'LUWU UTARA', NULL),
(657, 34, 'MAMUJU', NULL),
(658, 34, 'MAMUJU TENGAH', NULL),
(662, 34, 'MAJENE', NULL),
(665, 34, 'POLEWALI MANDAR', NULL),
(687, 34, 'MAMASA', NULL),
(688, 34, 'MAMUJU UTARA', NULL);

-- --------------------------------------------------------

--
-- Table structure for table `rb_kurir`
--

CREATE TABLE `rb_kurir` (
  `id_kurir` int(11) NOT NULL,
  `kode_kurir` varchar(50) NOT NULL,
  `nama_kurir` varchar(255) NOT NULL
) ENGINE=MyISAM DEFAULT CHARSET=latin1 COLLATE=latin1_swedish_ci;

--
-- Dumping data for table `rb_kurir`
--

INSERT INTO `rb_kurir` (`id_kurir`, `kode_kurir`, `nama_kurir`) VALUES
(1, 'jne', 'JNE Express'),
(2, 'jnt', 'J&T'),
(3, 'tiki', 'TIKI'),
(4, 'sicepat', 'SiCepat Express'),
(5, 'pos', 'POS Indonesia'),
(6, 'jet', 'JET Express'),
(7, 'lion', 'Lion Parcel'),
(8, 'ninja', 'Ninja Xpress'),
(9, 'wahana', 'Wahana Prestasi Logistik'),
(10, 'rpx', 'RPX Holding'),
(11, 'rex', 'Royal Express Indonesia (REX)'),
(12, 'ide', 'ID Express (IDE)'),
(13, 'sentral', 'Sentral Cargo (SC)'),
(14, 'anteraja', 'Anteraja'),
(15, 'sicepat', 'SiCepat Ekspres');

-- --------------------------------------------------------

--
-- Table structure for table `rb_kurir_pesanan`
--

CREATE TABLE `rb_kurir_pesanan` (
  `id_kurir_pesanan` int(11) NOT NULL,
  `kode_pesanan` varchar(40) NOT NULL,
  `id_konsumen` int(11) DEFAULT NULL,
  `nama_pemesan` varchar(120) NOT NULL,
  `no_hp` varchar(30) NOT NULL,
  `alamat_jemput` text NOT NULL,
  `kordinat_jemput` varchar(80) DEFAULT NULL,
  `alamat_tujuan` text NOT NULL,
  `kordinat_tujuan` varchar(80) DEFAULT NULL,
  `id_jenis_kendaraan` int(11) DEFAULT NULL,
  `id_sopir` int(11) DEFAULT NULL,
  `nama_jenis_kendaraan` varchar(120) DEFAULT NULL,
  `metode_pembayaran` varchar(30) DEFAULT NULL,
  `payment_status` varchar(30) DEFAULT NULL,
  `paid_at` datetime DEFAULT NULL,
  `jarak_km` decimal(10,2) NOT NULL DEFAULT 0.00,
  `durasi_menit` int(11) NOT NULL DEFAULT 0,
  `ongkir` decimal(14,2) NOT NULL DEFAULT 0.00,
  `catatan` text DEFAULT NULL,
  `daftar_produk` longtext DEFAULT NULL,
  `total_item_produk` int(11) NOT NULL DEFAULT 0,
  `status` varchar(20) NOT NULL DEFAULT 'pending',
  `ip_address` varchar(50) DEFAULT NULL,
  `created_at` datetime NOT NULL,
  `updated_at` datetime DEFAULT NULL,
  `published_at` datetime DEFAULT NULL,
  `payout_status` varchar(30) DEFAULT NULL,
  `payout_at` datetime DEFAULT NULL,
  `payout_withdraw_id` int(11) DEFAULT NULL
) ENGINE=InnoDB DEFAULT CHARSET=utf8mb4 COLLATE=utf8mb4_general_ci;

--
-- Dumping data for table `rb_kurir_pesanan`
--

INSERT INTO `rb_kurir_pesanan` (`id_kurir_pesanan`, `kode_pesanan`, `id_konsumen`, `nama_pemesan`, `no_hp`, `alamat_jemput`, `kordinat_jemput`, `alamat_tujuan`, `kordinat_tujuan`, `id_jenis_kendaraan`, `id_sopir`, `nama_jenis_kendaraan`, `metode_pembayaran`, `payment_status`, `paid_at`, `jarak_km`, `durasi_menit`, `ongkir`, `catatan`, `daftar_produk`, `total_item_produk`, `status`, `ip_address`, `created_at`, `updated_at`, `published_at`, `payout_status`, `payout_at`, `payout_withdraw_id`) VALUES
(1, 'KUR.20260303153148.4468', NULL, 'Abu Ukasyah', '6281267771344', 'Jalan Panorama, Panorama, Kayu Kubu, Bukittinggi, Sumatera Barat, Sumatra, 26116, Indonesia (-0.304708, 100.365279)', '-0.304708, 100.365279', 'SMP Negeri 8 Bukit Tinggi, Jalan Syech M. Djamil Djambek, Kampuang Cino, Pakan Kurai, Bukittinggi, Sumatera Barat, Sumatra, 26137, Indonesia (-0.303678, 100.374205)', '-0.303678, 100.374205', 3, NULL, 'Kargo (Mobil Box)', NULL, NULL, NULL, 1.95, 2, 35000.00, '', NULL, 0, 'pending', '::1', '2026-03-03 15:31:48', NULL, NULL, NULL, NULL, NULL),
(2, 'KUR.20260303224154.4249', 7, 'Mahmud Abbas', '6285612345555', 'Ujuang Guguak, Agam, Sumatera Barat, Sumatra, 26192, Indonesia (-0.270913, 100.497619)', '-0.270913, 100.497619', 'Jalan Padang Panjang - Bukittinggi, Padang Luar II, Padang Luar, Agam, Sumatera Barat, Sumatra, 26181, Indonesia (-0.334051, 100.381737)', '-0.334051, 100.381737', 1, NULL, 'Instant (Motor)', NULL, NULL, NULL, 19.19, 19, 38789.00, 'Tolong Cepat ya..', NULL, 0, 'pending', '::1', '2026-03-03 22:41:54', NULL, NULL, NULL, NULL, NULL),
(3, 'KUR.20260303224414.7479', 7, 'Mahmud Abbas', '6285612345555', 'salsa mart, Jalan Soekarno Hatta, Titih, Padang Tarok, Agam, Sumatera Barat, Sumatra, 26192, Indonesia (-0.264615, 100.523615)', '-0.264615, 100.523615', 'Sungai Angek, Agam, Sumatera Barat, Sumatra, 26192, Indonesia (-0.257019, 100.503402)', '-0.257019, 100.503402', 2, NULL, 'Regular (Mobil)', NULL, NULL, NULL, 3.83, 7, 15000.00, '', NULL, 0, 'pending', '::1', '2026-03-03 22:44:14', NULL, NULL, NULL, NULL, NULL),
(4, 'KUR.20260303225026.2656', NULL, 'Abu Ukasyah', '6281267771344', 'Hotel Platinum, 8A, Jalan Tengku Umar, Kampuang Cino, Benteng Pasar Atas, Bukittinggi, Sumatera Barat, Sumatra, 26136, Indonesia (-0.303249, 100.367113)', '-0.303249, 100.367113', 'Aur Kuning, Bukittinggi, Sumatera Barat, Sumatra, 26117, Indonesia (-0.316188, 100.383657)', '-0.316188, 100.383657', 1, 7, 'Instant (Motor)', NULL, NULL, NULL, 4.13, 4, 10000.00, '', NULL, 0, 'diproses', '::1', '2026-03-03 22:50:26', '2026-03-04 11:46:09', NULL, NULL, NULL, NULL),
(5, 'KUR.20260303225902.8655', NULL, 'Ummu Ukasyah', '6281267771344', 'Padang Luar I, Padang Luar, Agam, Sumatera Barat, Sumatra, 26181, Indonesia (-0.345037, 100.382767)', '-0.345037, 100.382767', 'Sarang Alang, Koto Panjang, Kapau, Agam, Sumatera Barat, Sumatra, 26126, Indonesia (-0.273799, 100.407143)', '-0.273799, 100.407143', 3, NULL, 'Kargo (Mobil Box)', NULL, NULL, NULL, 11.60, 13, 64010.00, '', NULL, 0, 'pending', '::1', '2026-03-03 22:59:02', NULL, NULL, NULL, NULL, NULL),
(6, 'KUR.20260303230201.7836', NULL, 'Ummu Ukasyah', '6281267771344', 'Hotel Platinum, 8A, Jalan Tengku Umar, Kampuang Cino, Benteng Pasar Atas, Bukittinggi, Sumatera Barat, Sumatra, 26136, Indonesia (-0.303249, 100.367113)', '-0.303249, 100.367113', 'Baso - Koto Baru, Kasiak Jalan Ka Pakan, Koto Baru, Agam, Sumatera Barat, Sumatra, 26191, Indonesia (-0.260753, 100.441132)', '-0.260753, 100.441132', 3, NULL, 'Kargo (Mobil Box)', NULL, NULL, NULL, 11.82, 15, 64551.00, '', NULL, 0, 'pending', '::1', '2026-03-03 23:02:01', NULL, NULL, NULL, NULL, NULL),
(7, 'KUR.20260305221220.3702', 1, 'Robby Prihandaya', '6285278171303', 'Aur Kuning, Bukittinggi, Sumatera Barat, Sumatra, 26132, Indonesia (-0.316767, 100.384258)', '-0.316767, 100.384258', 'Bukit Apit Puhun, Bukittinggi, Sumatera Barat, Sumatra, 26122, Indonesia (-0.290106, 100.354271)', '-0.290106, 100.354271', 1, NULL, 'GoRide', 'cash', 'cash', NULL, 5.85, 8, 10000.00, 'Butuh cepat...', NULL, 0, 'pending', '::1', '2026-03-05 22:12:20', '2026-03-05 22:12:42', '2026-03-05 22:12:42', 'unpaid', NULL, NULL),
(8, 'KUR.20260305221319.6236', 1, 'Robby Prihandaya', '6285278171303', 'Sapiran, Bukittinggi, Sumatera Barat, Sumatra, 26117, Indonesia (-0.317711, 100.379237)', '-0.317711, 100.379237', 'Belakang Balok, Bukittinggi, Sumatera Barat, Sumatra, 26117, Indonesia (-0.314461, 100.371029)', '-0.314461, 100.371029', 2, NULL, 'GoCar', 'saldo', 'paid', '2026-03-05 22:13:25', 1.74, 3, 15000.00, '', NULL, 0, 'pending', '::1', '2026-03-05 22:13:19', '2026-03-05 22:13:25', '2026-03-05 22:13:25', 'unpaid', NULL, NULL),
(9, 'KUR.20260305221554.8611', 1, 'Robby Prihandaya', '6285278171303', 'Hotel Pusako Bukittinggi, Jalan Soekarno Hatta, Titih, Bukittinggi, Agam, Sumatera Barat, Sumatra, 26190, Indonesia (-0.298561, 100.383239)', '-0.298561, 100.383239', 'Sitangkai, Koto Rantang, Agam, Sumatera Barat, Sumatra, 26122, Indonesia (-0.250968, 100.340538)', '-0.250968, 100.340538', 1, NULL, 'GoRide', 'cash', 'cash', NULL, 11.76, 10, 27640.00, '', NULL, 0, 'pending', '::1', '2026-03-05 22:15:54', '2026-03-05 22:17:41', '2026-03-05 22:17:41', 'unpaid', NULL, NULL),
(10, 'KUR.20260305222004.4880', 1, 'Robby Prihandaya', '6285278171303', 'Aur Kuning, Bukittinggi, Sumatera Barat, Sumatra, 26132, Indonesia (-0.316231, 100.383893)', '-0.316231, 100.383893', 'Panorama, Bukit Cangang Kayu Ramang, Bukittinggi, Sumatera Barat, Sumatra, 26116, Indonesia (-0.311585, 100.369442)', '-0.311585, 100.369442', 1, NULL, 'GoRide', 'saldo', 'paid', '2026-03-05 22:25:48', 2.51, 4, 10000.00, '', NULL, 0, 'pending', '::1', '2026-03-05 22:20:04', '2026-03-05 22:25:48', '2026-03-05 22:25:48', 'unpaid', NULL, NULL),
(11, 'KUR.20260306074613.4749', 1, 'Robby Prihandaya', '6285278171303', 'Aur Kuning, Bukittinggi, Sumatera Barat, Sumatra, 26132, Indonesia (-0.317003, 100.384473)', '-0.317003, 100.384473', 'Sungai Sariak, Sungai Cubadak, Agam, Sumatera Barat, Sumatra, 26192, Indonesia (-0.280665, 100.488338)', '-0.280665, 100.488338', 1, NULL, 'GoRide', 'cash', 'cash', NULL, 15.58, 19, 33376.00, '', NULL, 0, 'pending', '::1', '2026-03-06 07:46:13', '2026-03-06 07:48:19', '2026-03-06 07:48:19', 'unpaid', NULL, NULL),
(12, 'KUR.20260306075415.2159', 1, 'Robby Prihandaya', '6285278171303', 'Koto Gadang, Agam, Sumatera Barat, Sumatra, 26116, Indonesia (-0.319761, 100.358949)', '-0.319761, 100.358949', 'Tarok Dipo, Bukittinggi, Sumatera Barat, Sumatra, 26117, Indonesia (-0.312208, 100.380921)', '-0.312208, 100.380921', 1, NULL, 'GoRide', 'saldo', 'refunded', '2026-03-06 07:54:46', 7.49, 10, 21228.00, '', NULL, 0, 'dibatalkan', '::1', '2026-03-06 07:54:15', '2026-03-06 08:02:20', '2026-03-06 07:54:46', 'unpaid', NULL, NULL),
(13, 'KUR.20260309085732.9192', 1, 'Robby Prihandaya', '6285278171303', 'Aur Kuning, Bukittinggi, Sumatera Barat, Sumatra, 26132, Indonesia (-0.316542, 100.383980)', '-0.316542, 100.383980', 'Baso, Tabek Panjang, Agam, Sumatera Barat, Sumatra, 26192, Indonesia (-0.283068, 100.465508)', '-0.283068, 100.465508', 1, 7, 'GoRide', 'cash', 'cash', NULL, 12.97, 15, 29455.00, '', NULL, 0, 'selesai', '::1', '2026-03-09 08:57:32', '2026-03-09 12:31:44', '2026-03-09 08:57:37', 'unpaid', NULL, NULL),
(14, 'KUR.20260309090303.4024', NULL, 'Abu Muhammad', '6285278171303', 'Padangsarai, Padang, Sumatera Barat, Sumatra, 25586, Indonesia (-0.817900, 100.306000)', '-0.817900, 100.306000', 'Jalan Sutan Moammad Rasyid, Nagari Katapiang, Padang Pariaman, Sumatera Barat, Sumatra, 25586, Indonesia (-0.784725, 100.290756)', '-0.784725, 100.290756', 1, NULL, 'GoRide', 'cash', 'cash', NULL, 8.46, 9, 22685.00, '', NULL, 0, 'pending', '::1', '2026-03-09 09:03:03', '2026-03-09 10:20:09', '2026-03-09 10:20:09', 'unpaid', NULL, NULL),
(15, 'KUR.20260309101820.4282', NULL, 'Abu Muhammad', '6285278171303', 'Padangsarai, Padang, Sumatera Barat, Sumatra, 25586, Indonesia (-0.817900, 100.306000)', '-0.817900, 100.306000', 'Balai Gadang, Padang, Sumatera Barat, Sumatra, Indonesia (-0.830469, 100.363541)', '-0.830469, 100.363541', 1, 1, 'GoRide', 'cash', 'cash', NULL, 9.22, 14, 23831.00, '', NULL, 0, 'selesai', '::1', '2026-03-09 10:18:20', '2026-03-13 08:40:07', '2026-03-09 10:22:21', 'unpaid', NULL, NULL),
(16, 'KUR.20260309132933.8897', 1, 'Robby Prihandaya', '6285278171303', 'Puskesmas, Jalan Diponegoro, Tarok Dipo, Bukittinggi, Sumatera Barat, Sumatra, 26132, Indonesia (-0.314836, 100.383850)', '-0.314836, 100.383850', 'Parit Antang, Bukittinggi, Sumatera Barat, Sumatra, 26132, Indonesia (-0.314058, 100.389767)', '-0.314058, 100.389767', 2, 3, 'GoCar', 'saldo', 'refunded', '2026-03-09 13:29:39', 1.43, 3, 15000.00, '', NULL, 0, 'driver_ditugaskan', '::1', '2026-03-09 13:29:33', '2026-03-14 15:23:16', '2026-03-09 13:29:39', 'unpaid', NULL, NULL),
(17, 'KUR.20260423175437.6525', 936, 'Abu Ukasyah', '6281267771311', 'Jalan Panorama, Panorama, Kayu Kubu, Bukittinggi, Sumatera Barat, Sumatra, 26116, Indonesia (-0.304751, 100.365247)', '-0.304751, 100.365247', 'Tarok Dipo, Bukittinggi, Sumatera Barat, Sumatra, 26117, Indonesia (-0.310663, 100.381522)', '-0.310663, 100.381522', 1, 7, 'GoRide', 'saldo', 'paid', '2026-04-23 17:55:00', 2.77, 3, 10000.00, 'cepat ya mas,..', NULL, 0, 'selesai', '::1', '2026-04-23 17:54:37', '2026-04-23 17:59:37', '2026-04-23 17:55:00', 'paid', '2026-04-23 17:59:37', 22),
(18, 'KUR.20260423181029.7512', 936, 'Abu Ukasyah', '6281267771311', 'Panorama, Kayu Kubu, Bukittinggi, Sumatera Barat, Sumatra, 26115, Indonesia (-0.305502, 100.366770)', '-0.305502, 100.366770', 'XII Kampuang, Canduang Koto Laweh, Agam, Sumatera Barat, Sumatra, 26191, Indonesia (-0.305942, 100.453448)', '-0.305942, 100.453448', 1, 7, 'GoRide', 'cash', 'cash', NULL, 13.31, 14, 29968.00, '', NULL, 0, 'selesai', '::1', '2026-04-23 18:10:29', '2026-04-23 18:14:52', '2026-04-23 18:10:38', 'unpaid', NULL, NULL);

-- --------------------------------------------------------

--
-- Table structure for table `rb_kurir_ulasan`
--

CREATE TABLE `rb_kurir_ulasan` (
  `id_kurir_ulasan` int(11) NOT NULL,
  `id_kurir_pesanan` int(11) NOT NULL,
  `kode_pesanan` varchar(40) NOT NULL,
  `id_konsumen` int(11) NOT NULL DEFAULT 0,
  `id_sopir` int(11) NOT NULL DEFAULT 0,
  `rating` tinyint(1) NOT NULL DEFAULT 0,
  `ulasan` text DEFAULT NULL,
  `wa_sent_at` datetime DEFAULT NULL,
  `created_at` datetime DEFAULT NULL,
  `updated_at` datetime DEFAULT NULL
) ENGINE=InnoDB DEFAULT CHARSET=utf8mb4 COLLATE=utf8mb4_general_ci;

--
-- Dumping data for table `rb_kurir_ulasan`
--

INSERT INTO `rb_kurir_ulasan` (`id_kurir_ulasan`, `id_kurir_pesanan`, `kode_pesanan`, `id_konsumen`, `id_sopir`, `rating`, `ulasan`, `wa_sent_at`, `created_at`, `updated_at`) VALUES
(2, 13, 'KUR.20260309085732.9192', 1, 7, 4, 'AlhamduLILLAH, Sangat bagus...', NULL, '2026-03-09 12:32:50', '2026-03-09 12:32:50'),
(3, 17, 'KUR.20260423175437.6525', 936, 7, 0, '', '2026-04-23 17:59:37', '2026-04-23 17:59:37', '2026-04-23 17:59:37'),
(4, 18, 'KUR.20260423181029.7512', 936, 7, 0, '', '2026-04-23 18:14:52', '2026-04-23 18:14:52', '2026-04-23 18:14:52');

-- --------------------------------------------------------

--
-- Table structure for table `rb_notifikasi`
--

CREATE TABLE `rb_notifikasi` (
  `id_notifikasi` int(11) NOT NULL,
  `judul` varchar(255) NOT NULL,
  `konten` text NOT NULL,
  `url` text DEFAULT NULL,
  `waktu_notif` datetime DEFAULT NULL
) ENGINE=MyISAM DEFAULT CHARSET=utf8mb4 COLLATE=utf8mb4_general_ci;

--
-- Dumping data for table `rb_notifikasi`
--

INSERT INTO `rb_notifikasi` (`id_notifikasi`, `judul`, `konten`, `url`, `waktu_notif`) VALUES
(1, 'Selamat Hari raya Idul Fitri 1444H', 'Taqabbalallaahi minnaa wa minkum, semoga Allah menerima (amal ibadah) kami dan kamu. Selamat hari raya idul fitri 1444H.', 'https://members.phpmu.com/', '2023-05-02 14:42:55'),
(2, 'Promo diskon 90% Martin Versa.', 'Sale sampai 90% di SOS buat belanja outfit dan asesoris, lagi berlangsung saat ini juga! Lesgo serbu sebelum kehabisan.', 'https://members.phpmu.com/kontribusi/kategori/web-media', '2023-05-02 00:00:00'),
(3, 'Promo khusus untuk Konsumen', 'Lorem Ipsum is simply dummy text of the printing and typesetting industry. Lorem Ipsum has been the industry\'s standard dummy text ever since the 1500s', 'https://members.phpmu.com/', NULL),
(4, 'Perabotan Kamar DISKON s.d. 90%', 'Lengkapi kebutuhan kamar anak mulai dari bantal hingga meja. Yuk, CHECK OUT', 'https://members.phpmu.com', '2023-05-06 09:55:10'),
(5, 'EKSKLUSIF BULAN INI untuk Robby!', 'Belanja di Dilayani Tokopedia pakai kode PASTIUNTUNGDT dan dapatkan diskon hingga 25rb!', 'https://tajalapak.com', '2023-05-06 09:55:10');

-- --------------------------------------------------------

--
-- Table structure for table `rb_notifikasi_queue`
--

CREATE TABLE `rb_notifikasi_queue` (
  `id_queue` bigint(20) UNSIGNED NOT NULL,
  `job_type` varchar(50) NOT NULL,
  `payload` longtext DEFAULT NULL,
  `status` varchar(20) NOT NULL DEFAULT 'pending',
  `attempts` int(11) NOT NULL DEFAULT 0,
  `last_error` text DEFAULT NULL,
  `created_at` datetime NOT NULL,
  `updated_at` datetime NOT NULL,
  `run_at` datetime NOT NULL
) ENGINE=InnoDB DEFAULT CHARSET=utf8 COLLATE=utf8_general_ci;

--
-- Dumping data for table `rb_notifikasi_queue`
--

INSERT INTO `rb_notifikasi_queue` (`id_queue`, `job_type`, `payload`, `status`, `attempts`, `last_error`, `created_at`, `updated_at`, `run_at`) VALUES
(1, 'checkout_buyer', '{\"kode_transaksi\":\"TRX1.20260227102458\",\"id_konsumen\":1,\"total_tagihan_akhir\":19925}', 'done', 1, NULL, '2026-02-27 10:24:58', '2026-02-27 10:25:01', '2026-02-27 10:24:58'),
(2, 'checkout_seller', '{\"kode_transaksi\":\"TRX1.20260227102458\",\"id_konsumen\":1,\"total_tagihan_akhir\":19925}', 'done', 1, NULL, '2026-02-27 10:24:58', '2026-02-27 10:25:03', '2026-02-27 10:24:58'),
(3, 'checkout_buyer', '{\"kode_transaksi\":\"TRX1.20260301162112\",\"id_konsumen\":1,\"total_tagihan_akhir\":31150}', 'done', 1, NULL, '2026-03-01 16:21:12', '2026-03-01 16:21:15', '2026-03-01 16:21:12'),
(4, 'checkout_seller', '{\"kode_transaksi\":\"TRX1.20260301162112\",\"id_konsumen\":1,\"total_tagihan_akhir\":31150}', 'done', 1, NULL, '2026-03-01 16:21:12', '2026-03-01 16:21:18', '2026-03-01 16:21:12'),
(5, 'checkout_buyer', '{\"kode_transaksi\":\"TRX5.20260304104647\",\"id_konsumen\":5,\"total_tagihan_akhir\":44389}', 'done', 1, NULL, '2026-03-04 10:46:47', '2026-03-04 10:46:50', '2026-03-04 10:46:47'),
(6, 'checkout_seller', '{\"kode_transaksi\":\"TRX5.20260304104647\",\"id_konsumen\":5,\"total_tagihan_akhir\":44389}', 'done', 1, NULL, '2026-03-04 10:46:47', '2026-03-04 10:46:54', '2026-03-04 10:46:47'),
(7, 'checkout_buyer', '{\"kode_transaksi\":\"TRX1.20260304153314\",\"id_konsumen\":1,\"total_tagihan_akhir\":49225}', 'done', 1, NULL, '2026-03-04 15:33:14', '2026-03-04 15:33:16', '2026-03-04 15:33:14'),
(8, 'checkout_seller', '{\"kode_transaksi\":\"TRX1.20260304153314\",\"id_konsumen\":1,\"total_tagihan_akhir\":49225}', 'done', 1, NULL, '2026-03-04 15:33:14', '2026-03-04 15:33:19', '2026-03-04 15:33:14'),
(9, 'checkout_buyer', '{\"kode_transaksi\":\"TRX2.20260306105424\",\"id_konsumen\":2,\"total_tagihan_akhir\":26376}', 'done', 1, NULL, '2026-03-06 10:54:24', '2026-03-06 10:54:27', '2026-03-06 10:54:24'),
(10, 'checkout_seller', '{\"kode_transaksi\":\"TRX2.20260306105424\",\"id_konsumen\":2,\"total_tagihan_akhir\":26376}', 'done', 1, NULL, '2026-03-06 10:54:24', '2026-03-06 10:54:29', '2026-03-06 10:54:24'),
(11, 'checkout_buyer', '{\"kode_transaksi\":\"TRX2.20260306142010\",\"id_konsumen\":2,\"total_tagihan_akhir\":21390}', 'done', 1, NULL, '2026-03-06 14:20:10', '2026-03-06 14:20:12', '2026-03-06 14:20:10'),
(12, 'checkout_seller', '{\"kode_transaksi\":\"TRX2.20260306142010\",\"id_konsumen\":2,\"total_tagihan_akhir\":21390}', 'done', 1, NULL, '2026-03-06 14:20:10', '2026-03-06 14:20:14', '2026-03-06 14:20:10'),
(13, 'checkout_buyer', '{\"kode_transaksi\":\"TRX2.20260306143023\",\"id_konsumen\":2,\"total_tagihan_akhir\":31977}', 'done', 1, NULL, '2026-03-06 14:30:23', '2026-03-06 14:30:26', '2026-03-06 14:30:23'),
(14, 'checkout_seller', '{\"kode_transaksi\":\"TRX2.20260306143023\",\"id_konsumen\":2,\"total_tagihan_akhir\":31977}', 'done', 1, NULL, '2026-03-06 14:30:23', '2026-03-06 14:30:30', '2026-03-06 14:30:23'),
(15, 'checkout_buyer', '{\"kode_transaksi\":\"TRX936.20260307115541\",\"id_konsumen\":936,\"total_tagihan_akhir\":129409}', 'done', 1, NULL, '2026-03-07 11:55:41', '2026-03-07 11:55:44', '2026-03-07 11:55:41'),
(16, 'checkout_seller', '{\"kode_transaksi\":\"TRX936.20260307115541\",\"id_konsumen\":936,\"total_tagihan_akhir\":129409}', 'done', 1, NULL, '2026-03-07 11:55:41', '2026-03-07 11:55:47', '2026-03-07 11:55:41'),
(17, 'checkout_buyer', '{\"kode_transaksi\":\"TRX1.20260421141718\",\"id_konsumen\":1,\"total_tagihan_akhir\":29733}', 'done', 1, NULL, '2026-04-21 14:17:18', '2026-04-21 14:17:24', '2026-04-21 14:17:18'),
(18, 'checkout_seller', '{\"kode_transaksi\":\"TRX1.20260421141718\",\"id_konsumen\":1,\"total_tagihan_akhir\":29733}', 'done', 1, NULL, '2026-04-21 14:17:18', '2026-04-21 14:17:28', '2026-04-21 14:17:18'),
(19, 'checkout_buyer', '{\"kode_transaksi\":\"TRX936.20260423181955\",\"id_konsumen\":936,\"total_tagihan_akhir\":22354}', 'done', 1, NULL, '2026-04-23 18:19:55', '2026-04-23 18:19:58', '2026-04-23 18:19:55'),
(20, 'checkout_seller', '{\"kode_transaksi\":\"TRX936.20260423181955\",\"id_konsumen\":936,\"total_tagihan_akhir\":22354}', 'done', 1, NULL, '2026-04-23 18:19:55', '2026-04-23 18:20:04', '2026-04-23 18:19:55');

-- --------------------------------------------------------

--
-- Table structure for table `rb_notifikasi_send`
--

CREATE TABLE `rb_notifikasi_send` (
  `id_notifikasi_send` int(11) NOT NULL,
  `id_notifikasi` int(11) NOT NULL,
  `id_konsumen` int(11) NOT NULL,
  `dibaca` enum('Y','N') DEFAULT 'N',
  `waktu_kirim` datetime NOT NULL
) ENGINE=MyISAM DEFAULT CHARSET=utf8mb4 COLLATE=utf8mb4_general_ci;

--
-- Dumping data for table `rb_notifikasi_send`
--

INSERT INTO `rb_notifikasi_send` (`id_notifikasi_send`, `id_notifikasi`, `id_konsumen`, `dibaca`, `waktu_kirim`) VALUES
(1, 3, 1, 'Y', '2023-05-04 15:22:17'),
(2, 3, 2, 'N', '2023-05-04 15:22:17'),
(3, 3, 3, 'Y', '2023-05-04 15:22:17'),
(4, 3, 5, 'N', '2023-05-04 15:22:17'),
(5, 3, 7, 'Y', '2023-05-04 15:22:17'),
(6, 3, 9, 'N', '2023-05-04 15:22:17'),
(7, 3, 10, 'N', '2023-05-04 15:22:17'),
(8, 3, 11, 'N', '2023-05-04 15:22:17'),
(9, 3, 17, 'N', '2023-05-04 15:22:17'),
(10, 3, 13, 'N', '2023-05-04 15:22:17'),
(11, 3, 18, 'N', '2023-05-04 15:22:17'),
(12, 3, 15, 'N', '2023-05-04 15:22:17'),
(13, 3, 16, 'N', '2023-05-04 15:22:17'),
(14, 3, 19, 'N', '2023-05-04 15:22:17'),
(15, 3, 25, 'N', '2023-05-04 15:22:17'),
(16, 3, 26, 'N', '2023-05-04 15:22:17'),
(17, 3, 27, 'N', '2023-05-04 15:22:17'),
(18, 3, 28, 'N', '2023-05-04 15:22:17'),
(19, 3, 29, 'N', '2023-05-04 15:22:17'),
(20, 3, 31, 'N', '2023-05-04 15:22:17'),
(21, 3, 32, 'N', '2023-05-04 15:22:17'),
(22, 3, 36, 'N', '2023-05-04 15:22:17'),
(23, 3, 37, 'N', '2023-05-04 15:22:17'),
(24, 3, 40, 'N', '2023-05-04 15:22:17'),
(25, 3, 42, 'N', '2023-05-04 15:22:17'),
(26, 3, 48, 'N', '2023-05-04 15:22:17'),
(27, 3, 49, 'N', '2023-05-04 15:22:17'),
(28, 3, 54, 'N', '2023-05-04 15:22:17'),
(29, 3, 55, 'N', '2023-05-04 15:22:17'),
(30, 3, 57, 'N', '2023-05-04 15:22:17'),
(31, 3, 58, 'N', '2023-05-04 15:22:17'),
(32, 3, 59, 'N', '2023-05-04 15:22:17'),
(33, 3, 60, 'N', '2023-05-04 15:22:17'),
(34, 3, 61, 'N', '2023-05-04 15:22:17'),
(35, 3, 62, 'N', '2023-05-04 15:22:17'),
(36, 3, 63, 'N', '2023-05-04 15:22:17'),
(37, 3, 64, 'N', '2023-05-04 15:22:17'),
(38, 3, 65, 'N', '2023-05-04 15:22:17'),
(39, 3, 66, 'N', '2023-05-04 15:22:17'),
(40, 3, 67, 'N', '2023-05-04 15:22:17'),
(41, 3, 68, 'N', '2023-05-04 15:22:17'),
(42, 3, 69, 'N', '2023-05-04 15:22:17'),
(43, 3, 70, 'N', '2023-05-04 15:22:17'),
(44, 3, 71, 'N', '2023-05-04 15:22:17'),
(45, 3, 72, 'N', '2023-05-04 15:22:17'),
(46, 3, 73, 'N', '2023-05-04 15:22:17'),
(47, 3, 74, 'N', '2023-05-04 15:22:17'),
(48, 3, 75, 'N', '2023-05-04 15:22:17'),
(49, 3, 76, 'N', '2023-05-04 15:22:17'),
(50, 3, 77, 'N', '2023-05-04 15:22:17'),
(51, 3, 78, 'N', '2023-05-04 15:22:17'),
(52, 3, 79, 'N', '2023-05-04 15:22:17'),
(53, 3, 80, 'N', '2023-05-04 15:22:17'),
(54, 3, 81, 'N', '2023-05-04 15:22:17'),
(55, 3, 82, 'N', '2023-05-04 15:22:17'),
(56, 3, 83, 'N', '2023-05-04 15:22:17'),
(57, 3, 84, 'N', '2023-05-04 15:22:17'),
(58, 3, 85, 'N', '2023-05-04 15:22:17'),
(59, 3, 86, 'N', '2023-05-04 15:22:17'),
(60, 3, 87, 'N', '2023-05-04 15:22:17'),
(61, 3, 88, 'N', '2023-05-04 15:22:17'),
(62, 3, 89, 'N', '2023-05-04 15:22:17'),
(63, 3, 90, 'N', '2023-05-04 15:22:17'),
(64, 3, 91, 'N', '2023-05-04 15:22:17'),
(65, 3, 92, 'N', '2023-05-04 15:22:17'),
(66, 3, 93, 'N', '2023-05-04 15:22:17'),
(67, 3, 94, 'N', '2023-05-04 15:22:17'),
(68, 3, 95, 'N', '2023-05-04 15:22:17'),
(69, 3, 96, 'N', '2023-05-04 15:22:17'),
(70, 3, 98, 'N', '2023-05-04 15:22:17'),
(71, 3, 99, 'N', '2023-05-04 15:22:17'),
(72, 3, 100, 'N', '2023-05-04 15:22:17'),
(73, 3, 101, 'N', '2023-05-04 15:22:17'),
(74, 3, 102, 'N', '2023-05-04 15:22:17'),
(75, 3, 103, 'N', '2023-05-04 15:22:17'),
(76, 3, 104, 'N', '2023-05-04 15:22:17'),
(77, 3, 105, 'N', '2023-05-04 15:22:17'),
(78, 3, 106, 'N', '2023-05-04 15:22:17'),
(79, 3, 107, 'N', '2023-05-04 15:22:17'),
(80, 3, 108, 'N', '2023-05-04 15:22:17'),
(81, 3, 109, 'N', '2023-05-04 15:22:17'),
(82, 3, 110, 'N', '2023-05-04 15:22:17'),
(83, 3, 111, 'N', '2023-05-04 15:22:17'),
(84, 3, 112, 'N', '2023-05-04 15:22:17'),
(85, 3, 113, 'N', '2023-05-04 15:22:17'),
(86, 3, 114, 'N', '2023-05-04 15:22:17'),
(87, 3, 115, 'N', '2023-05-04 15:22:17'),
(88, 3, 116, 'N', '2023-05-04 15:22:17'),
(89, 3, 117, 'N', '2023-05-04 15:22:17'),
(90, 3, 118, 'N', '2023-05-04 15:22:17'),
(91, 3, 119, 'N', '2023-05-04 15:22:17'),
(92, 3, 120, 'N', '2023-05-04 15:22:17'),
(93, 3, 121, 'N', '2023-05-04 15:22:17'),
(94, 3, 122, 'N', '2023-05-04 15:22:17'),
(95, 3, 123, 'N', '2023-05-04 15:22:17'),
(96, 3, 124, 'N', '2023-05-04 15:22:17'),
(97, 3, 125, 'N', '2023-05-04 15:22:17'),
(98, 3, 126, 'N', '2023-05-04 15:22:17'),
(99, 3, 127, 'N', '2023-05-04 15:22:17'),
(100, 3, 128, 'N', '2023-05-04 15:22:17'),
(101, 3, 129, 'N', '2023-05-04 15:22:17'),
(102, 3, 130, 'N', '2023-05-04 15:22:17'),
(103, 3, 131, 'N', '2023-05-04 15:22:17'),
(104, 3, 132, 'N', '2023-05-04 15:22:17'),
(105, 3, 133, 'N', '2023-05-04 15:22:17'),
(106, 3, 134, 'N', '2023-05-04 15:22:17'),
(107, 3, 135, 'N', '2023-05-04 15:22:17'),
(108, 3, 136, 'N', '2023-05-04 15:22:17'),
(109, 3, 137, 'N', '2023-05-04 15:22:17'),
(110, 3, 138, 'N', '2023-05-04 15:22:17'),
(111, 3, 139, 'N', '2023-05-04 15:22:17'),
(112, 3, 140, 'N', '2023-05-04 15:22:17'),
(113, 3, 141, 'N', '2023-05-04 15:22:17'),
(114, 3, 142, 'N', '2023-05-04 15:22:17'),
(115, 3, 143, 'N', '2023-05-04 15:22:17'),
(116, 3, 144, 'N', '2023-05-04 15:22:17'),
(117, 3, 145, 'N', '2023-05-04 15:22:17'),
(118, 3, 146, 'N', '2023-05-04 15:22:17'),
(119, 3, 147, 'N', '2023-05-04 15:22:17'),
(120, 3, 148, 'N', '2023-05-04 15:22:17'),
(121, 3, 149, 'N', '2023-05-04 15:22:17'),
(122, 3, 150, 'N', '2023-05-04 15:22:17'),
(123, 3, 151, 'N', '2023-05-04 15:22:17'),
(124, 3, 152, 'N', '2023-05-04 15:22:17'),
(125, 3, 153, 'N', '2023-05-04 15:22:17'),
(126, 3, 154, 'N', '2023-05-04 15:22:17'),
(127, 3, 155, 'N', '2023-05-04 15:22:17'),
(128, 3, 156, 'N', '2023-05-04 15:22:17'),
(129, 3, 157, 'N', '2023-05-04 15:22:17'),
(130, 3, 158, 'N', '2023-05-04 15:22:17'),
(131, 3, 159, 'N', '2023-05-04 15:22:17'),
(132, 3, 160, 'N', '2023-05-04 15:22:17'),
(133, 3, 161, 'N', '2023-05-04 15:22:17'),
(134, 3, 162, 'N', '2023-05-04 15:22:17'),
(135, 3, 163, 'N', '2023-05-04 15:22:17'),
(136, 3, 164, 'N', '2023-05-04 15:22:17'),
(137, 3, 165, 'N', '2023-05-04 15:22:17'),
(138, 3, 166, 'N', '2023-05-04 15:22:17'),
(139, 3, 167, 'N', '2023-05-04 15:22:17'),
(140, 3, 168, 'N', '2023-05-04 15:22:17'),
(141, 3, 169, 'N', '2023-05-04 15:22:17'),
(142, 3, 170, 'N', '2023-05-04 15:22:17'),
(143, 3, 171, 'N', '2023-05-04 15:22:17'),
(144, 3, 172, 'N', '2023-05-04 15:22:17'),
(145, 3, 173, 'N', '2023-05-04 15:22:17'),
(146, 3, 174, 'N', '2023-05-04 15:22:17'),
(147, 3, 175, 'N', '2023-05-04 15:22:17'),
(148, 3, 176, 'N', '2023-05-04 15:22:17'),
(149, 3, 177, 'N', '2023-05-04 15:22:17'),
(150, 3, 178, 'N', '2023-05-04 15:22:17'),
(151, 3, 179, 'N', '2023-05-04 15:22:17'),
(152, 3, 180, 'N', '2023-05-04 15:22:17'),
(153, 3, 181, 'Y', '2023-05-04 15:22:17'),
(154, 3, 182, 'Y', '2023-05-04 15:22:17'),
(155, 3, 183, 'N', '2023-05-04 15:22:17'),
(156, 3, 184, 'N', '2023-05-04 15:22:17'),
(157, 3, 185, 'N', '2023-05-04 15:22:17'),
(158, 3, 186, 'N', '2023-05-04 15:22:17'),
(159, 3, 187, 'N', '2023-05-04 15:22:17'),
(160, 3, 188, 'N', '2023-05-04 15:22:17'),
(161, 3, 189, 'N', '2023-05-04 15:22:17'),
(162, 3, 190, 'N', '2023-05-04 15:22:17'),
(163, 3, 191, 'N', '2023-05-04 15:22:17'),
(164, 3, 192, 'N', '2023-05-04 15:22:17'),
(165, 3, 193, 'N', '2023-05-04 15:22:17'),
(166, 3, 194, 'N', '2023-05-04 15:22:17'),
(167, 3, 195, 'N', '2023-05-04 15:22:17'),
(168, 3, 196, 'N', '2023-05-04 15:22:17'),
(169, 3, 197, 'N', '2023-05-04 15:22:17'),
(170, 3, 198, 'N', '2023-05-04 15:22:17'),
(171, 3, 199, 'N', '2023-05-04 15:22:17'),
(172, 3, 200, 'N', '2023-05-04 15:22:17'),
(173, 3, 201, 'N', '2023-05-04 15:22:17'),
(174, 3, 202, 'N', '2023-05-04 15:22:17'),
(175, 3, 203, 'N', '2023-05-04 15:22:17'),
(176, 3, 204, 'N', '2023-05-04 15:22:17'),
(177, 3, 205, 'N', '2023-05-04 15:22:17'),
(178, 3, 206, 'N', '2023-05-04 15:22:17'),
(179, 3, 207, 'N', '2023-05-04 15:22:17'),
(180, 3, 208, 'N', '2023-05-04 15:22:17'),
(181, 3, 209, 'N', '2023-05-04 15:22:17'),
(182, 3, 210, 'N', '2023-05-04 15:22:17'),
(183, 3, 211, 'N', '2023-05-04 15:22:17'),
(184, 3, 212, 'N', '2023-05-04 15:22:17'),
(185, 3, 213, 'N', '2023-05-04 15:22:17'),
(186, 3, 214, 'N', '2023-05-04 15:22:17'),
(187, 3, 215, 'N', '2023-05-04 15:22:17'),
(188, 3, 216, 'N', '2023-05-04 15:22:17'),
(189, 3, 217, 'N', '2023-05-04 15:22:17'),
(190, 3, 218, 'N', '2023-05-04 15:22:17'),
(191, 3, 219, 'N', '2023-05-04 15:22:17'),
(192, 3, 220, 'N', '2023-05-04 15:22:17'),
(193, 3, 221, 'N', '2023-05-04 15:22:17'),
(194, 3, 222, 'N', '2023-05-04 15:22:17'),
(195, 3, 223, 'N', '2023-05-04 15:22:17'),
(196, 3, 224, 'N', '2023-05-04 15:22:17'),
(197, 3, 225, 'N', '2023-05-04 15:22:17'),
(198, 3, 226, 'N', '2023-05-04 15:22:17'),
(199, 3, 227, 'N', '2023-05-04 15:22:17'),
(200, 3, 228, 'N', '2023-05-04 15:22:17'),
(201, 3, 229, 'N', '2023-05-04 15:22:17'),
(202, 3, 230, 'N', '2023-05-04 15:22:17'),
(203, 3, 231, 'N', '2023-05-04 15:22:17'),
(204, 3, 232, 'N', '2023-05-04 15:22:17'),
(205, 3, 233, 'N', '2023-05-04 15:22:17'),
(206, 3, 234, 'N', '2023-05-04 15:22:17'),
(207, 3, 235, 'N', '2023-05-04 15:22:17'),
(208, 3, 236, 'N', '2023-05-04 15:22:17'),
(209, 3, 237, 'N', '2023-05-04 15:22:17'),
(210, 3, 238, 'N', '2023-05-04 15:22:17'),
(211, 3, 239, 'N', '2023-05-04 15:22:17'),
(212, 3, 240, 'N', '2023-05-04 15:22:17'),
(213, 3, 241, 'N', '2023-05-04 15:22:17'),
(214, 3, 242, 'N', '2023-05-04 15:22:17'),
(215, 3, 243, 'N', '2023-05-04 15:22:17'),
(216, 3, 244, 'N', '2023-05-04 15:22:17'),
(217, 3, 245, 'N', '2023-05-04 15:22:17'),
(218, 3, 246, 'N', '2023-05-04 15:22:17'),
(219, 3, 247, 'N', '2023-05-04 15:22:17'),
(220, 3, 248, 'N', '2023-05-04 15:22:17'),
(221, 3, 249, 'N', '2023-05-04 15:22:17'),
(222, 3, 250, 'N', '2023-05-04 15:22:17'),
(223, 3, 251, 'N', '2023-05-04 15:22:17'),
(224, 3, 252, 'N', '2023-05-04 15:22:17'),
(225, 3, 253, 'N', '2023-05-04 15:22:17'),
(226, 3, 254, 'N', '2023-05-04 15:22:17'),
(227, 3, 255, 'N', '2023-05-04 15:22:17'),
(228, 3, 256, 'N', '2023-05-04 15:22:17'),
(229, 3, 257, 'N', '2023-05-04 15:22:17'),
(230, 3, 258, 'N', '2023-05-04 15:22:17'),
(231, 3, 259, 'N', '2023-05-04 15:22:17'),
(232, 3, 260, 'N', '2023-05-04 15:22:17'),
(233, 3, 261, 'N', '2023-05-04 15:22:17'),
(234, 3, 262, 'N', '2023-05-04 15:22:17'),
(235, 3, 263, 'N', '2023-05-04 15:22:17'),
(236, 3, 264, 'N', '2023-05-04 15:22:17'),
(237, 3, 265, 'N', '2023-05-04 15:22:17'),
(238, 3, 266, 'N', '2023-05-04 15:22:17'),
(239, 3, 267, 'N', '2023-05-04 15:22:17'),
(240, 3, 268, 'N', '2023-05-04 15:22:17'),
(241, 3, 269, 'N', '2023-05-04 15:22:17'),
(242, 3, 270, 'N', '2023-05-04 15:22:17'),
(243, 3, 271, 'N', '2023-05-04 15:22:17'),
(244, 3, 272, 'N', '2023-05-04 15:22:17'),
(245, 3, 273, 'N', '2023-05-04 15:22:17'),
(246, 3, 274, 'N', '2023-05-04 15:22:17'),
(247, 3, 275, 'N', '2023-05-04 15:22:17'),
(248, 3, 276, 'N', '2023-05-04 15:22:17'),
(249, 3, 277, 'N', '2023-05-04 15:22:17'),
(250, 3, 278, 'N', '2023-05-04 15:22:17'),
(251, 3, 279, 'N', '2023-05-04 15:22:17'),
(252, 3, 280, 'N', '2023-05-04 15:22:17'),
(253, 3, 281, 'N', '2023-05-04 15:22:17'),
(254, 3, 282, 'N', '2023-05-04 15:22:17'),
(255, 3, 283, 'N', '2023-05-04 15:22:17'),
(256, 3, 284, 'N', '2023-05-04 15:22:17'),
(257, 3, 285, 'N', '2023-05-04 15:22:17'),
(258, 3, 286, 'N', '2023-05-04 15:22:17'),
(259, 3, 287, 'N', '2023-05-04 15:22:17'),
(260, 3, 288, 'N', '2023-05-04 15:22:17'),
(261, 3, 289, 'N', '2023-05-04 15:22:17'),
(262, 3, 290, 'N', '2023-05-04 15:22:17'),
(263, 3, 291, 'N', '2023-05-04 15:22:17'),
(264, 3, 292, 'N', '2023-05-04 15:22:17'),
(265, 3, 293, 'N', '2023-05-04 15:22:17'),
(266, 3, 294, 'N', '2023-05-04 15:22:17'),
(267, 3, 295, 'N', '2023-05-04 15:22:17'),
(268, 3, 296, 'N', '2023-05-04 15:22:17'),
(269, 3, 297, 'N', '2023-05-04 15:22:17'),
(270, 3, 298, 'N', '2023-05-04 15:22:17'),
(271, 3, 299, 'Y', '2023-05-04 15:22:17'),
(272, 3, 300, 'N', '2023-05-04 15:22:17'),
(273, 3, 301, 'N', '2023-05-04 15:22:17'),
(274, 3, 302, 'N', '2023-05-04 15:22:17'),
(275, 3, 303, 'N', '2023-05-04 15:22:17'),
(276, 3, 304, 'N', '2023-05-04 15:22:17'),
(277, 3, 305, 'N', '2023-05-04 15:22:17'),
(278, 3, 306, 'N', '2023-05-04 15:22:17'),
(279, 3, 307, 'N', '2023-05-04 15:22:17'),
(280, 3, 308, 'N', '2023-05-04 15:22:17'),
(281, 3, 309, 'N', '2023-05-04 15:22:17'),
(282, 3, 310, 'N', '2023-05-04 15:22:17'),
(283, 3, 311, 'N', '2023-05-04 15:22:17'),
(284, 3, 312, 'N', '2023-05-04 15:22:17'),
(285, 3, 313, 'N', '2023-05-04 15:22:17'),
(286, 3, 314, 'N', '2023-05-04 15:22:17'),
(287, 3, 315, 'N', '2023-05-04 15:22:17'),
(288, 3, 316, 'N', '2023-05-04 15:22:17'),
(289, 3, 317, 'N', '2023-05-04 15:22:17'),
(290, 3, 318, 'N', '2023-05-04 15:22:17'),
(291, 3, 319, 'N', '2023-05-04 15:22:17'),
(292, 3, 320, 'N', '2023-05-04 15:22:17'),
(293, 3, 321, 'N', '2023-05-04 15:22:17'),
(294, 3, 322, 'N', '2023-05-04 15:22:17'),
(295, 3, 323, 'N', '2023-05-04 15:22:17'),
(296, 3, 324, 'N', '2023-05-04 15:22:17'),
(297, 1, 1, 'N', '2023-05-06 01:43:15'),
(298, 2, 1, 'Y', '2023-05-06 05:53:15'),
(299, 4, 1, 'Y', '2023-05-06 07:56:59'),
(300, 5, 1, 'Y', '2023-05-06 08:56:59');

-- --------------------------------------------------------

--
-- Table structure for table `rb_paket`
--

CREATE TABLE `rb_paket` (
  `id_paket` int(11) NOT NULL,
  `nama_paket` varchar(255) NOT NULL,
  `judul` varchar(255) NOT NULL,
  `keterangan` text NOT NULL,
  `durasi` int(11) NOT NULL,
  `harga` int(11) NOT NULL,
  `max_produk` int(11) NOT NULL,
  `icon_kode` varchar(100) DEFAULT NULL,
  `icon_image` varchar(255) DEFAULT NULL
) ENGINE=MyISAM DEFAULT CHARSET=latin1 COLLATE=latin1_swedish_ci;

--
-- Dumping data for table `rb_paket`
--

INSERT INTO `rb_paket` (`id_paket`, `nama_paket`, `judul`, `keterangan`, `durasi`, `harga`, `max_produk`, `icon_kode`, `icon_image`) VALUES
(1, 'Silver', 'Paket Wajib Untuk anda para Newbie', 'Masa Aktif 30 Hari\r\nMaksimal untuk 100 Produk\r\nSelangkapnya : <a target=\"_BLANK\" href=\"https://tajalapak.com/halaman/detail/star-seller-1-bulan\">baca disini</a>', 30, 199000, 100, '', 'star1.png'),
(2, 'Gold', 'Paket Wajib Untuk anda para Pedagang', 'Masa Aktif 90 Hari\r\nMaksimal untuk 200 Produk\r\nSelangkapnya : <a target=\"_BLANK\" href=\"https://tajalapak.com/halaman/detail/star-seller-3-bulan\">baca disini</a>', 90, 549000, 200, '', 'star2.png'),
(3, 'Diamond', 'Paket Wajib Untuk anda Berjiwa Pengusaha', 'Masa Aktif 180 Hari\r\nMaksimal untuk 300 Produk\r\nSelangkapnya : <a target=\"_BLANK\" href=\"https://tajalapak.com/halaman/detail/star-seller-6-bulan\">baca disini</a>', 180, 999000, 300, '', 'star3.png');

-- --------------------------------------------------------

--
-- Table structure for table `rb_pembayaran_bonus`
--

CREATE TABLE `rb_pembayaran_bonus` (
  `id_pembayaran_bonus` int(10) NOT NULL,
  `username` varchar(60) NOT NULL,
  `nominal_bayar` int(10) NOT NULL,
  `waktu_bayar` date NOT NULL
) ENGINE=MyISAM DEFAULT CHARSET=latin1 COLLATE=latin1_swedish_ci;

-- --------------------------------------------------------

--
-- Table structure for table `rb_pembelian`
--

CREATE TABLE `rb_pembelian` (
  `id_pembelian` int(11) NOT NULL,
  `kode_pembelian` varchar(50) NOT NULL,
  `id_supplier` int(11) NOT NULL,
  `waktu_beli` datetime NOT NULL
) ENGINE=MyISAM DEFAULT CHARSET=latin1 COLLATE=latin1_swedish_ci;

--
-- Dumping data for table `rb_pembelian`
--

INSERT INTO `rb_pembelian` (`id_pembelian`, `kode_pembelian`, `id_supplier`, `waktu_beli`) VALUES
(1, 'PO-0001', 1, '2017-05-23 10:13:05'),
(2, 'PO-0002', 2, '2017-05-24 07:05:11'),
(3, 'PO-0003', 1, '2017-05-27 14:58:50'),
(5, 'PO-0004', 1, '2017-05-30 09:30:02'),
(6, 'PO-0005', 1, '2017-06-01 10:29:39'),
(8, 'PO-0006', 1, '2019-02-20 07:44:57'),
(9, 'PO-20190321100135', 2, '2019-03-21 10:01:41'),
(11, 'PO-20210629101726', 1, '2021-06-29 10:17:26'),
(12, 'PO-20231011095743', 1, '2023-10-11 09:57:43'),
(13, 'PO-20231011111723', 1, '2023-10-11 11:17:23'),
(14, 'PO-20231011111727', 1, '2023-10-11 11:17:27'),
(15, 'PO-20231011111731', 1, '2023-10-11 11:17:31'),
(16, 'PO-20231011111801', 1, '2023-10-11 11:18:01'),
(17, 'PO-20231011111806', 1, '2023-10-11 11:18:06'),
(18, 'PO-20231011111811', 1, '2023-10-11 11:18:11'),
(19, 'PO-20231011111816', 1, '2023-10-11 11:18:16'),
(20, 'PO-20231011111820', 1, '2023-10-11 11:18:20'),
(21, 'PO-20231011111825', 1, '2023-10-11 11:18:25'),
(22, 'PO-20231011111832', 1, '2023-10-11 11:18:32'),
(23, 'PO-20231011111842', 1, '2023-10-11 11:18:42'),
(24, 'PO-20231011111847', 1, '2023-10-11 11:18:47'),
(25, 'PO-20231011111853', 1, '2023-10-11 11:18:53'),
(26, 'PO-20231011111859', 1, '2023-10-11 11:18:59');

-- --------------------------------------------------------

--
-- Table structure for table `rb_pembelian_detail`
--

CREATE TABLE `rb_pembelian_detail` (
  `id_pembelian_detail` int(11) NOT NULL,
  `id_pembelian` int(11) NOT NULL,
  `id_produk` int(11) NOT NULL,
  `harga_pesan` int(11) NOT NULL,
  `jumlah_pesan` int(11) NOT NULL,
  `satuan` varchar(50) NOT NULL
) ENGINE=MyISAM DEFAULT CHARSET=latin1 COLLATE=latin1_swedish_ci;

--
-- Dumping data for table `rb_pembelian_detail`
--

INSERT INTO `rb_pembelian_detail` (`id_pembelian_detail`, `id_pembelian`, `id_produk`, `harga_pesan`, `jumlah_pesan`, `satuan`) VALUES
(1, 1, 1, 260000, 100, 'pcs'),
(2, 1, 2, 455000, 150, 'pcs'),
(3, 2, 1, 255000, 235, 'pcs'),
(5, 2, 2, 3000000, 58, 'pcs'),
(9, 3, 1, 600000, 3, 'pcs'),
(7, 3, 2, 3000000, 43, 'pcs'),
(12, 5, 6, 320000, 25, 'unit'),
(13, 5, 5, 6990000, 10, 'unit'),
(14, 5, 4, 1000000, 45, 'unit'),
(16, 6, 13, 45900, 16, 'pcs'),
(17, 6, 12, 490000, 12, 'unit'),
(18, 6, 11, 8299000, 10, 'pcs'),
(19, 6, 9, 584000, 15, 'unit'),
(20, 6, 8, 275000, 6, 'unit'),
(21, 6, 7, 879000, 11, 'unit'),
(22, 6, 3, 14998000, 1, 'unit'),
(23, 6, 0, 0, 0, ''),
(26, 8, 13, 55000, 8, 'pcs'),
(27, 9, 13, 55000, 13, 'pcs'),
(28, 11, 70, 20000, 12, 'ml'),
(29, 12, 100, 2999, 5, 'pcs'),
(30, 13, 138, 6500, 12, 'unit'),
(31, 14, 137, 3400, 22, 'pcs'),
(32, 15, 136, 8900, 5, 'unit'),
(33, 16, 132, 1000, 77, ''),
(34, 17, 131, 1000, 87, ''),
(35, 18, 130, 1000, 123, ''),
(36, 19, 129, 200, 33, ''),
(37, 20, 128, 200, 8, ''),
(38, 21, 127, 2000, 99, ''),
(39, 22, 126, 2000, 65, ''),
(40, 23, 124, 2000, 6, 'unit'),
(41, 24, 123, 2000, 7, ''),
(42, 25, 120, 3052, 44, 'Unit'),
(43, 26, 118, 200, 88, '');

-- --------------------------------------------------------

--
-- Table structure for table `rb_pembelian_pulsa`
--

CREATE TABLE `rb_pembelian_pulsa` (
  `id_pembelian_pulsa` int(11) NOT NULL,
  `id_reseller` int(11) NOT NULL,
  `total` int(11) NOT NULL,
  `keterangan` text DEFAULT NULL,
  `api_trxid` text DEFAULT NULL,
  `waktu_pembelian` datetime NOT NULL
) ENGINE=MyISAM DEFAULT CHARSET=latin1 COLLATE=latin1_swedish_ci;

-- --------------------------------------------------------

--
-- Table structure for table `rb_pencairan_bonus`
--

CREATE TABLE `rb_pencairan_bonus` (
  `id_pencairan_bonus` int(11) NOT NULL,
  `id_reseller` int(11) NOT NULL,
  `bonus_referral` int(11) NOT NULL,
  `waktu_pencairan` datetime NOT NULL
) ENGINE=MyISAM DEFAULT CHARSET=latin1 COLLATE=latin1_swedish_ci;

-- --------------------------------------------------------

--
-- Table structure for table `rb_pencairan_reward`
--

CREATE TABLE `rb_pencairan_reward` (
  `id_pencairan_reward` int(11) NOT NULL,
  `id_reseller` int(11) NOT NULL,
  `id_reward` int(11) NOT NULL,
  `reward_date` varchar(10) NOT NULL,
  `waktu_pencairan` datetime NOT NULL
) ENGINE=MyISAM DEFAULT CHARSET=latin1 COLLATE=latin1_swedish_ci;

-- --------------------------------------------------------

--
-- Table structure for table `rb_penjualan`
--

CREATE TABLE `rb_penjualan` (
  `id_penjualan` int(11) NOT NULL,
  `kode_transaksi` varchar(50) NOT NULL,
  `id_pembeli` int(11) NOT NULL,
  `id_penjual` int(11) NOT NULL DEFAULT 0,
  `status_pembeli` enum('reseller','konsumen') NOT NULL,
  `status_penjual` enum('admin','reseller') NOT NULL,
  `no_resi` text DEFAULT NULL,
  `kode_kurir` varchar(100) DEFAULT NULL,
  `kurir` varchar(255) NOT NULL,
  `service` varchar(255) NOT NULL,
  `ongkir` float NOT NULL,
  `keterangan` text DEFAULT NULL,
  `waktu_transaksi` datetime NOT NULL,
  `proses` enum('0','1','2','3','4','x') NOT NULL COMMENT '0 = Pending,\r\n1 = Proses,\r\n2 = Konfirmasi,\r\n3 = Dikirim,\r\n4 = Selesai,\r\nx = Batal',
  `fee` int(11) DEFAULT NULL,
  `fee_admin` int(11) DEFAULT NULL,
  `dropshipper` text DEFAULT NULL,
  `group_order` varchar(255) DEFAULT NULL,
  `no_resi_marketplace` varchar(255) DEFAULT NULL,
  `file_resi_marketplace` text DEFAULT NULL,
  `id_mata_uang` int(11) NOT NULL DEFAULT 1
) ENGINE=MyISAM DEFAULT CHARSET=latin1 COLLATE=latin1_swedish_ci;

--
-- Dumping data for table `rb_penjualan`
--

INSERT INTO `rb_penjualan` (`id_penjualan`, `kode_transaksi`, `id_pembeli`, `id_penjual`, `status_pembeli`, `status_penjual`, `no_resi`, `kode_kurir`, `kurir`, `service`, `ongkir`, `keterangan`, `waktu_transaksi`, `proses`, `fee`, `fee_admin`, `dropshipper`, `group_order`, `no_resi_marketplace`, `file_resi_marketplace`, `id_mata_uang`) VALUES
(1, 'TRX-20250627094723', 2, 1, 'reseller', 'admin', '-', '-', '-', 'Stok Otomatis (Pribadi)', 0, '-', '2025-06-27 09:47:23', '4', NULL, NULL, NULL, NULL, NULL, NULL, 1),
(2, 'TRX-20250627094731', 2, 1, 'reseller', 'admin', '-', '-', '-', 'Stok Otomatis (Pribadi)', 0, '-', '2025-06-27 09:47:31', '4', NULL, NULL, NULL, NULL, NULL, NULL, 1),
(3, 'TRX-20250627100924', 168, 1, 'reseller', 'admin', '-', '-', '-', 'Stok Otomatis (Pribadi)', 0, '-', '2025-06-27 10:09:24', '4', NULL, NULL, NULL, NULL, NULL, NULL, 1),
(4, 'TRX1.20250627101028', 1, 2, 'konsumen', 'reseller', NULL, 'jne', 'Jalur Nugraha Ekakurir (JNE)', 'CTC', 1.55763, NULL, '2025-06-27 10:10:28', '0', NULL, 200, '', NULL, '', NULL, 2),
(5, 'TRX1.20250627101028', 1, 168, 'konsumen', 'reseller', NULL, 'tiki', 'Citra Van Titipan Kilat (TIKI)', 'DAT', 18000, NULL, '2025-06-27 10:10:28', '0', NULL, 2500, '', NULL, '', NULL, 1),
(6, 'TRX1.20250627101142', 1, 2, 'konsumen', 'reseller', NULL, 'jne', 'Jalur Nugraha Ekakurir (JNE)', 'CTC', 1.55763, NULL, '2025-06-27 10:11:42', '4', NULL, 200, '', NULL, '', NULL, 2),
(7, 'TRX1.20250627101239', 1, 168, 'konsumen', 'reseller', NULL, 'jne', 'Jalur Nugraha Ekakurir (JNE)', 'CTC', 6000, NULL, '2025-06-27 10:12:39', '4', NULL, 2500, '', NULL, '', NULL, 1),
(8, 'TRX1.20250628094456', 1, 2, 'konsumen', 'reseller', NULL, '1', '1', 'SOPIR', 3.21911, NULL, '2025-06-28 09:44:56', '4', NULL, 200, '', NULL, '', NULL, 2),
(9, 'TRX1.20250629104431', 1, 2, 'konsumen', 'reseller', NULL, 'jne', '1', 'SOPIR', 3.21911, NULL, '2025-06-29 10:44:31', '0', NULL, 200, '', NULL, '', NULL, 2),
(10, 'TRX-20250716111651', 1, 1, 'reseller', 'admin', '-', '-', '-', 'Stok Otomatis (Pribadi)', 0, '-', '2025-07-16 11:16:51', '4', NULL, NULL, NULL, NULL, NULL, NULL, 1),
(11, 'TRX-20250716111703', 1, 1, 'reseller', 'admin', '-', '-', '-', 'Stok Otomatis (Pribadi)', 0, '-', '2025-07-16 11:17:03', '4', NULL, NULL, NULL, NULL, NULL, NULL, 1),
(12, 'TRX-20250716111715', 1, 1, 'reseller', 'admin', '-', '-', '-', 'Stok Otomatis (Pribadi)', 0, '-', '2025-07-16 11:17:15', '4', NULL, NULL, NULL, NULL, NULL, NULL, 1),
(13, 'TRX-20250716111724', 1, 1, 'reseller', 'admin', '-', '-', '-', 'Stok Otomatis (Pribadi)', 0, '-', '2025-07-16 11:17:24', '4', NULL, NULL, NULL, NULL, NULL, NULL, 1),
(14, 'TRX-20250716111736', 1, 1, 'reseller', 'admin', '-', '-', '-', 'Stok Otomatis (Pribadi)', 0, '-', '2025-07-16 11:17:36', '4', NULL, NULL, NULL, NULL, NULL, NULL, 1),
(15, 'TRX-20250716121026', 2, 1, 'reseller', 'admin', '-', '-', '-', 'Stok Otomatis (Pribadi)', 0, '-', '2025-07-16 12:10:26', '4', NULL, NULL, NULL, NULL, NULL, NULL, 1),
(16, 'TRX-20250716121036', 2, 1, 'reseller', 'admin', '-', '-', '-', 'Stok Otomatis (Pribadi)', 0, '-', '2025-07-16 12:10:36', '4', NULL, NULL, NULL, NULL, NULL, NULL, 1),
(17, 'TRX-20250716121326', 3, 1, 'reseller', 'admin', '-', '-', '-', 'Stok Otomatis (Pribadi)', 0, '-', '2025-07-16 12:13:26', '4', NULL, NULL, NULL, NULL, NULL, NULL, 1),
(18, 'TRX-20250716121334', 3, 1, 'reseller', 'admin', '-', '-', '-', 'Stok Otomatis (Pribadi)', 0, '-', '2025-07-16 12:13:34', '4', NULL, NULL, NULL, NULL, NULL, NULL, 1),
(19, 'TRX-20250716121342', 3, 1, 'reseller', 'admin', '-', '-', '-', 'Stok Otomatis (Pribadi)', 0, '-', '2025-07-16 12:13:42', '4', NULL, NULL, NULL, NULL, NULL, NULL, 1),
(20, 'TRX-20250716121350', 3, 1, 'reseller', 'admin', '-', '-', '-', 'Stok Otomatis (Pribadi)', 0, '-', '2025-07-16 12:13:50', '4', NULL, NULL, NULL, NULL, NULL, NULL, 1),
(21, 'TRX2.20250716144424', 2, 1, 'konsumen', 'reseller', 'CM919092645231', 'jne', 'Jalur Nugraha Ekakurir (JNE)', 'JTR', 10.3842, NULL, '2025-07-16 14:44:24', '3', NULL, 200, '', NULL, '', NULL, 2),
(22, 'TRX2.20250716144424', 2, 3, 'konsumen', 'reseller', NULL, 'jnt', 'J&T Express', 'EZ', 5000, NULL, '2025-07-16 14:44:24', '0', NULL, 2500, '', NULL, '', NULL, 1),
(23, 'TRX-341.20250721101643', 341, 1, 'konsumen', 'reseller', NULL, '', 'kasir', 'kasir', 0, NULL, '2025-07-21 10:17:11', '4', NULL, 0, '', NULL, NULL, NULL, 1),
(24, 'TRX-9.20250721104037', 9, 1, 'konsumen', 'reseller', NULL, '', 'kasir', 'kasir', 0, NULL, '2025-07-21 10:41:11', '4', NULL, 0, '', NULL, NULL, NULL, 1),
(25, 'TRX-341.20250721104138', 341, 1, 'konsumen', 'reseller', NULL, '', 'kasir', 'kasir', 0, NULL, '2025-07-21 10:41:53', '4', NULL, 0, '', NULL, NULL, NULL, 1),
(26, 'TRX1.20250721115708', 1, 0, 'konsumen', 'reseller', NULL, '1', '1', 'SOPIR', 3100, NULL, '2025-07-21 11:57:08', '0', NULL, 2500, '', NULL, '', NULL, 1),
(27, 'TRX1.20250721143647', 1, 2, 'konsumen', 'reseller', NULL, '1', '1', 'SOPIR', 12400, NULL, '2025-07-21 14:36:47', '0', NULL, 2500, '', NULL, '', NULL, 1),
(28, 'TRX2.20250722122857', 2, 1, 'konsumen', 'reseller', NULL, '1', '4', 'SOPIR', 15500, NULL, '2025-07-22 12:28:57', '0', NULL, 2500, '', NULL, '', NULL, 1),
(29, 'TRX1.20250726090359', 1, 2, 'konsumen', 'reseller', NULL, '1', '1', 'SOPIR', 12400, NULL, '2025-07-26 09:03:59', '0', NULL, 2500, '', NULL, '', NULL, 1),
(30, 'TRX1.20250808103116', 1, 2, 'konsumen', 'reseller', NULL, 'jne', 'JNE Trucking', 'JTR', 40000, NULL, '2025-08-08 10:31:16', '0', NULL, 2500, '', NULL, '', NULL, 1),
(31, 'TRX-9.20250808103716', 9, 1, 'konsumen', 'reseller', NULL, '', 'kasir', 'kasir', 0, NULL, '2025-08-08 10:41:51', '4', NULL, 0, '', NULL, NULL, NULL, 1),
(32, 'TRX1.20250909095325', 1, 2, 'konsumen', 'reseller', 'CM67975135592', 'jne', 'Layanan Reguler', 'REG', 11000, NULL, '2025-09-09 09:53:25', '4', NULL, 2500, '', NULL, '', NULL, 1),
(33, 'TRX1.20251130132310', 1, 2, 'konsumen', 'reseller', NULL, 'jne', 'Layanan Reguler', 'REG', 11000, NULL, '2025-11-30 13:23:10', '0', NULL, 2500, '', NULL, '', NULL, 1),
(34, 'TRX-20251227175156', 169, 1, 'reseller', 'admin', NULL, NULL, '', 'Stok Otomatis (Pribadi)', 0, NULL, '2025-12-27 17:51:56', '4', NULL, NULL, NULL, NULL, NULL, NULL, 1),
(35, 'TRX-20251227175156', 169, 1, 'reseller', 'admin', NULL, NULL, '', 'Stok Otomatis (Pribadi)', 0, NULL, '2025-12-27 17:51:56', '4', NULL, NULL, NULL, NULL, NULL, NULL, 1),
(36, 'TRX-20251227175219', 169, 1, 'reseller', 'admin', NULL, NULL, '', 'Stok Otomatis (Pribadi)', 0, NULL, '2025-12-27 17:52:19', '4', NULL, NULL, NULL, NULL, NULL, NULL, 1),
(37, 'TRX-20251227175220', 169, 1, 'reseller', 'admin', NULL, NULL, '', 'Stok Otomatis (Pribadi)', 0, NULL, '2025-12-27 17:52:20', '4', NULL, NULL, NULL, NULL, NULL, NULL, 1),
(38, 'TRX-20251227175220', 169, 1, 'reseller', 'admin', NULL, NULL, '', 'Stok Otomatis (Pribadi)', 0, NULL, '2025-12-27 17:52:20', '4', NULL, NULL, NULL, NULL, NULL, NULL, 1),
(39, 'TRX-20251227175223', 169, 1, 'reseller', 'admin', NULL, NULL, '', 'Stok Otomatis (Pribadi)', 0, NULL, '2025-12-27 17:52:23', '4', NULL, NULL, NULL, NULL, NULL, NULL, 1),
(40, 'TRX-20251227175224', 169, 1, 'reseller', 'admin', NULL, NULL, '', 'Stok Otomatis (Pribadi)', 0, NULL, '2025-12-27 17:52:24', '4', NULL, NULL, NULL, NULL, NULL, NULL, 1),
(41, 'TRX-20251227175225', 169, 1, 'reseller', 'admin', NULL, NULL, '', 'Stok Otomatis (Pribadi)', 0, NULL, '2025-12-27 17:52:25', '4', NULL, NULL, NULL, NULL, NULL, NULL, 1),
(42, 'TRX-20251227175226', 169, 1, 'reseller', 'admin', NULL, NULL, '', 'Stok Otomatis (Pribadi)', 0, NULL, '2025-12-27 17:52:26', '4', NULL, NULL, NULL, NULL, NULL, NULL, 1),
(43, 'TRX-20251227175227', 169, 1, 'reseller', 'admin', NULL, NULL, '', 'Stok Otomatis (Pribadi)', 0, NULL, '2025-12-27 17:52:27', '4', NULL, NULL, NULL, NULL, NULL, NULL, 1),
(44, 'TRX-20251227175228', 169, 1, 'reseller', 'admin', NULL, NULL, '', 'Stok Otomatis (Pribadi)', 0, NULL, '2025-12-27 17:52:28', '4', NULL, NULL, NULL, NULL, NULL, NULL, 1),
(45, 'TRX-20251227175229', 169, 1, 'reseller', 'admin', NULL, NULL, '', 'Stok Otomatis (Pribadi)', 0, NULL, '2025-12-27 17:52:29', '4', NULL, NULL, NULL, NULL, NULL, NULL, 1),
(46, 'TRX-20251227175230', 169, 1, 'reseller', 'admin', NULL, NULL, '', 'Stok Otomatis (Pribadi)', 0, NULL, '2025-12-27 17:52:30', '4', NULL, NULL, NULL, NULL, NULL, NULL, 1),
(47, 'TRX-20251227175234', 169, 1, 'reseller', 'admin', NULL, NULL, '', 'Stok Otomatis (Pribadi)', 0, NULL, '2025-12-27 17:52:34', '4', NULL, NULL, NULL, NULL, NULL, NULL, 1),
(48, 'TRX-20251227175235', 169, 1, 'reseller', 'admin', NULL, NULL, '', 'Stok Otomatis (Pribadi)', 0, NULL, '2025-12-27 17:52:35', '4', NULL, NULL, NULL, NULL, NULL, NULL, 1),
(49, 'TRX-20251227175235', 169, 1, 'reseller', 'admin', NULL, NULL, '', 'Stok Otomatis (Pribadi)', 0, NULL, '2025-12-27 17:52:35', '4', NULL, NULL, NULL, NULL, NULL, NULL, 1),
(50, 'TRX-20251227175238', 169, 1, 'reseller', 'admin', NULL, NULL, '', 'Stok Otomatis (Pribadi)', 0, NULL, '2025-12-27 17:52:38', '4', NULL, NULL, NULL, NULL, NULL, NULL, 1),
(51, 'TRX-20251227175239', 169, 1, 'reseller', 'admin', NULL, NULL, '', 'Stok Otomatis (Pribadi)', 0, NULL, '2025-12-27 17:52:39', '4', NULL, NULL, NULL, NULL, NULL, NULL, 1),
(52, 'TRX-20251227175240', 169, 1, 'reseller', 'admin', NULL, NULL, '', 'Stok Otomatis (Pribadi)', 0, NULL, '2025-12-27 17:52:40', '4', NULL, NULL, NULL, NULL, NULL, NULL, 1),
(53, 'TRX-20251227175241', 169, 1, 'reseller', 'admin', NULL, NULL, '', 'Stok Otomatis (Pribadi)', 0, NULL, '2025-12-27 17:52:41', '4', NULL, NULL, NULL, NULL, NULL, NULL, 1),
(54, 'TRX-20251227175243', 169, 1, 'reseller', 'admin', NULL, NULL, '', 'Stok Otomatis (Pribadi)', 0, NULL, '2025-12-27 17:52:43', '4', NULL, NULL, NULL, NULL, NULL, NULL, 1),
(55, 'TRX-20251227175247', 169, 1, 'reseller', 'admin', NULL, NULL, '', 'Stok Otomatis (Pribadi)', 0, NULL, '2025-12-27 17:52:47', '4', NULL, NULL, NULL, NULL, NULL, NULL, 1),
(56, 'TRX-20251227175247', 169, 1, 'reseller', 'admin', NULL, NULL, '', 'Stok Otomatis (Pribadi)', 0, NULL, '2025-12-27 17:52:47', '4', NULL, NULL, NULL, NULL, NULL, NULL, 1),
(57, 'TRX-20251227175248', 169, 1, 'reseller', 'admin', NULL, NULL, '', 'Stok Otomatis (Pribadi)', 0, NULL, '2025-12-27 17:52:48', '4', NULL, NULL, NULL, NULL, NULL, NULL, 1),
(58, 'TRX-20251227175248', 169, 1, 'reseller', 'admin', NULL, NULL, '', 'Stok Otomatis (Pribadi)', 0, NULL, '2025-12-27 17:52:48', '4', NULL, NULL, NULL, NULL, NULL, NULL, 1),
(59, 'TRX-20251227175248', 169, 1, 'reseller', 'admin', NULL, NULL, '', 'Stok Otomatis (Pribadi)', 0, NULL, '2025-12-27 17:52:48', '4', NULL, NULL, NULL, NULL, NULL, NULL, 1),
(60, 'TRX-20251227175250', 169, 1, 'reseller', 'admin', NULL, NULL, '', 'Stok Otomatis (Pribadi)', 0, NULL, '2025-12-27 17:52:50', '4', NULL, NULL, NULL, NULL, NULL, NULL, 1),
(61, 'TRX-20251227175251', 169, 1, 'reseller', 'admin', NULL, NULL, '', 'Stok Otomatis (Pribadi)', 0, NULL, '2025-12-27 17:52:51', '4', NULL, NULL, NULL, NULL, NULL, NULL, 1),
(62, 'TRX-20251227175252', 169, 1, 'reseller', 'admin', NULL, NULL, '', 'Stok Otomatis (Pribadi)', 0, NULL, '2025-12-27 17:52:52', '4', NULL, NULL, NULL, NULL, NULL, NULL, 1),
(63, 'TRX-20251227175253', 169, 1, 'reseller', 'admin', NULL, NULL, '', 'Stok Otomatis (Pribadi)', 0, NULL, '2025-12-27 17:52:53', '4', NULL, NULL, NULL, NULL, NULL, NULL, 1),
(64, 'TRX-20251227175254', 169, 1, 'reseller', 'admin', NULL, NULL, '', 'Stok Otomatis (Pribadi)', 0, NULL, '2025-12-27 17:52:54', '4', NULL, NULL, NULL, NULL, NULL, NULL, 1),
(65, 'TRX-20251227175254', 169, 1, 'reseller', 'admin', NULL, NULL, '', 'Stok Otomatis (Pribadi)', 0, NULL, '2025-12-27 17:52:54', '4', NULL, NULL, NULL, NULL, NULL, NULL, 1),
(66, 'TRX-20251227175259', 169, 1, 'reseller', 'admin', NULL, NULL, '', 'Stok Otomatis (Pribadi)', 0, NULL, '2025-12-27 17:52:59', '4', NULL, NULL, NULL, NULL, NULL, NULL, 1),
(67, 'TRX-20251227175300', 169, 1, 'reseller', 'admin', NULL, NULL, '', 'Stok Otomatis (Pribadi)', 0, NULL, '2025-12-27 17:53:00', '4', NULL, NULL, NULL, NULL, NULL, NULL, 1),
(68, 'TRX-20251227175305', 169, 1, 'reseller', 'admin', NULL, NULL, '', 'Stok Otomatis (Pribadi)', 0, NULL, '2025-12-27 17:53:05', '4', NULL, NULL, NULL, NULL, NULL, NULL, 1),
(69, 'TRX-20251227175306', 169, 1, 'reseller', 'admin', NULL, NULL, '', 'Stok Otomatis (Pribadi)', 0, NULL, '2025-12-27 17:53:06', '4', NULL, NULL, NULL, NULL, NULL, NULL, 1),
(70, 'TRX-20251227175310', 169, 1, 'reseller', 'admin', NULL, NULL, '', 'Stok Otomatis (Pribadi)', 0, NULL, '2025-12-27 17:53:10', '4', NULL, NULL, NULL, NULL, NULL, NULL, 1),
(71, 'TRX-20251227175312', 169, 1, 'reseller', 'admin', NULL, NULL, '', 'Stok Otomatis (Pribadi)', 0, NULL, '2025-12-27 17:53:12', '4', NULL, NULL, NULL, NULL, NULL, NULL, 1),
(72, 'TRX-20251227175312', 169, 1, 'reseller', 'admin', NULL, NULL, '', 'Stok Otomatis (Pribadi)', 0, NULL, '2025-12-27 17:53:12', '4', NULL, NULL, NULL, NULL, NULL, NULL, 1),
(73, 'TRX-20251227175313', 169, 1, 'reseller', 'admin', NULL, NULL, '', 'Stok Otomatis (Pribadi)', 0, NULL, '2025-12-27 17:53:13', '4', NULL, NULL, NULL, NULL, NULL, NULL, 1),
(74, 'TRX-20251227175313', 169, 1, 'reseller', 'admin', NULL, NULL, '', 'Stok Otomatis (Pribadi)', 0, NULL, '2025-12-27 17:53:13', '4', NULL, NULL, NULL, NULL, NULL, NULL, 1),
(75, 'TRX-20251227175314', 169, 1, 'reseller', 'admin', NULL, NULL, '', 'Stok Otomatis (Pribadi)', 0, NULL, '2025-12-27 17:53:14', '4', NULL, NULL, NULL, NULL, NULL, NULL, 1),
(76, 'TRX-20251227175315', 169, 1, 'reseller', 'admin', NULL, NULL, '', 'Stok Otomatis (Pribadi)', 0, NULL, '2025-12-27 17:53:15', '4', NULL, NULL, NULL, NULL, NULL, NULL, 1),
(77, 'TRX-20251227175319', 169, 1, 'reseller', 'admin', NULL, NULL, '', 'Stok Otomatis (Pribadi)', 0, NULL, '2025-12-27 17:53:19', '4', NULL, NULL, NULL, NULL, NULL, NULL, 1),
(78, 'TRX-20251227175321', 169, 1, 'reseller', 'admin', NULL, NULL, '', 'Stok Otomatis (Pribadi)', 0, NULL, '2025-12-27 17:53:21', '4', NULL, NULL, NULL, NULL, NULL, NULL, 1),
(79, 'TRX-20251227175325', 169, 1, 'reseller', 'admin', NULL, NULL, '', 'Stok Otomatis (Pribadi)', 0, NULL, '2025-12-27 17:53:25', '4', NULL, NULL, NULL, NULL, NULL, NULL, 1),
(80, 'TRX-20251227175325', 169, 1, 'reseller', 'admin', NULL, NULL, '', 'Stok Otomatis (Pribadi)', 0, NULL, '2025-12-27 17:53:25', '4', NULL, NULL, NULL, NULL, NULL, NULL, 1),
(81, 'TRX-20251227175329', 169, 1, 'reseller', 'admin', NULL, NULL, '', 'Stok Otomatis (Pribadi)', 0, NULL, '2025-12-27 17:53:29', '4', NULL, NULL, NULL, NULL, NULL, NULL, 1),
(82, 'TRX-20251227175331', 169, 1, 'reseller', 'admin', NULL, NULL, '', 'Stok Otomatis (Pribadi)', 0, NULL, '2025-12-27 17:53:31', '4', NULL, NULL, NULL, NULL, NULL, NULL, 1),
(83, 'TRX-20251227175332', 169, 1, 'reseller', 'admin', NULL, NULL, '', 'Stok Otomatis (Pribadi)', 0, NULL, '2025-12-27 17:53:32', '4', NULL, NULL, NULL, NULL, NULL, NULL, 1),
(84, 'TRX-20251227175333', 169, 1, 'reseller', 'admin', NULL, NULL, '', 'Stok Otomatis (Pribadi)', 0, NULL, '2025-12-27 17:53:33', '4', NULL, NULL, NULL, NULL, NULL, NULL, 1),
(85, 'TRX-20251227175334', 169, 1, 'reseller', 'admin', NULL, NULL, '', 'Stok Otomatis (Pribadi)', 0, NULL, '2025-12-27 17:53:34', '4', NULL, NULL, NULL, NULL, NULL, NULL, 1),
(86, 'TRX-20251227175334', 169, 1, 'reseller', 'admin', NULL, NULL, '', 'Stok Otomatis (Pribadi)', 0, NULL, '2025-12-27 17:53:34', '4', NULL, NULL, NULL, NULL, NULL, NULL, 1),
(87, 'TRX-20251227175335', 169, 1, 'reseller', 'admin', NULL, NULL, '', 'Stok Otomatis (Pribadi)', 0, NULL, '2025-12-27 17:53:35', '4', NULL, NULL, NULL, NULL, NULL, NULL, 1),
(88, 'TRX-20251227175336', 169, 1, 'reseller', 'admin', NULL, NULL, '', 'Stok Otomatis (Pribadi)', 0, NULL, '2025-12-27 17:53:36', '4', NULL, NULL, NULL, NULL, NULL, NULL, 1),
(89, 'TRX-20251227175336', 169, 1, 'reseller', 'admin', NULL, NULL, '', 'Stok Otomatis (Pribadi)', 0, NULL, '2025-12-27 17:53:36', '4', NULL, NULL, NULL, NULL, NULL, NULL, 1),
(90, 'TRX-20251227175336', 169, 1, 'reseller', 'admin', NULL, NULL, '', 'Stok Otomatis (Pribadi)', 0, NULL, '2025-12-27 17:53:36', '4', NULL, NULL, NULL, NULL, NULL, NULL, 1),
(91, 'TRX-20251227175337', 169, 1, 'reseller', 'admin', NULL, NULL, '', 'Stok Otomatis (Pribadi)', 0, NULL, '2025-12-27 17:53:37', '4', NULL, NULL, NULL, NULL, NULL, NULL, 1),
(92, 'TRX-20251227175337', 169, 1, 'reseller', 'admin', NULL, NULL, '', 'Stok Otomatis (Pribadi)', 0, NULL, '2025-12-27 17:53:37', '4', NULL, NULL, NULL, NULL, NULL, NULL, 1),
(93, 'TRX-20251227175340', 169, 1, 'reseller', 'admin', NULL, NULL, '', 'Stok Otomatis (Pribadi)', 0, NULL, '2025-12-27 17:53:40', '4', NULL, NULL, NULL, NULL, NULL, NULL, 1),
(94, 'TRX-20251227175344', 169, 1, 'reseller', 'admin', NULL, NULL, '', 'Stok Otomatis (Pribadi)', 0, NULL, '2025-12-27 17:53:44', '4', NULL, NULL, NULL, NULL, NULL, NULL, 1),
(95, 'TRX-20251227175345', 169, 1, 'reseller', 'admin', NULL, NULL, '', 'Stok Otomatis (Pribadi)', 0, NULL, '2025-12-27 17:53:45', '4', NULL, NULL, NULL, NULL, NULL, NULL, 1),
(96, 'TRX-20251227175346', 169, 1, 'reseller', 'admin', NULL, NULL, '', 'Stok Otomatis (Pribadi)', 0, NULL, '2025-12-27 17:53:46', '4', NULL, NULL, NULL, NULL, NULL, NULL, 1),
(97, 'TRX-20251227175347', 169, 1, 'reseller', 'admin', NULL, NULL, '', 'Stok Otomatis (Pribadi)', 0, NULL, '2025-12-27 17:53:47', '4', NULL, NULL, NULL, NULL, NULL, NULL, 1),
(98, 'TRX-20251227175350', 169, 1, 'reseller', 'admin', NULL, NULL, '', 'Stok Otomatis (Pribadi)', 0, NULL, '2025-12-27 17:53:50', '4', NULL, NULL, NULL, NULL, NULL, NULL, 1),
(99, 'TRX-20251227175354', 169, 1, 'reseller', 'admin', NULL, NULL, '', 'Stok Otomatis (Pribadi)', 0, NULL, '2025-12-27 17:53:54', '4', NULL, NULL, NULL, NULL, NULL, NULL, 1),
(100, 'TRX-20251227175356', 169, 1, 'reseller', 'admin', NULL, NULL, '', 'Stok Otomatis (Pribadi)', 0, NULL, '2025-12-27 17:53:56', '4', NULL, NULL, NULL, NULL, NULL, NULL, 1),
(101, 'TRX-20251227175356', 169, 1, 'reseller', 'admin', NULL, NULL, '', 'Stok Otomatis (Pribadi)', 0, NULL, '2025-12-27 17:53:56', '4', NULL, NULL, NULL, NULL, NULL, NULL, 1),
(102, 'TRX-20251227175357', 169, 1, 'reseller', 'admin', NULL, NULL, '', 'Stok Otomatis (Pribadi)', 0, NULL, '2025-12-27 17:53:57', '4', NULL, NULL, NULL, NULL, NULL, NULL, 1),
(103, 'TRX-20251227175358', 169, 1, 'reseller', 'admin', NULL, NULL, '', 'Stok Otomatis (Pribadi)', 0, NULL, '2025-12-27 17:53:58', '4', NULL, NULL, NULL, NULL, NULL, NULL, 1),
(104, 'TRX-20251227175358', 169, 1, 'reseller', 'admin', NULL, NULL, '', 'Stok Otomatis (Pribadi)', 0, NULL, '2025-12-27 17:53:58', '4', NULL, NULL, NULL, NULL, NULL, NULL, 1),
(105, 'TRX-20251227175401', 169, 1, 'reseller', 'admin', NULL, NULL, '', 'Stok Otomatis (Pribadi)', 0, NULL, '2025-12-27 17:54:01', '4', NULL, NULL, NULL, NULL, NULL, NULL, 1),
(106, 'TRX-20251227175403', 169, 1, 'reseller', 'admin', NULL, NULL, '', 'Stok Otomatis (Pribadi)', 0, NULL, '2025-12-27 17:54:03', '4', NULL, NULL, NULL, NULL, NULL, NULL, 1),
(107, 'TRX-20251227175403', 169, 1, 'reseller', 'admin', NULL, NULL, '', 'Stok Otomatis (Pribadi)', 0, NULL, '2025-12-27 17:54:03', '4', NULL, NULL, NULL, NULL, NULL, NULL, 1),
(108, 'TRX-20251227175404', 169, 1, 'reseller', 'admin', NULL, NULL, '', 'Stok Otomatis (Pribadi)', 0, NULL, '2025-12-27 17:54:04', '4', NULL, NULL, NULL, NULL, NULL, NULL, 1),
(109, 'TRX-20251227175405', 169, 1, 'reseller', 'admin', NULL, NULL, '', 'Stok Otomatis (Pribadi)', 0, NULL, '2025-12-27 17:54:05', '4', NULL, NULL, NULL, NULL, NULL, NULL, 1),
(110, 'TRX-20251227175406', 169, 1, 'reseller', 'admin', NULL, NULL, '', 'Stok Otomatis (Pribadi)', 0, NULL, '2025-12-27 17:54:06', '4', NULL, NULL, NULL, NULL, NULL, NULL, 1),
(111, 'TRX-20251227175408', 169, 1, 'reseller', 'admin', NULL, NULL, '', 'Stok Otomatis (Pribadi)', 0, NULL, '2025-12-27 17:54:08', '4', NULL, NULL, NULL, NULL, NULL, NULL, 1),
(112, 'TRX-20251227175408', 169, 1, 'reseller', 'admin', NULL, NULL, '', 'Stok Otomatis (Pribadi)', 0, NULL, '2025-12-27 17:54:08', '4', NULL, NULL, NULL, NULL, NULL, NULL, 1),
(113, 'TRX-20251227175409', 169, 1, 'reseller', 'admin', NULL, NULL, '', 'Stok Otomatis (Pribadi)', 0, NULL, '2025-12-27 17:54:09', '4', NULL, NULL, NULL, NULL, NULL, NULL, 1),
(114, 'TRX-20251227175410', 169, 1, 'reseller', 'admin', NULL, NULL, '', 'Stok Otomatis (Pribadi)', 0, NULL, '2025-12-27 17:54:10', '4', NULL, NULL, NULL, NULL, NULL, NULL, 1),
(115, 'TRX-20251227175411', 169, 1, 'reseller', 'admin', NULL, NULL, '', 'Stok Otomatis (Pribadi)', 0, NULL, '2025-12-27 17:54:11', '4', NULL, NULL, NULL, NULL, NULL, NULL, 1),
(116, 'TRX-20251227175414', 169, 1, 'reseller', 'admin', NULL, NULL, '', 'Stok Otomatis (Pribadi)', 0, NULL, '2025-12-27 17:54:14', '4', NULL, NULL, NULL, NULL, NULL, NULL, 1),
(117, 'TRX-20251227175415', 169, 1, 'reseller', 'admin', NULL, NULL, '', 'Stok Otomatis (Pribadi)', 0, NULL, '2025-12-27 17:54:15', '4', NULL, NULL, NULL, NULL, NULL, NULL, 1),
(118, 'TRX-20251227181829', 169, 1, 'reseller', 'admin', NULL, NULL, '', 'Stok Otomatis (Pribadi)', 0, NULL, '2025-12-27 18:18:29', '4', NULL, NULL, NULL, NULL, NULL, NULL, 1),
(119, 'TRX-20251227181829', 169, 1, 'reseller', 'admin', NULL, NULL, '', 'Stok Otomatis (Pribadi)', 0, NULL, '2025-12-27 18:18:29', '4', NULL, NULL, NULL, NULL, NULL, NULL, 1),
(120, 'TRX-20251227181830', 169, 1, 'reseller', 'admin', NULL, NULL, '', 'Stok Otomatis (Pribadi)', 0, NULL, '2025-12-27 18:18:30', '4', NULL, NULL, NULL, NULL, NULL, NULL, 1),
(121, 'TRX-20251227181832', 169, 1, 'reseller', 'admin', NULL, NULL, '', 'Stok Otomatis (Pribadi)', 0, NULL, '2025-12-27 18:18:32', '4', NULL, NULL, NULL, NULL, NULL, NULL, 1),
(122, 'TRX-20251227181833', 169, 1, 'reseller', 'admin', NULL, NULL, '', 'Stok Otomatis (Pribadi)', 0, NULL, '2025-12-27 18:18:33', '4', NULL, NULL, NULL, NULL, NULL, NULL, 1),
(123, 'TRX-20251227181834', 169, 1, 'reseller', 'admin', NULL, NULL, '', 'Stok Otomatis (Pribadi)', 0, NULL, '2025-12-27 18:18:34', '4', NULL, NULL, NULL, NULL, NULL, NULL, 1),
(124, 'TRX-20251227181835', 169, 1, 'reseller', 'admin', NULL, NULL, '', 'Stok Otomatis (Pribadi)', 0, NULL, '2025-12-27 18:18:35', '4', NULL, NULL, NULL, NULL, NULL, NULL, 1),
(125, 'TRX-20251227181836', 169, 1, 'reseller', 'admin', NULL, NULL, '', 'Stok Otomatis (Pribadi)', 0, NULL, '2025-12-27 18:18:36', '4', NULL, NULL, NULL, NULL, NULL, NULL, 1),
(126, 'TRX-20251227181837', 169, 1, 'reseller', 'admin', NULL, NULL, '', 'Stok Otomatis (Pribadi)', 0, NULL, '2025-12-27 18:18:37', '4', NULL, NULL, NULL, NULL, NULL, NULL, 1),
(127, 'TRX-20251227181837', 169, 1, 'reseller', 'admin', NULL, NULL, '', 'Stok Otomatis (Pribadi)', 0, NULL, '2025-12-27 18:18:37', '4', NULL, NULL, NULL, NULL, NULL, NULL, 1),
(128, 'TRX-20251227181838', 169, 1, 'reseller', 'admin', NULL, NULL, '', 'Stok Otomatis (Pribadi)', 0, NULL, '2025-12-27 18:18:38', '4', NULL, NULL, NULL, NULL, NULL, NULL, 1),
(129, 'TRX-20251227181840', 169, 1, 'reseller', 'admin', NULL, NULL, '', 'Stok Otomatis (Pribadi)', 0, NULL, '2025-12-27 18:18:40', '4', NULL, NULL, NULL, NULL, NULL, NULL, 1),
(130, 'TRX-20251227181841', 169, 1, 'reseller', 'admin', NULL, NULL, '', 'Stok Otomatis (Pribadi)', 0, NULL, '2025-12-27 18:18:41', '4', NULL, NULL, NULL, NULL, NULL, NULL, 1),
(131, 'TRX-20251227181841', 169, 1, 'reseller', 'admin', NULL, NULL, '', 'Stok Otomatis (Pribadi)', 0, NULL, '2025-12-27 18:18:41', '4', NULL, NULL, NULL, NULL, NULL, NULL, 1),
(132, 'TRX-20251227181843', 169, 1, 'reseller', 'admin', NULL, NULL, '', 'Stok Otomatis (Pribadi)', 0, NULL, '2025-12-27 18:18:43', '4', NULL, NULL, NULL, NULL, NULL, NULL, 1),
(133, 'TRX-20251227181843', 169, 1, 'reseller', 'admin', NULL, NULL, '', 'Stok Otomatis (Pribadi)', 0, NULL, '2025-12-27 18:18:43', '4', NULL, NULL, NULL, NULL, NULL, NULL, 1),
(134, 'TRX-20251227181844', 169, 1, 'reseller', 'admin', NULL, NULL, '', 'Stok Otomatis (Pribadi)', 0, NULL, '2025-12-27 18:18:44', '4', NULL, NULL, NULL, NULL, NULL, NULL, 1),
(135, 'TRX-20251227181845', 169, 1, 'reseller', 'admin', NULL, NULL, '', 'Stok Otomatis (Pribadi)', 0, NULL, '2025-12-27 18:18:45', '4', NULL, NULL, NULL, NULL, NULL, NULL, 1),
(136, 'TRX-20251227181846', 169, 1, 'reseller', 'admin', NULL, NULL, '', 'Stok Otomatis (Pribadi)', 0, NULL, '2025-12-27 18:18:46', '4', NULL, NULL, NULL, NULL, NULL, NULL, 1),
(137, 'TRX-20251227181847', 169, 1, 'reseller', 'admin', NULL, NULL, '', 'Stok Otomatis (Pribadi)', 0, NULL, '2025-12-27 18:18:47', '4', NULL, NULL, NULL, NULL, NULL, NULL, 1),
(138, 'TRX-20251227181847', 169, 1, 'reseller', 'admin', NULL, NULL, '', 'Stok Otomatis (Pribadi)', 0, NULL, '2025-12-27 18:18:47', '4', NULL, NULL, NULL, NULL, NULL, NULL, 1),
(139, 'TRX-20251227181848', 169, 1, 'reseller', 'admin', NULL, NULL, '', 'Stok Otomatis (Pribadi)', 0, NULL, '2025-12-27 18:18:48', '4', NULL, NULL, NULL, NULL, NULL, NULL, 1),
(140, 'TRX-20251227181848', 169, 1, 'reseller', 'admin', NULL, NULL, '', 'Stok Otomatis (Pribadi)', 0, NULL, '2025-12-27 18:18:48', '4', NULL, NULL, NULL, NULL, NULL, NULL, 1),
(141, 'TRX-20251227181848', 169, 1, 'reseller', 'admin', NULL, NULL, '', 'Stok Otomatis (Pribadi)', 0, NULL, '2025-12-27 18:18:48', '4', NULL, NULL, NULL, NULL, NULL, NULL, 1),
(142, 'TRX-20251227181850', 169, 1, 'reseller', 'admin', NULL, NULL, '', 'Stok Otomatis (Pribadi)', 0, NULL, '2025-12-27 18:18:50', '4', NULL, NULL, NULL, NULL, NULL, NULL, 1),
(143, 'TRX-20251227181850', 169, 1, 'reseller', 'admin', NULL, NULL, '', 'Stok Otomatis (Pribadi)', 0, NULL, '2025-12-27 18:18:50', '4', NULL, NULL, NULL, NULL, NULL, NULL, 1),
(144, 'TRX-20251227181852', 169, 1, 'reseller', 'admin', NULL, NULL, '', 'Stok Otomatis (Pribadi)', 0, NULL, '2025-12-27 18:18:52', '4', NULL, NULL, NULL, NULL, NULL, NULL, 1),
(145, 'TRX-20251227181852', 169, 1, 'reseller', 'admin', NULL, NULL, '', 'Stok Otomatis (Pribadi)', 0, NULL, '2025-12-27 18:18:52', '4', NULL, NULL, NULL, NULL, NULL, NULL, 1),
(146, 'TRX-20251227181853', 169, 1, 'reseller', 'admin', NULL, NULL, '', 'Stok Otomatis (Pribadi)', 0, NULL, '2025-12-27 18:18:53', '4', NULL, NULL, NULL, NULL, NULL, NULL, 1),
(147, 'TRX-20251227181854', 169, 1, 'reseller', 'admin', NULL, NULL, '', 'Stok Otomatis (Pribadi)', 0, NULL, '2025-12-27 18:18:54', '4', NULL, NULL, NULL, NULL, NULL, NULL, 1),
(148, 'TRX-20251227181855', 169, 1, 'reseller', 'admin', NULL, NULL, '', 'Stok Otomatis (Pribadi)', 0, NULL, '2025-12-27 18:18:55', '4', NULL, NULL, NULL, NULL, NULL, NULL, 1),
(149, 'TRX-20251227181856', 169, 1, 'reseller', 'admin', NULL, NULL, '', 'Stok Otomatis (Pribadi)', 0, NULL, '2025-12-27 18:18:56', '4', NULL, NULL, NULL, NULL, NULL, NULL, 1),
(150, 'TRX-20251227181857', 169, 1, 'reseller', 'admin', NULL, NULL, '', 'Stok Otomatis (Pribadi)', 0, NULL, '2025-12-27 18:18:57', '4', NULL, NULL, NULL, NULL, NULL, NULL, 1),
(151, 'TRX-20251227181858', 169, 1, 'reseller', 'admin', NULL, NULL, '', 'Stok Otomatis (Pribadi)', 0, NULL, '2025-12-27 18:18:58', '4', NULL, NULL, NULL, NULL, NULL, NULL, 1),
(152, 'TRX-20251227181901', 169, 1, 'reseller', 'admin', NULL, NULL, '', 'Stok Otomatis (Pribadi)', 0, NULL, '2025-12-27 18:19:01', '4', NULL, NULL, NULL, NULL, NULL, NULL, 1),
(153, 'TRX-20251227181902', 169, 1, 'reseller', 'admin', NULL, NULL, '', 'Stok Otomatis (Pribadi)', 0, NULL, '2025-12-27 18:19:02', '4', NULL, NULL, NULL, NULL, NULL, NULL, 1),
(154, 'TRX-20251227181902', 169, 1, 'reseller', 'admin', NULL, NULL, '', 'Stok Otomatis (Pribadi)', 0, NULL, '2025-12-27 18:19:02', '4', NULL, NULL, NULL, NULL, NULL, NULL, 1),
(155, 'TRX-20251227181903', 169, 1, 'reseller', 'admin', NULL, NULL, '', 'Stok Otomatis (Pribadi)', 0, NULL, '2025-12-27 18:19:03', '4', NULL, NULL, NULL, NULL, NULL, NULL, 1),
(156, 'TRX-20251227181903', 169, 1, 'reseller', 'admin', NULL, NULL, '', 'Stok Otomatis (Pribadi)', 0, NULL, '2025-12-27 18:19:03', '4', NULL, NULL, NULL, NULL, NULL, NULL, 1),
(157, 'TRX-20251227181904', 169, 1, 'reseller', 'admin', NULL, NULL, '', 'Stok Otomatis (Pribadi)', 0, NULL, '2025-12-27 18:19:04', '4', NULL, NULL, NULL, NULL, NULL, NULL, 1),
(158, 'TRX-20251227181904', 169, 1, 'reseller', 'admin', NULL, NULL, '', 'Stok Otomatis (Pribadi)', 0, NULL, '2025-12-27 18:19:04', '4', NULL, NULL, NULL, NULL, NULL, NULL, 1),
(159, 'TRX-20251227181906', 169, 1, 'reseller', 'admin', NULL, NULL, '', 'Stok Otomatis (Pribadi)', 0, NULL, '2025-12-27 18:19:06', '4', NULL, NULL, NULL, NULL, NULL, NULL, 1),
(160, 'TRX-20251227181907', 169, 1, 'reseller', 'admin', NULL, NULL, '', 'Stok Otomatis (Pribadi)', 0, NULL, '2025-12-27 18:19:07', '4', NULL, NULL, NULL, NULL, NULL, NULL, 1),
(161, 'TRX-20251227181909', 169, 1, 'reseller', 'admin', NULL, NULL, '', 'Stok Otomatis (Pribadi)', 0, NULL, '2025-12-27 18:19:09', '4', NULL, NULL, NULL, NULL, NULL, NULL, 1),
(162, 'TRX-20251227181909', 169, 1, 'reseller', 'admin', NULL, NULL, '', 'Stok Otomatis (Pribadi)', 0, NULL, '2025-12-27 18:19:09', '4', NULL, NULL, NULL, NULL, NULL, NULL, 1),
(163, 'TRX-20251227181911', 169, 1, 'reseller', 'admin', NULL, NULL, '', 'Stok Otomatis (Pribadi)', 0, NULL, '2025-12-27 18:19:11', '4', NULL, NULL, NULL, NULL, NULL, NULL, 1),
(164, 'TRX-20251227181911', 169, 1, 'reseller', 'admin', NULL, NULL, '', 'Stok Otomatis (Pribadi)', 0, NULL, '2025-12-27 18:19:11', '4', NULL, NULL, NULL, NULL, NULL, NULL, 1),
(165, 'TRX-20251227181912', 169, 1, 'reseller', 'admin', NULL, NULL, '', 'Stok Otomatis (Pribadi)', 0, NULL, '2025-12-27 18:19:12', '4', NULL, NULL, NULL, NULL, NULL, NULL, 1),
(166, 'TRX-20251227181913', 169, 1, 'reseller', 'admin', NULL, NULL, '', 'Stok Otomatis (Pribadi)', 0, NULL, '2025-12-27 18:19:13', '4', NULL, NULL, NULL, NULL, NULL, NULL, 1),
(167, 'TRX-20251227181914', 169, 1, 'reseller', 'admin', NULL, NULL, '', 'Stok Otomatis (Pribadi)', 0, NULL, '2025-12-27 18:19:14', '4', NULL, NULL, NULL, NULL, NULL, NULL, 1),
(168, 'TRX-20251227181914', 169, 1, 'reseller', 'admin', NULL, NULL, '', 'Stok Otomatis (Pribadi)', 0, NULL, '2025-12-27 18:19:14', '4', NULL, NULL, NULL, NULL, NULL, NULL, 1),
(169, 'TRX-20251227181915', 169, 1, 'reseller', 'admin', NULL, NULL, '', 'Stok Otomatis (Pribadi)', 0, NULL, '2025-12-27 18:19:15', '4', NULL, NULL, NULL, NULL, NULL, NULL, 1),
(170, 'TRX-20251227181916', 169, 1, 'reseller', 'admin', NULL, NULL, '', 'Stok Otomatis (Pribadi)', 0, NULL, '2025-12-27 18:19:16', '4', NULL, NULL, NULL, NULL, NULL, NULL, 1),
(171, 'TRX-20251227181916', 169, 1, 'reseller', 'admin', NULL, NULL, '', 'Stok Otomatis (Pribadi)', 0, NULL, '2025-12-27 18:19:16', '4', NULL, NULL, NULL, NULL, NULL, NULL, 1),
(172, 'TRX-20251227181917', 169, 1, 'reseller', 'admin', NULL, NULL, '', 'Stok Otomatis (Pribadi)', 0, NULL, '2025-12-27 18:19:17', '4', NULL, NULL, NULL, NULL, NULL, NULL, 1),
(173, 'TRX-20251227181917', 169, 1, 'reseller', 'admin', NULL, NULL, '', 'Stok Otomatis (Pribadi)', 0, NULL, '2025-12-27 18:19:17', '4', NULL, NULL, NULL, NULL, NULL, NULL, 1),
(174, 'TRX-20251227181918', 169, 1, 'reseller', 'admin', NULL, NULL, '', 'Stok Otomatis (Pribadi)', 0, NULL, '2025-12-27 18:19:18', '4', NULL, NULL, NULL, NULL, NULL, NULL, 1),
(175, 'TRX-20251227181919', 169, 1, 'reseller', 'admin', NULL, NULL, '', 'Stok Otomatis (Pribadi)', 0, NULL, '2025-12-27 18:19:19', '4', NULL, NULL, NULL, NULL, NULL, NULL, 1),
(176, 'TRX-20251227181921', 169, 1, 'reseller', 'admin', NULL, NULL, '', 'Stok Otomatis (Pribadi)', 0, NULL, '2025-12-27 18:19:21', '4', NULL, NULL, NULL, NULL, NULL, NULL, 1),
(177, 'TRX-20251227181921', 169, 1, 'reseller', 'admin', NULL, NULL, '', 'Stok Otomatis (Pribadi)', 0, NULL, '2025-12-27 18:19:21', '4', NULL, NULL, NULL, NULL, NULL, NULL, 1),
(178, 'TRX-20251227181922', 169, 1, 'reseller', 'admin', NULL, NULL, '', 'Stok Otomatis (Pribadi)', 0, NULL, '2025-12-27 18:19:22', '4', NULL, NULL, NULL, NULL, NULL, NULL, 1),
(179, 'TRX-20251227181922', 169, 1, 'reseller', 'admin', NULL, NULL, '', 'Stok Otomatis (Pribadi)', 0, NULL, '2025-12-27 18:19:22', '4', NULL, NULL, NULL, NULL, NULL, NULL, 1),
(180, 'TRX-20251227181926', 169, 1, 'reseller', 'admin', NULL, NULL, '', 'Stok Otomatis (Pribadi)', 0, NULL, '2025-12-27 18:19:26', '4', NULL, NULL, NULL, NULL, NULL, NULL, 1),
(181, 'TRX-20251227181927', 169, 1, 'reseller', 'admin', NULL, NULL, '', 'Stok Otomatis (Pribadi)', 0, NULL, '2025-12-27 18:19:27', '4', NULL, NULL, NULL, NULL, NULL, NULL, 1),
(182, 'TRX-20251227181929', 169, 1, 'reseller', 'admin', NULL, NULL, '', 'Stok Otomatis (Pribadi)', 0, NULL, '2025-12-27 18:19:29', '4', NULL, NULL, NULL, NULL, NULL, NULL, 1),
(183, 'TRX-20251227181929', 169, 1, 'reseller', 'admin', NULL, NULL, '', 'Stok Otomatis (Pribadi)', 0, NULL, '2025-12-27 18:19:29', '4', NULL, NULL, NULL, NULL, NULL, NULL, 1),
(184, 'TRX-20251227181930', 169, 1, 'reseller', 'admin', NULL, NULL, '', 'Stok Otomatis (Pribadi)', 0, NULL, '2025-12-27 18:19:30', '4', NULL, NULL, NULL, NULL, NULL, NULL, 1),
(185, 'TRX-20251227181930', 169, 1, 'reseller', 'admin', NULL, NULL, '', 'Stok Otomatis (Pribadi)', 0, NULL, '2025-12-27 18:19:30', '4', NULL, NULL, NULL, NULL, NULL, NULL, 1),
(186, 'TRX-20251227181931', 169, 1, 'reseller', 'admin', NULL, NULL, '', 'Stok Otomatis (Pribadi)', 0, NULL, '2025-12-27 18:19:31', '4', NULL, NULL, NULL, NULL, NULL, NULL, 1),
(187, 'TRX-20251227181932', 169, 1, 'reseller', 'admin', NULL, NULL, '', 'Stok Otomatis (Pribadi)', 0, NULL, '2025-12-27 18:19:32', '4', NULL, NULL, NULL, NULL, NULL, NULL, 1),
(188, 'TRX-20251227181933', 169, 1, 'reseller', 'admin', NULL, NULL, '', 'Stok Otomatis (Pribadi)', 0, NULL, '2025-12-27 18:19:33', '4', NULL, NULL, NULL, NULL, NULL, NULL, 1),
(189, 'TRX-20251227181933', 169, 1, 'reseller', 'admin', NULL, NULL, '', 'Stok Otomatis (Pribadi)', 0, NULL, '2025-12-27 18:19:33', '4', NULL, NULL, NULL, NULL, NULL, NULL, 1),
(190, 'TRX-20251227181934', 169, 1, 'reseller', 'admin', NULL, NULL, '', 'Stok Otomatis (Pribadi)', 0, NULL, '2025-12-27 18:19:34', '4', NULL, NULL, NULL, NULL, NULL, NULL, 1),
(191, 'TRX-20251227181935', 169, 1, 'reseller', 'admin', NULL, NULL, '', 'Stok Otomatis (Pribadi)', 0, NULL, '2025-12-27 18:19:35', '4', NULL, NULL, NULL, NULL, NULL, NULL, 1),
(192, 'TRX-20251227181935', 169, 1, 'reseller', 'admin', NULL, NULL, '', 'Stok Otomatis (Pribadi)', 0, NULL, '2025-12-27 18:19:35', '4', NULL, NULL, NULL, NULL, NULL, NULL, 1),
(193, 'TRX-20251227181937', 169, 1, 'reseller', 'admin', NULL, NULL, '', 'Stok Otomatis (Pribadi)', 0, NULL, '2025-12-27 18:19:37', '4', NULL, NULL, NULL, NULL, NULL, NULL, 1),
(194, 'TRX-20251227181937', 169, 1, 'reseller', 'admin', NULL, NULL, '', 'Stok Otomatis (Pribadi)', 0, NULL, '2025-12-27 18:19:37', '4', NULL, NULL, NULL, NULL, NULL, NULL, 1),
(195, 'TRX-20251227181937', 169, 1, 'reseller', 'admin', NULL, NULL, '', 'Stok Otomatis (Pribadi)', 0, NULL, '2025-12-27 18:19:37', '4', NULL, NULL, NULL, NULL, NULL, NULL, 1),
(196, 'TRX-20251227181938', 169, 1, 'reseller', 'admin', NULL, NULL, '', 'Stok Otomatis (Pribadi)', 0, NULL, '2025-12-27 18:19:38', '4', NULL, NULL, NULL, NULL, NULL, NULL, 1),
(197, 'TRX-20251227181939', 169, 1, 'reseller', 'admin', NULL, NULL, '', 'Stok Otomatis (Pribadi)', 0, NULL, '2025-12-27 18:19:39', '4', NULL, NULL, NULL, NULL, NULL, NULL, 1),
(198, 'TRX-20251227181941', 169, 1, 'reseller', 'admin', NULL, NULL, '', 'Stok Otomatis (Pribadi)', 0, NULL, '2025-12-27 18:19:41', '4', NULL, NULL, NULL, NULL, NULL, NULL, 1),
(199, 'TRX-20251227181942', 169, 1, 'reseller', 'admin', NULL, NULL, '', 'Stok Otomatis (Pribadi)', 0, NULL, '2025-12-27 18:19:42', '4', NULL, NULL, NULL, NULL, NULL, NULL, 1),
(200, 'TRX-20251227181943', 169, 1, 'reseller', 'admin', NULL, NULL, '', 'Stok Otomatis (Pribadi)', 0, NULL, '2025-12-27 18:19:43', '4', NULL, NULL, NULL, NULL, NULL, NULL, 1),
(201, 'TRX-20251227181945', 169, 1, 'reseller', 'admin', NULL, NULL, '', 'Stok Otomatis (Pribadi)', 0, NULL, '2025-12-27 18:19:45', '4', NULL, NULL, NULL, NULL, NULL, NULL, 1),
(202, 'TRX-20251227181950', 169, 1, 'reseller', 'admin', NULL, NULL, '', 'Stok Otomatis (Pribadi)', 0, NULL, '2025-12-27 18:19:50', '4', NULL, NULL, NULL, NULL, NULL, NULL, 1),
(203, 'TRX-20251227181952', 169, 1, 'reseller', 'admin', NULL, NULL, '', 'Stok Otomatis (Pribadi)', 0, NULL, '2025-12-27 18:19:52', '4', NULL, NULL, NULL, NULL, NULL, NULL, 1),
(204, 'TRX-20251227181953', 169, 1, 'reseller', 'admin', NULL, NULL, '', 'Stok Otomatis (Pribadi)', 0, NULL, '2025-12-27 18:19:53', '4', NULL, NULL, NULL, NULL, NULL, NULL, 1),
(205, 'TRX-20251227181955', 169, 1, 'reseller', 'admin', NULL, NULL, '', 'Stok Otomatis (Pribadi)', 0, NULL, '2025-12-27 18:19:55', '4', NULL, NULL, NULL, NULL, NULL, NULL, 1),
(206, 'TRX-20251227181957', 169, 1, 'reseller', 'admin', NULL, NULL, '', 'Stok Otomatis (Pribadi)', 0, NULL, '2025-12-27 18:19:57', '4', NULL, NULL, NULL, NULL, NULL, NULL, 1),
(207, 'TRX-20251227181958', 169, 1, 'reseller', 'admin', NULL, NULL, '', 'Stok Otomatis (Pribadi)', 0, NULL, '2025-12-27 18:19:58', '4', NULL, NULL, NULL, NULL, NULL, NULL, 1),
(208, 'TRX-20251227181959', 169, 1, 'reseller', 'admin', NULL, NULL, '', 'Stok Otomatis (Pribadi)', 0, NULL, '2025-12-27 18:19:59', '4', NULL, NULL, NULL, NULL, NULL, NULL, 1),
(209, 'TRX-20251227182001', 169, 1, 'reseller', 'admin', NULL, NULL, '', 'Stok Otomatis (Pribadi)', 0, NULL, '2025-12-27 18:20:01', '4', NULL, NULL, NULL, NULL, NULL, NULL, 1),
(210, 'TRX-20251227182001', 169, 1, 'reseller', 'admin', NULL, NULL, '', 'Stok Otomatis (Pribadi)', 0, NULL, '2025-12-27 18:20:01', '4', NULL, NULL, NULL, NULL, NULL, NULL, 1),
(211, 'TRX-20251227182001', 169, 1, 'reseller', 'admin', NULL, NULL, '', 'Stok Otomatis (Pribadi)', 0, NULL, '2025-12-27 18:20:01', '4', NULL, NULL, NULL, NULL, NULL, NULL, 1),
(212, 'TRX-20251227182002', 169, 1, 'reseller', 'admin', NULL, NULL, '', 'Stok Otomatis (Pribadi)', 0, NULL, '2025-12-27 18:20:02', '4', NULL, NULL, NULL, NULL, NULL, NULL, 1),
(213, 'TRX-20251227182004', 169, 1, 'reseller', 'admin', NULL, NULL, '', 'Stok Otomatis (Pribadi)', 0, NULL, '2025-12-27 18:20:04', '4', NULL, NULL, NULL, NULL, NULL, NULL, 1),
(214, 'TRX-20251227182006', 169, 1, 'reseller', 'admin', NULL, NULL, '', 'Stok Otomatis (Pribadi)', 0, NULL, '2025-12-27 18:20:06', '4', NULL, NULL, NULL, NULL, NULL, NULL, 1),
(215, 'TRX-20251227182008', 169, 1, 'reseller', 'admin', NULL, NULL, '', 'Stok Otomatis (Pribadi)', 0, NULL, '2025-12-27 18:20:08', '4', NULL, NULL, NULL, NULL, NULL, NULL, 1),
(216, 'TRX-20251227182008', 169, 1, 'reseller', 'admin', NULL, NULL, '', 'Stok Otomatis (Pribadi)', 0, NULL, '2025-12-27 18:20:08', '4', NULL, NULL, NULL, NULL, NULL, NULL, 1),
(217, 'TRX-20251227182010', 169, 1, 'reseller', 'admin', NULL, NULL, '', 'Stok Otomatis (Pribadi)', 0, NULL, '2025-12-27 18:20:10', '4', NULL, NULL, NULL, NULL, NULL, NULL, 1),
(218, 'TRX-20251227182012', 169, 1, 'reseller', 'admin', NULL, NULL, '', 'Stok Otomatis (Pribadi)', 0, NULL, '2025-12-27 18:20:12', '4', NULL, NULL, NULL, NULL, NULL, NULL, 1),
(219, 'TRX-20251227182012', 169, 1, 'reseller', 'admin', NULL, NULL, '', 'Stok Otomatis (Pribadi)', 0, NULL, '2025-12-27 18:20:12', '4', NULL, NULL, NULL, NULL, NULL, NULL, 1),
(220, 'TRX-20251227182014', 169, 1, 'reseller', 'admin', NULL, NULL, '', 'Stok Otomatis (Pribadi)', 0, NULL, '2025-12-27 18:20:14', '4', NULL, NULL, NULL, NULL, NULL, NULL, 1),
(221, 'TRX-20251227182016', 169, 1, 'reseller', 'admin', NULL, NULL, '', 'Stok Otomatis (Pribadi)', 0, NULL, '2025-12-27 18:20:16', '4', NULL, NULL, NULL, NULL, NULL, NULL, 1),
(222, 'TRX-20251227182020', 169, 1, 'reseller', 'admin', NULL, NULL, '', 'Stok Otomatis (Pribadi)', 0, NULL, '2025-12-27 18:20:20', '4', NULL, NULL, NULL, NULL, NULL, NULL, 1),
(223, 'TRX-20251227182022', 169, 1, 'reseller', 'admin', NULL, NULL, '', 'Stok Otomatis (Pribadi)', 0, NULL, '2025-12-27 18:20:22', '4', NULL, NULL, NULL, NULL, NULL, NULL, 1),
(224, 'TRX-20251227182023', 169, 1, 'reseller', 'admin', NULL, NULL, '', 'Stok Otomatis (Pribadi)', 0, NULL, '2025-12-27 18:20:23', '4', NULL, NULL, NULL, NULL, NULL, NULL, 1),
(225, 'TRX-20251227182023', 169, 1, 'reseller', 'admin', NULL, NULL, '', 'Stok Otomatis (Pribadi)', 0, NULL, '2025-12-27 18:20:23', '4', NULL, NULL, NULL, NULL, NULL, NULL, 1),
(226, 'TRX-20251227182024', 169, 1, 'reseller', 'admin', NULL, NULL, '', 'Stok Otomatis (Pribadi)', 0, NULL, '2025-12-27 18:20:24', '4', NULL, NULL, NULL, NULL, NULL, NULL, 1),
(227, 'TRX-20251227182026', 169, 1, 'reseller', 'admin', NULL, NULL, '', 'Stok Otomatis (Pribadi)', 0, NULL, '2025-12-27 18:20:26', '4', NULL, NULL, NULL, NULL, NULL, NULL, 1),
(228, 'TRX-20251227182137', 169, 1, 'reseller', 'admin', NULL, NULL, '', 'Stok Otomatis (Pribadi)', 0, NULL, '2025-12-27 18:21:37', '4', NULL, NULL, NULL, NULL, NULL, NULL, 1),
(229, 'TRX-20251227182137', 169, 1, 'reseller', 'admin', NULL, NULL, '', 'Stok Otomatis (Pribadi)', 0, NULL, '2025-12-27 18:21:37', '4', NULL, NULL, NULL, NULL, NULL, NULL, 1),
(230, 'TRX-20251227182138', 169, 1, 'reseller', 'admin', NULL, NULL, '', 'Stok Otomatis (Pribadi)', 0, NULL, '2025-12-27 18:21:38', '4', NULL, NULL, NULL, NULL, NULL, NULL, 1),
(231, 'TRX-20251227182141', 169, 1, 'reseller', 'admin', NULL, NULL, '', 'Stok Otomatis (Pribadi)', 0, NULL, '2025-12-27 18:21:41', '4', NULL, NULL, NULL, NULL, NULL, NULL, 1),
(232, 'TRX-20251227182143', 169, 1, 'reseller', 'admin', NULL, NULL, '', 'Stok Otomatis (Pribadi)', 0, NULL, '2025-12-27 18:21:43', '4', NULL, NULL, NULL, NULL, NULL, NULL, 1),
(233, 'TRX-20251227182144', 169, 1, 'reseller', 'admin', NULL, NULL, '', 'Stok Otomatis (Pribadi)', 0, NULL, '2025-12-27 18:21:44', '4', NULL, NULL, NULL, NULL, NULL, NULL, 1),
(234, 'TRX-20251227182146', 169, 1, 'reseller', 'admin', NULL, NULL, '', 'Stok Otomatis (Pribadi)', 0, NULL, '2025-12-27 18:21:46', '4', NULL, NULL, NULL, NULL, NULL, NULL, 1),
(235, 'TRX-20251227182147', 169, 1, 'reseller', 'admin', NULL, NULL, '', 'Stok Otomatis (Pribadi)', 0, NULL, '2025-12-27 18:21:47', '4', NULL, NULL, NULL, NULL, NULL, NULL, 1),
(236, 'TRX-20251227182149', 169, 1, 'reseller', 'admin', NULL, NULL, '', 'Stok Otomatis (Pribadi)', 0, NULL, '2025-12-27 18:21:49', '4', NULL, NULL, NULL, NULL, NULL, NULL, 1),
(237, 'TRX-20251227182150', 169, 1, 'reseller', 'admin', NULL, NULL, '', 'Stok Otomatis (Pribadi)', 0, NULL, '2025-12-27 18:21:50', '4', NULL, NULL, NULL, NULL, NULL, NULL, 1),
(238, 'TRX-20251227182151', 169, 1, 'reseller', 'admin', NULL, NULL, '', 'Stok Otomatis (Pribadi)', 0, NULL, '2025-12-27 18:21:51', '4', NULL, NULL, NULL, NULL, NULL, NULL, 1),
(239, 'TRX-20251227182155', 169, 1, 'reseller', 'admin', NULL, NULL, '', 'Stok Otomatis (Pribadi)', 0, NULL, '2025-12-27 18:21:55', '4', NULL, NULL, NULL, NULL, NULL, NULL, 1),
(240, 'TRX-20251227182158', 169, 1, 'reseller', 'admin', NULL, NULL, '', 'Stok Otomatis (Pribadi)', 0, NULL, '2025-12-27 18:21:58', '4', NULL, NULL, NULL, NULL, NULL, NULL, 1),
(241, 'TRX-20251227182158', 169, 1, 'reseller', 'admin', NULL, NULL, '', 'Stok Otomatis (Pribadi)', 0, NULL, '2025-12-27 18:21:58', '4', NULL, NULL, NULL, NULL, NULL, NULL, 1),
(242, 'TRX-20251227182201', 169, 1, 'reseller', 'admin', NULL, NULL, '', 'Stok Otomatis (Pribadi)', 0, NULL, '2025-12-27 18:22:01', '4', NULL, NULL, NULL, NULL, NULL, NULL, 1),
(243, 'TRX-20251227182202', 169, 1, 'reseller', 'admin', NULL, NULL, '', 'Stok Otomatis (Pribadi)', 0, NULL, '2025-12-27 18:22:02', '4', NULL, NULL, NULL, NULL, NULL, NULL, 1),
(244, 'TRX-20251227182204', 169, 1, 'reseller', 'admin', NULL, NULL, '', 'Stok Otomatis (Pribadi)', 0, NULL, '2025-12-27 18:22:04', '4', NULL, NULL, NULL, NULL, NULL, NULL, 1),
(245, 'TRX-20251227182205', 169, 1, 'reseller', 'admin', NULL, NULL, '', 'Stok Otomatis (Pribadi)', 0, NULL, '2025-12-27 18:22:05', '4', NULL, NULL, NULL, NULL, NULL, NULL, 1),
(246, 'TRX-20251227182207', 169, 1, 'reseller', 'admin', NULL, NULL, '', 'Stok Otomatis (Pribadi)', 0, NULL, '2025-12-27 18:22:07', '4', NULL, NULL, NULL, NULL, NULL, NULL, 1),
(247, 'TRX-20251227182212', 169, 1, 'reseller', 'admin', NULL, NULL, '', 'Stok Otomatis (Pribadi)', 0, NULL, '2025-12-27 18:22:12', '4', NULL, NULL, NULL, NULL, NULL, NULL, 1),
(248, 'TRX-20251227182213', 169, 1, 'reseller', 'admin', NULL, NULL, '', 'Stok Otomatis (Pribadi)', 0, NULL, '2025-12-27 18:22:13', '4', NULL, NULL, NULL, NULL, NULL, NULL, 1),
(249, 'TRX-20251227182213', 169, 1, 'reseller', 'admin', NULL, NULL, '', 'Stok Otomatis (Pribadi)', 0, NULL, '2025-12-27 18:22:13', '4', NULL, NULL, NULL, NULL, NULL, NULL, 1),
(250, 'TRX-20251227182214', 169, 1, 'reseller', 'admin', NULL, NULL, '', 'Stok Otomatis (Pribadi)', 0, NULL, '2025-12-27 18:22:14', '4', NULL, NULL, NULL, NULL, NULL, NULL, 1),
(251, 'TRX-20251227182215', 169, 1, 'reseller', 'admin', NULL, NULL, '', 'Stok Otomatis (Pribadi)', 0, NULL, '2025-12-27 18:22:15', '4', NULL, NULL, NULL, NULL, NULL, NULL, 1),
(252, 'TRX-20251227182217', 169, 1, 'reseller', 'admin', NULL, NULL, '', 'Stok Otomatis (Pribadi)', 0, NULL, '2025-12-27 18:22:17', '4', NULL, NULL, NULL, NULL, NULL, NULL, 1),
(253, 'TRX-20251227182218', 169, 1, 'reseller', 'admin', NULL, NULL, '', 'Stok Otomatis (Pribadi)', 0, NULL, '2025-12-27 18:22:18', '4', NULL, NULL, NULL, NULL, NULL, NULL, 1),
(254, 'TRX-20251227182221', 169, 1, 'reseller', 'admin', NULL, NULL, '', 'Stok Otomatis (Pribadi)', 0, NULL, '2025-12-27 18:22:21', '4', NULL, NULL, NULL, NULL, NULL, NULL, 1),
(255, 'TRX-20251227182222', 169, 1, 'reseller', 'admin', NULL, NULL, '', 'Stok Otomatis (Pribadi)', 0, NULL, '2025-12-27 18:22:22', '4', NULL, NULL, NULL, NULL, NULL, NULL, 1),
(256, 'TRX-20251227182224', 169, 1, 'reseller', 'admin', NULL, NULL, '', 'Stok Otomatis (Pribadi)', 0, NULL, '2025-12-27 18:22:24', '4', NULL, NULL, NULL, NULL, NULL, NULL, 1),
(257, 'TRX-20251227182224', 169, 1, 'reseller', 'admin', NULL, NULL, '', 'Stok Otomatis (Pribadi)', 0, NULL, '2025-12-27 18:22:24', '4', NULL, NULL, NULL, NULL, NULL, NULL, 1),
(258, 'TRX-20251227182230', 169, 1, 'reseller', 'admin', NULL, NULL, '', 'Stok Otomatis (Pribadi)', 0, NULL, '2025-12-27 18:22:30', '4', NULL, NULL, NULL, NULL, NULL, NULL, 1),
(259, 'TRX-20251227182232', 169, 1, 'reseller', 'admin', NULL, NULL, '', 'Stok Otomatis (Pribadi)', 0, NULL, '2025-12-27 18:22:32', '4', NULL, NULL, NULL, NULL, NULL, NULL, 1),
(260, 'TRX-20251227182237', 169, 1, 'reseller', 'admin', NULL, NULL, '', 'Stok Otomatis (Pribadi)', 0, NULL, '2025-12-27 18:22:37', '4', NULL, NULL, NULL, NULL, NULL, NULL, 1),
(261, 'TRX-20251227182238', 169, 1, 'reseller', 'admin', NULL, NULL, '', 'Stok Otomatis (Pribadi)', 0, NULL, '2025-12-27 18:22:38', '4', NULL, NULL, NULL, NULL, NULL, NULL, 1),
(262, 'TRX-20251227182243', 169, 1, 'reseller', 'admin', NULL, NULL, '', 'Stok Otomatis (Pribadi)', 0, NULL, '2025-12-27 18:22:43', '4', NULL, NULL, NULL, NULL, NULL, NULL, 1),
(263, 'TRX-20251227182245', 169, 1, 'reseller', 'admin', NULL, NULL, '', 'Stok Otomatis (Pribadi)', 0, NULL, '2025-12-27 18:22:45', '4', NULL, NULL, NULL, NULL, NULL, NULL, 1),
(264, 'TRX-20251227182246', 169, 1, 'reseller', 'admin', NULL, NULL, '', 'Stok Otomatis (Pribadi)', 0, NULL, '2025-12-27 18:22:46', '4', NULL, NULL, NULL, NULL, NULL, NULL, 1),
(265, 'TRX-20251227182247', 169, 1, 'reseller', 'admin', NULL, NULL, '', 'Stok Otomatis (Pribadi)', 0, NULL, '2025-12-27 18:22:47', '4', NULL, NULL, NULL, NULL, NULL, NULL, 1),
(266, 'TRX-20251227182247', 169, 1, 'reseller', 'admin', NULL, NULL, '', 'Stok Otomatis (Pribadi)', 0, NULL, '2025-12-27 18:22:47', '4', NULL, NULL, NULL, NULL, NULL, NULL, 1),
(267, 'TRX-20251227182249', 169, 1, 'reseller', 'admin', NULL, NULL, '', 'Stok Otomatis (Pribadi)', 0, NULL, '2025-12-27 18:22:49', '4', NULL, NULL, NULL, NULL, NULL, NULL, 1),
(268, 'TRX-20251227182249', 169, 1, 'reseller', 'admin', NULL, NULL, '', 'Stok Otomatis (Pribadi)', 0, NULL, '2025-12-27 18:22:49', '4', NULL, NULL, NULL, NULL, NULL, NULL, 1),
(269, 'TRX-20251227182254', 169, 1, 'reseller', 'admin', NULL, NULL, '', 'Stok Otomatis (Pribadi)', 0, NULL, '2025-12-27 18:22:54', '4', NULL, NULL, NULL, NULL, NULL, NULL, 1),
(270, 'TRX-20251227182257', 169, 1, 'reseller', 'admin', NULL, NULL, '', 'Stok Otomatis (Pribadi)', 0, NULL, '2025-12-27 18:22:57', '4', NULL, NULL, NULL, NULL, NULL, NULL, 1),
(271, 'TRX-20251227182301', 169, 1, 'reseller', 'admin', NULL, NULL, '', 'Stok Otomatis (Pribadi)', 0, NULL, '2025-12-27 18:23:01', '4', NULL, NULL, NULL, NULL, NULL, NULL, 1),
(272, 'TRX-20251227182302', 169, 1, 'reseller', 'admin', NULL, NULL, '', 'Stok Otomatis (Pribadi)', 0, NULL, '2025-12-27 18:23:02', '4', NULL, NULL, NULL, NULL, NULL, NULL, 1),
(273, 'TRX-20251227182304', 169, 1, 'reseller', 'admin', NULL, NULL, '', 'Stok Otomatis (Pribadi)', 0, NULL, '2025-12-27 18:23:04', '4', NULL, NULL, NULL, NULL, NULL, NULL, 1),
(274, 'TRX-20251227182306', 169, 1, 'reseller', 'admin', NULL, NULL, '', 'Stok Otomatis (Pribadi)', 0, NULL, '2025-12-27 18:23:06', '4', NULL, NULL, NULL, NULL, NULL, NULL, 1),
(275, 'TRX-20251227182307', 169, 1, 'reseller', 'admin', NULL, NULL, '', 'Stok Otomatis (Pribadi)', 0, NULL, '2025-12-27 18:23:07', '4', NULL, NULL, NULL, NULL, NULL, NULL, 1),
(276, 'TRX-20251227182309', 169, 1, 'reseller', 'admin', NULL, NULL, '', 'Stok Otomatis (Pribadi)', 0, NULL, '2025-12-27 18:23:09', '4', NULL, NULL, NULL, NULL, NULL, NULL, 1),
(277, 'TRX-20251227182309', 169, 1, 'reseller', 'admin', NULL, NULL, '', 'Stok Otomatis (Pribadi)', 0, NULL, '2025-12-27 18:23:09', '4', NULL, NULL, NULL, NULL, NULL, NULL, 1),
(278, 'TRX-20251227182310', 169, 1, 'reseller', 'admin', NULL, NULL, '', 'Stok Otomatis (Pribadi)', 0, NULL, '2025-12-27 18:23:10', '4', NULL, NULL, NULL, NULL, NULL, NULL, 1),
(279, 'TRX-20251227182312', 169, 1, 'reseller', 'admin', NULL, NULL, '', 'Stok Otomatis (Pribadi)', 0, NULL, '2025-12-27 18:23:12', '4', NULL, NULL, NULL, NULL, NULL, NULL, 1),
(280, 'TRX-20251227182313', 169, 1, 'reseller', 'admin', NULL, NULL, '', 'Stok Otomatis (Pribadi)', 0, NULL, '2025-12-27 18:23:13', '4', NULL, NULL, NULL, NULL, NULL, NULL, 1),
(281, 'TRX-20251227182313', 169, 1, 'reseller', 'admin', NULL, NULL, '', 'Stok Otomatis (Pribadi)', 0, NULL, '2025-12-27 18:23:13', '4', NULL, NULL, NULL, NULL, NULL, NULL, 1),
(282, 'TRX-20251227182314', 169, 1, 'reseller', 'admin', NULL, NULL, '', 'Stok Otomatis (Pribadi)', 0, NULL, '2025-12-27 18:23:14', '4', NULL, NULL, NULL, NULL, NULL, NULL, 1),
(283, 'TRX-20251227182314', 169, 1, 'reseller', 'admin', NULL, NULL, '', 'Stok Otomatis (Pribadi)', 0, NULL, '2025-12-27 18:23:14', '4', NULL, NULL, NULL, NULL, NULL, NULL, 1),
(284, 'TRX-20251227182316', 169, 1, 'reseller', 'admin', NULL, NULL, '', 'Stok Otomatis (Pribadi)', 0, NULL, '2025-12-27 18:23:16', '4', NULL, NULL, NULL, NULL, NULL, NULL, 1),
(285, 'TRX-20251227182319', 169, 1, 'reseller', 'admin', NULL, NULL, '', 'Stok Otomatis (Pribadi)', 0, NULL, '2025-12-27 18:23:19', '4', NULL, NULL, NULL, NULL, NULL, NULL, 1);
INSERT INTO `rb_penjualan` (`id_penjualan`, `kode_transaksi`, `id_pembeli`, `id_penjual`, `status_pembeli`, `status_penjual`, `no_resi`, `kode_kurir`, `kurir`, `service`, `ongkir`, `keterangan`, `waktu_transaksi`, `proses`, `fee`, `fee_admin`, `dropshipper`, `group_order`, `no_resi_marketplace`, `file_resi_marketplace`, `id_mata_uang`) VALUES
(286, 'TRX-20251227182322', 169, 1, 'reseller', 'admin', NULL, NULL, '', 'Stok Otomatis (Pribadi)', 0, NULL, '2025-12-27 18:23:22', '4', NULL, NULL, NULL, NULL, NULL, NULL, 1),
(287, 'TRX-20251227182323', 169, 1, 'reseller', 'admin', NULL, NULL, '', 'Stok Otomatis (Pribadi)', 0, NULL, '2025-12-27 18:23:23', '4', NULL, NULL, NULL, NULL, NULL, NULL, 1),
(288, 'TRX-20251227182325', 169, 1, 'reseller', 'admin', NULL, NULL, '', 'Stok Otomatis (Pribadi)', 0, NULL, '2025-12-27 18:23:25', '4', NULL, NULL, NULL, NULL, NULL, NULL, 1),
(289, 'TRX-20251227182325', 169, 1, 'reseller', 'admin', NULL, NULL, '', 'Stok Otomatis (Pribadi)', 0, NULL, '2025-12-27 18:23:25', '4', NULL, NULL, NULL, NULL, NULL, NULL, 1),
(290, 'TRX-20251227182328', 169, 1, 'reseller', 'admin', NULL, NULL, '', 'Stok Otomatis (Pribadi)', 0, NULL, '2025-12-27 18:23:28', '4', NULL, NULL, NULL, NULL, NULL, NULL, 1),
(291, 'TRX-20251227182331', 169, 1, 'reseller', 'admin', NULL, NULL, '', 'Stok Otomatis (Pribadi)', 0, NULL, '2025-12-27 18:23:31', '4', NULL, NULL, NULL, NULL, NULL, NULL, 1),
(292, 'TRX-20251228152458', 169, 1, 'reseller', 'admin', NULL, NULL, '', 'Stok Otomatis (Pribadi)', 0, NULL, '2025-12-28 15:24:58', '4', NULL, NULL, NULL, NULL, NULL, NULL, 1),
(293, 'TRX-20251228152500', 169, 1, 'reseller', 'admin', NULL, NULL, '', 'Stok Otomatis (Pribadi)', 0, NULL, '2025-12-28 15:25:00', '4', NULL, NULL, NULL, NULL, NULL, NULL, 1),
(294, 'TRX-20251228152502', 169, 1, 'reseller', 'admin', NULL, NULL, '', 'Stok Otomatis (Pribadi)', 0, NULL, '2025-12-28 15:25:02', '4', NULL, NULL, NULL, NULL, NULL, NULL, 1),
(295, 'TRX-20251228152514', 169, 1, 'reseller', 'admin', NULL, NULL, '', 'Stok Otomatis (Pribadi)', 0, NULL, '2025-12-28 15:25:14', '4', NULL, NULL, NULL, NULL, NULL, NULL, 1),
(296, 'TRX-20251228153831', 169, 1, 'reseller', 'admin', NULL, NULL, '', 'Stok Otomatis (Pribadi)', 0, NULL, '2025-12-28 15:38:31', '4', NULL, NULL, NULL, NULL, NULL, NULL, 1),
(297, 'TRX-20251228153832', 169, 1, 'reseller', 'admin', NULL, NULL, '', 'Stok Otomatis (Pribadi)', 0, NULL, '2025-12-28 15:38:32', '4', NULL, NULL, NULL, NULL, NULL, NULL, 1),
(298, 'TRX-20251228153832', 169, 1, 'reseller', 'admin', NULL, NULL, '', 'Stok Otomatis (Pribadi)', 0, NULL, '2025-12-28 15:38:32', '4', NULL, NULL, NULL, NULL, NULL, NULL, 1),
(299, 'TRX-20251228153835', 169, 1, 'reseller', 'admin', NULL, NULL, '', 'Stok Otomatis (Pribadi)', 0, NULL, '2025-12-28 15:38:35', '4', NULL, NULL, NULL, NULL, NULL, NULL, 1),
(300, 'TRX-20251228154420', 169, 1, 'reseller', 'admin', NULL, NULL, '', 'Stok Otomatis (Pribadi)', 0, NULL, '2025-12-28 15:44:20', '4', NULL, NULL, NULL, NULL, NULL, NULL, 1),
(301, 'TRX-20251228154420', 169, 1, 'reseller', 'admin', NULL, NULL, '', 'Stok Otomatis (Pribadi)', 0, NULL, '2025-12-28 15:44:20', '4', NULL, NULL, NULL, NULL, NULL, NULL, 1),
(302, 'TRX-20251228154421', 169, 1, 'reseller', 'admin', NULL, NULL, '', 'Stok Otomatis (Pribadi)', 0, NULL, '2025-12-28 15:44:21', '4', NULL, NULL, NULL, NULL, NULL, NULL, 1),
(303, 'TRX-20251228154423', 169, 1, 'reseller', 'admin', NULL, NULL, '', 'Stok Otomatis (Pribadi)', 0, NULL, '2025-12-28 15:44:23', '4', NULL, NULL, NULL, NULL, NULL, NULL, 1),
(304, 'TRX-20251228154847', 169, 1, 'reseller', 'admin', NULL, NULL, '', 'Stok Otomatis (Pribadi)', 0, NULL, '2025-12-28 15:48:47', '4', NULL, NULL, NULL, NULL, NULL, NULL, 1),
(305, 'TRX-20251228154848', 169, 1, 'reseller', 'admin', NULL, NULL, '', 'Stok Otomatis (Pribadi)', 0, NULL, '2025-12-28 15:48:48', '4', NULL, NULL, NULL, NULL, NULL, NULL, 1),
(306, 'TRX-20251228154848', 169, 1, 'reseller', 'admin', NULL, NULL, '', 'Stok Otomatis (Pribadi)', 0, NULL, '2025-12-28 15:48:48', '4', NULL, NULL, NULL, NULL, NULL, NULL, 1),
(307, 'TRX-20251228154850', 169, 1, 'reseller', 'admin', NULL, NULL, '', 'Stok Otomatis (Pribadi)', 0, NULL, '2025-12-28 15:48:50', '4', NULL, NULL, NULL, NULL, NULL, NULL, 1),
(308, 'TRX-20251228155124', 169, 1, 'reseller', 'admin', NULL, NULL, '', 'Stok Otomatis (Pribadi)', 0, NULL, '2025-12-28 15:51:24', '4', NULL, NULL, NULL, NULL, NULL, NULL, 1),
(309, 'TRX-20251228155125', 169, 1, 'reseller', 'admin', NULL, NULL, '', 'Stok Otomatis (Pribadi)', 0, NULL, '2025-12-28 15:51:25', '4', NULL, NULL, NULL, NULL, NULL, NULL, 1),
(310, 'TRX-20251228155125', 169, 1, 'reseller', 'admin', NULL, NULL, '', 'Stok Otomatis (Pribadi)', 0, NULL, '2025-12-28 15:51:25', '4', NULL, NULL, NULL, NULL, NULL, NULL, 1),
(311, 'TRX-20251228155128', 169, 1, 'reseller', 'admin', NULL, NULL, '', 'Stok Otomatis (Pribadi)', 0, NULL, '2025-12-28 15:51:28', '4', NULL, NULL, NULL, NULL, NULL, NULL, 1),
(312, 'TRX-20251228155346', 169, 1, 'reseller', 'admin', NULL, NULL, '', 'Stok Otomatis (Pribadi)', 0, NULL, '2025-12-28 15:53:46', '4', NULL, NULL, NULL, NULL, NULL, NULL, 1),
(313, 'TRX-20251228155346', 169, 1, 'reseller', 'admin', NULL, NULL, '', 'Stok Otomatis (Pribadi)', 0, NULL, '2025-12-28 15:53:46', '4', NULL, NULL, NULL, NULL, NULL, NULL, 1),
(314, 'TRX-20251228155347', 169, 1, 'reseller', 'admin', NULL, NULL, '', 'Stok Otomatis (Pribadi)', 0, NULL, '2025-12-28 15:53:47', '4', NULL, NULL, NULL, NULL, NULL, NULL, 1),
(315, 'TRX-20251228155350', 169, 1, 'reseller', 'admin', NULL, NULL, '', 'Stok Otomatis (Pribadi)', 0, NULL, '2025-12-28 15:53:50', '4', NULL, NULL, NULL, NULL, NULL, NULL, 1),
(316, 'TRX-20251228171301', 169, 1, 'reseller', 'admin', NULL, NULL, '', 'Stok Otomatis (Pribadi)', 0, NULL, '2025-12-28 17:13:01', '4', NULL, NULL, NULL, NULL, NULL, NULL, 1),
(317, 'TRX-20251228171302', 169, 1, 'reseller', 'admin', NULL, NULL, '', 'Stok Otomatis (Pribadi)', 0, NULL, '2025-12-28 17:13:02', '4', NULL, NULL, NULL, NULL, NULL, NULL, 1),
(318, 'TRX-20251228171302', 169, 1, 'reseller', 'admin', NULL, NULL, '', 'Stok Otomatis (Pribadi)', 0, NULL, '2025-12-28 17:13:02', '4', NULL, NULL, NULL, NULL, NULL, NULL, 1),
(319, 'TRX-20251228171305', 169, 1, 'reseller', 'admin', NULL, NULL, '', 'Stok Otomatis (Pribadi)', 0, NULL, '2025-12-28 17:13:05', '4', NULL, NULL, NULL, NULL, NULL, NULL, 1),
(320, 'TRX-20251228171636', 169, 1, 'reseller', 'admin', NULL, NULL, '', 'Stok Otomatis (Pribadi)', 0, NULL, '2025-12-28 17:16:36', '4', NULL, NULL, NULL, NULL, NULL, NULL, 1),
(321, 'TRX-20251228171639', 169, 1, 'reseller', 'admin', NULL, NULL, '', 'Stok Otomatis (Pribadi)', 0, NULL, '2025-12-28 17:16:39', '4', NULL, NULL, NULL, NULL, NULL, NULL, 1),
(322, 'TRX-20251228171641', 169, 1, 'reseller', 'admin', NULL, NULL, '', 'Stok Otomatis (Pribadi)', 0, NULL, '2025-12-28 17:16:41', '4', NULL, NULL, NULL, NULL, NULL, NULL, 1),
(323, 'TRX-20251228171650', 169, 1, 'reseller', 'admin', NULL, NULL, '', 'Stok Otomatis (Pribadi)', 0, NULL, '2025-12-28 17:16:50', '4', NULL, NULL, NULL, NULL, NULL, NULL, 1),
(324, 'TRX-20251228173944', 169, 1, 'reseller', 'admin', NULL, NULL, '', 'Stok Otomatis (Pribadi)', 0, NULL, '2025-12-28 17:39:44', '4', NULL, NULL, NULL, NULL, NULL, NULL, 1),
(325, 'TRX-20251228173944', 169, 1, 'reseller', 'admin', NULL, NULL, '', 'Stok Otomatis (Pribadi)', 0, NULL, '2025-12-28 17:39:44', '4', NULL, NULL, NULL, NULL, NULL, NULL, 1),
(326, 'TRX-20251228173945', 169, 1, 'reseller', 'admin', NULL, NULL, '', 'Stok Otomatis (Pribadi)', 0, NULL, '2025-12-28 17:39:45', '4', NULL, NULL, NULL, NULL, NULL, NULL, 1),
(327, 'TRX-20251228173947', 169, 1, 'reseller', 'admin', NULL, NULL, '', 'Stok Otomatis (Pribadi)', 0, NULL, '2025-12-28 17:39:47', '4', NULL, NULL, NULL, NULL, NULL, NULL, 1),
(328, 'TRX-20251228174041', 169, 1, 'reseller', 'admin', NULL, NULL, '', 'Stok Otomatis (Pribadi)', 0, NULL, '2025-12-28 17:40:41', '4', NULL, NULL, NULL, NULL, NULL, NULL, 1),
(329, 'TRX-20251228174041', 169, 1, 'reseller', 'admin', NULL, NULL, '', 'Stok Otomatis (Pribadi)', 0, NULL, '2025-12-28 17:40:41', '4', NULL, NULL, NULL, NULL, NULL, NULL, 1),
(330, 'TRX-20251228174042', 169, 1, 'reseller', 'admin', NULL, NULL, '', 'Stok Otomatis (Pribadi)', 0, NULL, '2025-12-28 17:40:42', '4', NULL, NULL, NULL, NULL, NULL, NULL, 1),
(331, 'TRX-20251228174045', 169, 1, 'reseller', 'admin', NULL, NULL, '', 'Stok Otomatis (Pribadi)', 0, NULL, '2025-12-28 17:40:45', '4', NULL, NULL, NULL, NULL, NULL, NULL, 1),
(332, 'TRX-20251228174207', 169, 1, 'reseller', 'admin', NULL, NULL, '', 'Stok Otomatis (Pribadi)', 0, NULL, '2025-12-28 17:42:07', '4', NULL, NULL, NULL, NULL, NULL, NULL, 1),
(333, 'TRX-20251228174207', 169, 1, 'reseller', 'admin', NULL, NULL, '', 'Stok Otomatis (Pribadi)', 0, NULL, '2025-12-28 17:42:07', '4', NULL, NULL, NULL, NULL, NULL, NULL, 1),
(334, 'TRX-20251228174208', 169, 1, 'reseller', 'admin', NULL, NULL, '', 'Stok Otomatis (Pribadi)', 0, NULL, '2025-12-28 17:42:08', '4', NULL, NULL, NULL, NULL, NULL, NULL, 1),
(335, 'TRX-20251228174210', 169, 1, 'reseller', 'admin', NULL, NULL, '', 'Stok Otomatis (Pribadi)', 0, NULL, '2025-12-28 17:42:10', '4', NULL, NULL, NULL, NULL, NULL, NULL, 1),
(336, 'TRX-20251228174305', 169, 1, 'reseller', 'admin', NULL, NULL, '', 'Stok Otomatis (Pribadi)', 0, NULL, '2025-12-28 17:43:05', '4', NULL, NULL, NULL, NULL, NULL, NULL, 1),
(337, 'TRX-20251228174305', 169, 1, 'reseller', 'admin', NULL, NULL, '', 'Stok Otomatis (Pribadi)', 0, NULL, '2025-12-28 17:43:05', '4', NULL, NULL, NULL, NULL, NULL, NULL, 1),
(338, 'TRX-20251228174306', 169, 1, 'reseller', 'admin', NULL, NULL, '', 'Stok Otomatis (Pribadi)', 0, NULL, '2025-12-28 17:43:06', '4', NULL, NULL, NULL, NULL, NULL, NULL, 1),
(339, 'TRX-20251228174309', 169, 1, 'reseller', 'admin', NULL, NULL, '', 'Stok Otomatis (Pribadi)', 0, NULL, '2025-12-28 17:43:09', '4', NULL, NULL, NULL, NULL, NULL, NULL, 1),
(340, 'TRX-20251228174617', 169, 1, 'reseller', 'admin', NULL, NULL, '', 'Stok Otomatis (Pribadi)', 0, NULL, '2025-12-28 17:46:17', '4', NULL, NULL, NULL, NULL, NULL, NULL, 1),
(341, 'TRX-20251228174617', 169, 1, 'reseller', 'admin', NULL, NULL, '', 'Stok Otomatis (Pribadi)', 0, NULL, '2025-12-28 17:46:17', '4', NULL, NULL, NULL, NULL, NULL, NULL, 1),
(342, 'TRX-20251228174618', 169, 1, 'reseller', 'admin', NULL, NULL, '', 'Stok Otomatis (Pribadi)', 0, NULL, '2025-12-28 17:46:18', '4', NULL, NULL, NULL, NULL, NULL, NULL, 1),
(343, 'TRX-20251228174620', 169, 1, 'reseller', 'admin', NULL, NULL, '', 'Stok Otomatis (Pribadi)', 0, NULL, '2025-12-28 17:46:20', '4', NULL, NULL, NULL, NULL, NULL, NULL, 1),
(344, 'TRX-20251228174649', 169, 1, 'reseller', 'admin', NULL, NULL, '', 'Stok Otomatis (Pribadi)', 0, NULL, '2025-12-28 17:46:49', '4', NULL, NULL, NULL, NULL, NULL, NULL, 1),
(345, 'TRX-20251228174649', 169, 1, 'reseller', 'admin', NULL, NULL, '', 'Stok Otomatis (Pribadi)', 0, NULL, '2025-12-28 17:46:49', '4', NULL, NULL, NULL, NULL, NULL, NULL, 1),
(346, 'TRX-20251228174650', 169, 1, 'reseller', 'admin', NULL, NULL, '', 'Stok Otomatis (Pribadi)', 0, NULL, '2025-12-28 17:46:50', '4', NULL, NULL, NULL, NULL, NULL, NULL, 1),
(347, 'TRX-20251228174652', 169, 1, 'reseller', 'admin', NULL, NULL, '', 'Stok Otomatis (Pribadi)', 0, NULL, '2025-12-28 17:46:52', '4', NULL, NULL, NULL, NULL, NULL, NULL, 1),
(348, 'TRX-20251228175352', 169, 1, 'reseller', 'admin', NULL, NULL, '', 'Stok Otomatis (Pribadi)', 0, NULL, '2025-12-28 17:53:52', '4', NULL, NULL, NULL, NULL, NULL, NULL, 1),
(349, 'TRX-20251228175352', 169, 1, 'reseller', 'admin', NULL, NULL, '', 'Stok Otomatis (Pribadi)', 0, NULL, '2025-12-28 17:53:52', '4', NULL, NULL, NULL, NULL, NULL, NULL, 1),
(350, 'TRX-20251228175352', 169, 1, 'reseller', 'admin', NULL, NULL, '', 'Stok Otomatis (Pribadi)', 0, NULL, '2025-12-28 17:53:52', '4', NULL, NULL, NULL, NULL, NULL, NULL, 1),
(351, 'TRX-20251228175355', 169, 1, 'reseller', 'admin', NULL, NULL, '', 'Stok Otomatis (Pribadi)', 0, NULL, '2025-12-28 17:53:55', '4', NULL, NULL, NULL, NULL, NULL, NULL, 1),
(352, 'TRX-20260103151829', 1, 1, 'reseller', 'admin', NULL, NULL, '', 'Stok Otomatis (Pribadi)', 0, NULL, '2026-01-03 15:18:29', '4', NULL, NULL, NULL, NULL, NULL, NULL, 1),
(353, 'TRX1.20260117104445', 1, 2, 'konsumen', 'reseller', NULL, 'sicepat', 'Reguler', 'REG', 12000, NULL, '2026-01-17 10:44:45', '0', NULL, 2500, '', NULL, '', NULL, 1),
(354, 'TRX-20260225114756', 1, 1, 'reseller', 'admin', '-', '-', '-', 'Stok Inline (Tambah)', 0, '-', '2026-02-25 11:47:56', '4', NULL, NULL, NULL, NULL, NULL, NULL, 1),
(355, 'TRX1.20260227100357', 1, 2, 'konsumen', 'reseller', NULL, 'jne', 'Layanan Reguler', 'REG', 11000, NULL, '2026-02-27 10:03:57', '1', NULL, 2500, '', NULL, '', NULL, 1),
(356, 'TRX1.20260227100357', 1, 3, 'konsumen', 'reseller', NULL, 'pos', '240', 'Pos Reguler', 13000, NULL, '2026-02-27 10:03:57', '1', NULL, 2500, '', NULL, '', NULL, 1),
(357, 'TRX1.20260227102458', 1, 2, 'konsumen', 'reseller', NULL, 'jne', 'Layanan Reguler', 'REG', 11000, NULL, '2026-02-27 10:24:58', '0', NULL, 2500, '', NULL, '', NULL, 1),
(358, 'TRX-9.20260225144200', 9, 1, 'konsumen', 'reseller', NULL, '', 'kasir', 'kasir', 0, NULL, '2026-03-01 14:44:43', '4', NULL, 0, '', NULL, NULL, NULL, 1),
(359, 'TRX-9.20260301145109', 9, 1, 'konsumen', 'reseller', NULL, '', 'kasir', 'kasir', 0, NULL, '2026-03-01 14:53:40', '4', NULL, 0, '', NULL, NULL, NULL, 1),
(360, 'TRX-9.20260301145358', 9, 1, 'konsumen', 'reseller', NULL, '', 'kasir', 'kasir', 0, NULL, '2026-03-01 14:56:04', '4', NULL, 0, '', NULL, NULL, NULL, 1),
(361, 'TRX-20260301145801', 1, 1, 'reseller', 'admin', '-', '-', '-', 'Stok Inline (Tambah)', 0, '-', '2026-03-01 14:58:01', '4', NULL, NULL, NULL, NULL, NULL, NULL, 1),
(362, 'TRX-20260301145809', 1, 1, 'reseller', 'admin', '-', '-', '-', 'Stok Inline (Tambah)', 0, '-', '2026-03-01 14:58:09', '4', NULL, NULL, NULL, NULL, NULL, NULL, 1),
(363, 'TRX-20260301145811', 1, 1, 'reseller', 'admin', '-', '-', '-', 'Stok Inline (Tambah)', 0, '-', '2026-03-01 14:58:11', '4', NULL, NULL, NULL, NULL, NULL, NULL, 1),
(364, 'TRX-20260301145813', 1, 1, 'reseller', 'admin', '-', '-', '-', 'Stok Inline (Tambah)', 0, '-', '2026-03-01 14:58:13', '4', NULL, NULL, NULL, NULL, NULL, NULL, 1),
(365, 'TRX-20260301145815', 1, 1, 'reseller', 'admin', '-', '-', '-', 'Stok Inline (Tambah)', 0, '-', '2026-03-01 14:58:15', '4', NULL, NULL, NULL, NULL, NULL, NULL, 1),
(366, 'TRX-20260301145819', 1, 1, 'reseller', 'admin', '-', '-', '-', 'Stok Inline (Tambah)', 0, '-', '2026-03-01 14:58:19', '4', NULL, NULL, NULL, NULL, NULL, NULL, 1),
(367, 'TRX-20260301145820', 1, 1, 'reseller', 'admin', '-', '-', '-', 'Stok Inline (Tambah)', 0, '-', '2026-03-01 14:58:20', '4', NULL, NULL, NULL, NULL, NULL, NULL, 1),
(368, 'TRX-20260301145822', 1, 1, 'reseller', 'admin', '-', '-', '-', 'Stok Inline (Tambah)', 0, '-', '2026-03-01 14:58:22', '4', NULL, NULL, NULL, NULL, NULL, NULL, 1),
(369, 'TRX-20260301145824', 1, 1, 'reseller', 'admin', '-', '-', '-', 'Stok Inline (Tambah)', 0, '-', '2026-03-01 14:58:24', '4', NULL, NULL, NULL, NULL, NULL, NULL, 1),
(370, 'TRX-20260301145826', 1, 1, 'reseller', 'admin', '-', '-', '-', 'Stok Inline (Tambah)', 0, '-', '2026-03-01 14:58:26', '4', NULL, NULL, NULL, NULL, NULL, NULL, 1),
(371, 'TRX-20260301145831', 1, 1, 'reseller', 'admin', '-', '-', '-', 'Stok Inline (Tambah)', 0, '-', '2026-03-01 14:58:31', '4', NULL, NULL, NULL, NULL, NULL, NULL, 1),
(372, 'TRX-20260301145832', 1, 1, 'reseller', 'admin', '-', '-', '-', 'Stok Inline (Tambah)', 0, '-', '2026-03-01 14:58:32', '4', NULL, NULL, NULL, NULL, NULL, NULL, 1),
(373, 'TRX-20260301145833', 1, 1, 'reseller', 'admin', '-', '-', '-', 'Stok Inline (Tambah)', 0, '-', '2026-03-01 14:58:33', '4', NULL, NULL, NULL, NULL, NULL, NULL, 1),
(374, 'TRX-20260301145839', 1, 1, 'reseller', 'admin', '-', '-', '-', 'Stok Inline (Tambah)', 0, '-', '2026-03-01 14:58:39', '4', NULL, NULL, NULL, NULL, NULL, NULL, 1),
(375, 'TRX-20260301145844', 1, 1, 'reseller', 'admin', '-', '-', '-', 'Stok Inline (Tambah)', 0, '-', '2026-03-01 14:58:44', '4', NULL, NULL, NULL, NULL, NULL, NULL, 1),
(376, 'TRX-20260301145845', 1, 1, 'reseller', 'admin', '-', '-', '-', 'Stok Inline (Tambah)', 0, '-', '2026-03-01 14:58:45', '4', NULL, NULL, NULL, NULL, NULL, NULL, 1),
(377, 'TRX-9.20260301145729', 9, 1, 'konsumen', 'reseller', NULL, '', 'kasir', 'kasir', 0, NULL, '2026-03-01 14:59:12', '4', NULL, 0, '', NULL, NULL, NULL, 1),
(378, 'TRX-9.20260301145924', 9, 1, 'konsumen', 'reseller', NULL, '', 'kasir', 'kasir', 0, NULL, '2026-03-01 14:59:35', '4', NULL, 0, '', NULL, NULL, NULL, 1),
(379, 'TRX-341.20260301151204', 341, 1, 'konsumen', 'reseller', NULL, '', 'kasir', 'kasir', 0, NULL, '2026-03-01 15:12:19', '4', NULL, 0, '', NULL, NULL, NULL, 1),
(380, 'TRX1.20260301162112', 1, 2, 'konsumen', 'reseller', NULL, 'pos', '240', 'Pos Reguler', 13000, NULL, '2026-03-01 16:21:12', '0', NULL, 2500, '', NULL, '', NULL, 1),
(381, 'TRX-20260302101202', 1, 1, 'reseller', 'admin', '-', '-', '-', 'Stok Inline (Tambah)', 0, '-', '2026-03-02 10:12:02', '4', NULL, NULL, NULL, NULL, NULL, NULL, 1),
(382, 'TRX5.20260304104647', 5, 1, 'konsumen', 'reseller', NULL, '1', '7', 'SOPIR', 34480, NULL, '2026-03-04 10:46:47', '0', NULL, 2500, '', NULL, '', NULL, 1),
(383, 'TRX1.20260304153314', 1, 2, 'konsumen', 'reseller', NULL, 'jne', 'JNE Trucking', 'JTR', 40000, NULL, '2026-03-04 15:33:14', '0', NULL, 2500, '', NULL, '', NULL, 1),
(384, 'TRX-20260306085128', 2, 1, 'reseller', 'admin', '-', '-', '-', 'Stok Inline (Tambah)', 0, '-', '2026-03-06 08:51:28', '4', NULL, NULL, NULL, NULL, NULL, NULL, 1),
(385, 'TRX-20260306085130', 2, 1, 'reseller', 'admin', '-', '-', '-', 'Stok Inline (Tambah)', 0, '-', '2026-03-06 08:51:30', '4', NULL, NULL, NULL, NULL, NULL, NULL, 1),
(386, 'TRX-20260306085131', 2, 1, 'reseller', 'admin', '-', '-', '-', 'Stok Inline (Tambah)', 0, '-', '2026-03-06 08:51:31', '4', NULL, NULL, NULL, NULL, NULL, NULL, 1),
(387, 'TRX-20260306085132', 2, 1, 'reseller', 'admin', '-', '-', '-', 'Stok Inline (Tambah)', 0, '-', '2026-03-06 08:51:32', '4', NULL, NULL, NULL, NULL, NULL, NULL, 1),
(388, 'TRX-20260306085134', 2, 1, 'reseller', 'admin', '-', '-', '-', 'Stok Inline (Tambah)', 0, '-', '2026-03-06 08:51:34', '4', NULL, NULL, NULL, NULL, NULL, NULL, 1),
(389, 'TRX-20260306085135', 2, 1, 'reseller', 'admin', '-', '-', '-', 'Stok Inline (Tambah)', 0, '-', '2026-03-06 08:51:35', '4', NULL, NULL, NULL, NULL, NULL, NULL, 1),
(390, 'TRX-20260306085140', 2, 1, 'reseller', 'admin', '-', '-', '-', 'Stok Inline (Tambah)', 0, '-', '2026-03-06 08:51:40', '4', NULL, NULL, NULL, NULL, NULL, NULL, 1),
(391, 'TRX-20260306085143', 2, 1, 'reseller', 'admin', '-', '-', '-', 'Stok Inline (Tambah)', 0, '-', '2026-03-06 08:51:43', '4', NULL, NULL, NULL, NULL, NULL, NULL, 1),
(392, 'TRX-20260306085144', 2, 1, 'reseller', 'admin', '-', '-', '-', 'Stok Inline (Tambah)', 0, '-', '2026-03-06 08:51:44', '4', NULL, NULL, NULL, NULL, NULL, NULL, 1),
(393, 'TRX2.20260306105424', 2, 1, 'konsumen', 'reseller', NULL, 'jne', 'Layanan Reguler', 'REG', 10000, NULL, '2026-03-06 10:54:24', '0', NULL, 2500, '', NULL, '', NULL, 1),
(394, 'TRX2.20260306142010', 2, 1, 'konsumen', 'reseller', NULL, 'jne', 'Layanan Reguler', 'REG', 10000, NULL, '2026-03-06 14:20:10', '0', NULL, 2500, '', NULL, '', NULL, 1),
(395, 'TRX2.20260306143023', 2, 1, 'konsumen', 'reseller', NULL, '1', '7', 'SOPIR', 10000, NULL, '2026-03-06 14:30:23', '0', NULL, 2500, '', NULL, '', NULL, 1),
(396, 'TRX-20260306163545', 169, 1, 'reseller', 'admin', '-', '-', '-', 'Stok Inline (Tambah)', 0, '-', '2026-03-06 16:35:45', '4', NULL, NULL, NULL, NULL, NULL, NULL, 1),
(397, 'TRX-20260306163549', 169, 1, 'reseller', 'admin', '-', '-', '-', 'Stok Inline (Tambah)', 0, '-', '2026-03-06 16:35:49', '4', NULL, NULL, NULL, NULL, NULL, NULL, 1),
(398, 'TRX-20260306163550', 169, 1, 'reseller', 'admin', '-', '-', '-', 'Stok Inline (Tambah)', 0, '-', '2026-03-06 16:35:50', '4', NULL, NULL, NULL, NULL, NULL, NULL, 1),
(399, 'TRX-20260306163553', 169, 1, 'reseller', 'admin', '-', '-', '-', 'Stok Inline (Tambah)', 0, '-', '2026-03-06 16:35:53', '4', NULL, NULL, NULL, NULL, NULL, NULL, 1),
(406, 'TRX-9.20260314153740', 9, 1, 'konsumen', 'reseller', NULL, '', 'kasir', 'kasir', 0, NULL, '2026-03-14 15:39:07', '4', NULL, 0, '', NULL, NULL, NULL, 1),
(401, 'TRX936.20260307115541', 936, 2, 'konsumen', 'reseller', NULL, 'jne', 'Layanan Reguler', 'REG', 119000, NULL, '2026-03-07 11:55:41', '0', NULL, 2500, '', NULL, NULL, NULL, 1),
(403, 'TRX-20260311111438', 1, 1, 'reseller', 'admin', NULL, 'jne', 'Layanan Reguler', 'TRX-Reseller Produk (Transfer)', 106000, NULL, '2026-03-11 11:14:38', '0', NULL, NULL, NULL, NULL, NULL, NULL, 1),
(405, 'TRX-9.20260312074451', 9, 1, 'konsumen', 'reseller', NULL, '', 'kasir', 'kasir', 0, NULL, '2026-03-12 07:51:53', '4', NULL, 0, '', NULL, NULL, NULL, 1),
(407, 'TRX-20260317115140', 1, 1, 'reseller', 'admin', '-', '-', '-', 'Stok Inline (Tambah)', 0, '-', '2026-03-17 11:51:40', '4', NULL, NULL, NULL, NULL, NULL, NULL, 1),
(408, 'TRX-20260317140625', 0, 1, 'konsumen', 'reseller', '-', '-', '-', 'Stok Inline (Kurang)', 0, '-', '2026-03-17 14:06:25', '4', NULL, NULL, NULL, NULL, NULL, NULL, 1),
(409, 'TRX-341.20260331093637', 341, 1, 'konsumen', 'reseller', NULL, '', 'kasir', 'kasir', 0, NULL, '2026-03-31 09:39:41', '4', NULL, 0, '', NULL, NULL, NULL, 1),
(410, 'TRX2.20260405135628', 2, 1, 'konsumen', 'reseller', NULL, 'jne', 'Layanan Reguler', 'REG', 10000, NULL, '2026-04-05 13:56:28', '0', NULL, 2500, '', NULL, '', NULL, 1),
(411, 'TRX1.20260421141718', 1, 2, 'konsumen', 'reseller', NULL, 'jnt', 'Reguler', 'EZ', 16000, NULL, '2026-04-21 14:17:18', '0', NULL, 2500, '', NULL, '', NULL, 1),
(412, 'TRX936.20260423181955', 936, 1, 'konsumen', 'reseller', NULL, '1', '7', 'SOPIR', 10000, NULL, '2026-04-23 18:19:55', '4', NULL, 2500, '', NULL, '', NULL, 1);

-- --------------------------------------------------------

--
-- Table structure for table `rb_penjualan_detail`
--

CREATE TABLE `rb_penjualan_detail` (
  `id_penjualan_detail` int(11) NOT NULL,
  `id_penjualan` int(11) NOT NULL,
  `id_produk` int(11) NOT NULL,
  `jumlah` int(11) NOT NULL,
  `diskon` int(11) NOT NULL,
  `harga_jual` int(11) NOT NULL,
  `cash_back` int(11) NOT NULL DEFAULT 0,
  `fee_produk_end` int(11) NOT NULL DEFAULT 0,
  `preorder` int(11) DEFAULT NULL COMMENT 'Nilai Hari',
  `satuan` varchar(50) NOT NULL,
  `id_level` int(11) DEFAULT 0,
  `keterangan_order` text DEFAULT NULL,
  `poin` int(11) NOT NULL DEFAULT 0,
  `id_produk_marketing` int(11) DEFAULT 0
) ENGINE=MyISAM DEFAULT CHARSET=latin1 COLLATE=latin1_swedish_ci;

--
-- Dumping data for table `rb_penjualan_detail`
--

INSERT INTO `rb_penjualan_detail` (`id_penjualan_detail`, `id_penjualan`, `id_produk`, `jumlah`, `diskon`, `harga_jual`, `cash_back`, `fee_produk_end`, `preorder`, `satuan`, `id_level`, `keterangan_order`, `poin`, `id_produk_marketing`) VALUES
(1, 1, 6, 5, 0, 0, 0, 0, NULL, 'unit', 0, '-', 0, 0),
(2, 2, 5, 3, 0, 0, 0, 0, NULL, 'unit', 0, '-', 0, 0),
(3, 3, 211, 13, 0, 5000, 0, 0, NULL, 'pcs', 0, '-', 0, 0),
(4, 4, 5, 1, 0, 7650, 0, 765, NULL, 'unit', 0, 'Pink; ', 0, 0),
(5, 4, 6, 1, 0, 7825, 0, 783, NULL, 'unit', 0, 'Hitam; Dalam; ', 0, 0),
(6, 5, 211, 1, 0, 5990, 0, 599, NULL, 'pcs', 0, '', 0, 0),
(7, 6, 6, 1, 0, 7825, 0, 783, NULL, 'unit', 0, 'Hitam; Dalam; ', 0, 0),
(8, 6, 5, 1, 0, 7650, 0, 765, NULL, 'unit', 0, 'Pink; ', 0, 0),
(9, 7, 211, 1, 0, 5990, 0, 599, NULL, 'pcs', 0, '', 0, 0),
(10, 8, 5, 2, 0, 7650, 0, 765, NULL, 'unit', 0, 'Pink; ', 0, 0),
(11, 9, 6, 2, 0, 7825, 0, 783, NULL, 'unit', 0, 'Hitam; Dalam; ', 0, 0),
(12, 10, 88, 5, 0, 0, 0, 0, NULL, '', 0, '-', 0, 0),
(13, 11, 94, 7, 0, 0, 0, 0, NULL, '', 0, '-', 0, 0),
(14, 12, 93, 8, 0, 0, 0, 0, NULL, '', 0, '-', 0, 0),
(15, 13, 92, 4, 0, 0, 0, 0, NULL, '', 0, '-', 0, 0),
(16, 14, 85, 5, 0, 0, 0, 0, NULL, '', 0, '-', 0, 0),
(17, 15, 17, 5, 0, 5700, 0, 0, NULL, 'pcs', 0, '-', 0, 0),
(18, 16, 3, 8, 0, 0, 0, 0, NULL, 'unit', 0, '-', 0, 0),
(19, 17, 25, 3, 0, 2144, 0, 0, NULL, 'Unit', 0, '-', 0, 0),
(20, 18, 23, 7, 0, 3152, 0, 0, NULL, 'Unit', 0, '-', 0, 0),
(21, 19, 26, 9, 0, 3475, 0, 0, NULL, 'Unit', 0, '-', 0, 0),
(22, 20, 21, 6, 0, 1300, 0, 0, NULL, 'Unit', 0, '-', 0, 0),
(23, 21, 94, 1, 20000, 73000, 0, 7300, 1, '', 0, '', 0, 0),
(24, 21, 88, 1, 110, 9500, 0, 950, 1, '', 0, '', 0, 0),
(25, 22, 26, 1, 0, 3695, 0, 370, NULL, 'Unit', 0, 'Hitam; ', 0, 0),
(26, 23, 85, 2, 1100, 8509, 0, 851, 1, '', 0, 'Harga Satuan ()', 0, 0),
(27, 23, 94, 1, 20000, 73000, 0, 7300, 1, '', 0, 'Harga Satuan ()', 0, 0),
(28, 23, 88, 2, 110, 9500, 0, 950, 1, '', 0, 'Harga Satuan ()', 0, 0),
(29, 24, 94, 1, 20000, 73000, 0, 7300, 1, '', 0, 'Harga Satuan ()', 0, 0),
(30, 24, 93, 1, 800, 6300, 0, 630, 1, '', 0, 'Harga Satuan ()', 0, 0),
(31, 24, 85, 1, 1100, 8509, 0, 851, 1, '', 0, 'Harga Satuan ()', 0, 0),
(32, 25, 93, 1, 800, 6300, 0, 630, 1, '', 0, 'Harga Satuan ()', 0, 0),
(33, 25, 85, 2, 1100, 8509, 0, 851, 1, '', 0, 'Harga Satuan ()', 0, 0),
(34, 26, 136, 1, 0, 9900, 0, 990, NULL, 'unit', 0, '', 0, 0),
(35, 26, 137, 1, 0, 3500, 0, 350, NULL, 'pcs', 0, '', 0, 0),
(36, 27, 17, 2, 0, 6825, 0, 683, NULL, 'pcs', 0, 'Pink; Pendek; ', 0, 0),
(37, 27, 3, 1, 0, 2024, 0, 202, NULL, 'unit', 0, 'Biru; Pendek; ', 0, 0),
(38, 28, 93, 2, 800, 6300, 0, 630, 1, '', 0, '', 0, 0),
(39, 28, 92, 2, 800, 5000, 0, 500, 1, '', 0, '', 0, 0),
(40, 29, 17, 1, 0, 6825, 0, 683, NULL, 'pcs', 0, 'Pink; Pendek; ', 0, 0),
(41, 29, 6, 10, 0, 7805, 0, 781, NULL, 'unit', 73, 'Hitam; Dalam; ', 0, 0),
(42, 30, 17, 1, 0, 6825, 0, 683, NULL, 'pcs', 0, 'Pink; Pendek; ', 0, 0),
(43, 30, 6, 1, 0, 8550, 0, 855, NULL, 'unit', 0, 'Hitam; Sangat Dalam; ', 0, 0),
(44, 31, 94, 1, 20000, 73000, 0, 7300, 1, '', 0, 'Harga Satuan ()', 0, 0),
(45, 32, 17, 2, 0, 6825, 0, 683, NULL, 'pcs', 0, 'Pink; Pendek; ', 0, 0),
(46, 33, 6, 1, 0, 7825, 0, 783, NULL, 'unit', 0, 'Hitam; Dalam; ', 0, 0),
(47, 33, 17, 1, 0, 6825, 0, 683, NULL, 'pcs', 0, 'Pink; Pendek; ', 0, 0),
(48, 34, 213, 81, 0, 120000, 0, 0, NULL, 'pcs', 0, NULL, 0, 0),
(49, 35, 214, 5, 0, 57000, 0, 0, NULL, 'pcs', 0, NULL, 0, 0),
(50, 36, 215, 81, 0, 120000, 0, 0, NULL, 'pcs', 0, NULL, 0, 0),
(51, 37, 216, 5, 0, 57000, 0, 0, NULL, 'pcs', 0, NULL, 0, 0),
(52, 38, 217, 5, 0, 37000, 0, 0, NULL, 'pcs', 0, NULL, 0, 0),
(53, 39, 218, 15, 0, 137000, 0, 0, NULL, 'pcs', 0, NULL, 0, 0),
(54, 40, 219, 10, 0, 74000, 0, 0, NULL, 'pcs', 0, NULL, 0, 0),
(55, 41, 220, 10, 0, 74000, 0, 0, NULL, 'pcs', 0, NULL, 0, 0),
(56, 42, 221, 10, 0, 74000, 0, 0, NULL, 'pcs', 0, NULL, 0, 0),
(57, 43, 222, 5, 0, 97000, 0, 0, NULL, 'pcs', 0, NULL, 0, 0),
(58, 44, 223, 5, 0, 63000, 0, 0, NULL, 'pcs', 0, NULL, 0, 0),
(59, 45, 224, 5, 0, 74000, 0, 0, NULL, 'pcs', 0, NULL, 0, 0),
(60, 46, 225, 100, 0, 22000, 0, 0, NULL, 'pcs', 0, NULL, 0, 0),
(61, 47, 226, 97, 0, 160000, 0, 0, NULL, 'pcs', 0, NULL, 0, 0),
(62, 48, 227, 37, 0, 38000, 0, 0, NULL, 'pcs', 0, NULL, 0, 0),
(63, 49, 228, 13, 0, 62000, 0, 0, NULL, 'pcs', 0, NULL, 0, 0),
(64, 50, 229, 87, 0, 90000, 0, 0, NULL, 'pcs', 0, NULL, 0, 0),
(65, 51, 230, 28, 0, 450000, 0, 0, NULL, 'pcs', 0, NULL, 0, 0),
(66, 52, 231, 12, 0, 35000, 0, 0, NULL, 'pcs', 0, NULL, 0, 0),
(67, 53, 232, 100, 0, 22000, 0, 0, NULL, 'pcs', 0, NULL, 0, 0),
(68, 54, 233, 50, 0, 30000, 0, 0, NULL, 'pcs', 0, NULL, 0, 0),
(69, 55, 234, 48, 0, 160000, 0, 0, NULL, 'pcs', 0, NULL, 0, 0),
(70, 56, 235, 10, 0, 90000, 0, 0, NULL, 'pcs', 0, NULL, 0, 0),
(71, 57, 236, 100, 0, 175000, 0, 0, NULL, 'pcs', 0, NULL, 0, 0),
(72, 58, 237, 5, 0, 169000, 0, 0, NULL, 'pcs', 0, NULL, 0, 0),
(73, 59, 238, 20, 0, 290000, 0, 0, NULL, 'pcs', 0, NULL, 0, 0),
(74, 60, 239, 15, 0, 130000, 0, 0, NULL, 'pcs', 0, NULL, 0, 0),
(75, 61, 240, 4, 0, 40000, 0, 0, NULL, 'pcs', 0, NULL, 0, 0),
(76, 62, 241, 97, 0, 165000, 0, 0, NULL, 'pcs', 0, NULL, 0, 0),
(77, 63, 242, 12, 0, 80000, 0, 0, NULL, 'pcs', 0, NULL, 0, 0),
(78, 64, 243, 5, 0, 90000, 0, 0, NULL, 'pcs', 0, NULL, 0, 0),
(79, 65, 244, 2, 0, 105000, 0, 0, NULL, 'pcs', 0, NULL, 0, 0),
(80, 66, 245, 99, 0, 90000, 0, 0, NULL, 'pcs', 0, NULL, 0, 0),
(81, 67, 246, 3, 0, 75000, 0, 0, NULL, 'pcs', 0, NULL, 0, 0),
(82, 68, 247, 50, 0, 155000, 0, 0, NULL, 'pcs', 0, NULL, 0, 0),
(83, 69, 248, 10, 0, 40000, 0, 0, NULL, 'pcs', 0, NULL, 0, 0),
(84, 70, 249, 38, 0, 110000, 0, 0, NULL, 'pcs', 0, NULL, 0, 0),
(85, 71, 250, 20, 0, 35000, 0, 0, NULL, 'pcs', 0, NULL, 0, 0),
(86, 72, 251, 20, 0, 175000, 0, 0, NULL, 'pcs', 0, NULL, 0, 0),
(87, 73, 252, 15, 0, 97000, 0, 0, NULL, 'pcs', 0, NULL, 0, 0),
(88, 74, 253, 5, 0, 74000, 0, 0, NULL, 'pcs', 0, NULL, 0, 0),
(89, 75, 254, 10, 0, 63000, 0, 0, NULL, 'pcs', 0, NULL, 0, 0),
(90, 76, 255, 2, 0, 75000, 0, 0, NULL, 'pcs', 0, NULL, 0, 0),
(91, 77, 256, 50, 0, 130000, 0, 0, NULL, 'pcs', 0, NULL, 0, 0),
(92, 78, 257, 90, 0, 160000, 0, 0, NULL, 'pcs', 0, NULL, 0, 0),
(93, 79, 258, 44, 0, 90000, 0, 0, NULL, 'pcs', 0, NULL, 0, 0),
(94, 80, 259, 20, 0, 280000, 0, 0, NULL, 'pcs', 0, NULL, 0, 0),
(95, 81, 260, 19, 0, 160000, 0, 0, NULL, 'pcs', 0, NULL, 0, 0),
(96, 82, 261, 5, 0, 57000, 0, 0, NULL, 'pcs', 0, NULL, 0, 0),
(97, 83, 262, 100, 0, 175000, 0, 0, NULL, 'pcs', 0, NULL, 0, 0),
(98, 84, 263, 15, 0, 165000, 0, 0, NULL, 'pcs', 0, NULL, 0, 0),
(99, 85, 264, 100, 0, 175000, 0, 0, NULL, 'pcs', 0, NULL, 0, 0),
(100, 86, 265, 100, 0, 175000, 0, 0, NULL, 'pcs', 0, NULL, 0, 0),
(101, 87, 266, 12, 0, 55000, 0, 0, NULL, 'pcs', 0, NULL, 0, 0),
(102, 88, 267, 20, 0, 280000, 0, 0, NULL, 'pcs', 0, NULL, 0, 0),
(103, 89, 268, 20, 0, 290000, 0, 0, NULL, 'pcs', 0, NULL, 0, 0),
(104, 90, 269, 20, 0, 280000, 0, 0, NULL, 'pcs', 0, NULL, 0, 0),
(105, 91, 270, 100, 0, 175000, 0, 0, NULL, 'pcs', 0, NULL, 0, 0),
(106, 92, 271, 9, 0, 99000, 0, 0, NULL, 'pcs', 0, NULL, 0, 0),
(107, 93, 272, 46, 0, 75000, 0, 0, NULL, 'pcs', 0, NULL, 0, 0),
(108, 94, 273, 49, 0, 155000, 0, 0, NULL, 'pcs', 0, NULL, 0, 0),
(109, 95, 274, 19, 0, 290000, 0, 0, NULL, 'pcs', 0, NULL, 0, 0),
(110, 96, 275, 15, 0, 35000, 0, 0, NULL, 'pcs', 0, NULL, 0, 0),
(111, 97, 276, 3, 0, 74000, 0, 0, NULL, 'pcs', 0, NULL, 0, 0),
(112, 98, 277, 10, 0, 790000, 0, 0, NULL, 'pcs', 0, NULL, 0, 0),
(113, 99, 278, 20, 0, 185000, 0, 0, NULL, 'pcs', 0, NULL, 0, 0),
(114, 100, 279, 50, 0, 85000, 0, 0, NULL, 'pcs', 0, NULL, 0, 0),
(115, 101, 280, 3, 0, 249000, 0, 0, NULL, 'pcs', 0, NULL, 0, 0),
(116, 102, 281, 50, 0, 50000, 0, 0, NULL, 'pcs', 0, NULL, 0, 0),
(117, 103, 282, 10, 0, 100000, 0, 0, NULL, 'pcs', 0, NULL, 0, 0),
(118, 104, 283, 98, 0, 165000, 0, 0, NULL, 'pcs', 0, NULL, 0, 0),
(119, 105, 284, 29, 0, 110000, 0, 0, NULL, 'pcs', 0, NULL, 0, 0),
(120, 106, 285, 44, 0, 85000, 0, 0, NULL, 'pcs', 0, NULL, 0, 0),
(121, 107, 286, 19, 0, 290000, 0, 0, NULL, 'pcs', 0, NULL, 0, 0),
(122, 108, 287, 20, 0, 260000, 0, 0, NULL, 'pcs', 0, NULL, 0, 0),
(123, 109, 288, 49, 0, 85000, 0, 0, NULL, 'pcs', 0, NULL, 0, 0),
(124, 110, 289, 20, 0, 280000, 0, 0, NULL, 'pcs', 0, NULL, 0, 0),
(125, 111, 290, 99, 0, 165000, 0, 0, NULL, 'pcs', 0, NULL, 0, 0),
(126, 112, 291, 5, 0, 135000, 0, 0, NULL, 'pcs', 0, NULL, 0, 0),
(127, 113, 292, 10, 0, 150000, 0, 0, NULL, 'pcs', 0, NULL, 0, 0),
(128, 114, 293, 30, 0, 130000, 0, 0, NULL, 'pcs', 0, NULL, 0, 0),
(129, 115, 294, 10, 0, 735000, 0, 0, NULL, 'pcs', 0, NULL, 0, 0),
(130, 116, 295, 111, 0, 95000, 0, 0, NULL, 'pcs', 0, NULL, 0, 0),
(131, 117, 296, 10, 0, 755000, 0, 0, NULL, 'pcs', 0, NULL, 0, 0),
(132, 118, 297, 81, 0, 120000, 0, 0, NULL, 'pcs', 0, NULL, 0, 0),
(133, 119, 298, 5, 0, 57000, 0, 0, NULL, 'pcs', 0, NULL, 0, 0),
(134, 120, 299, 5, 0, 37000, 0, 0, NULL, 'pcs', 0, NULL, 0, 0),
(135, 121, 300, 15, 0, 137000, 0, 0, NULL, 'pcs', 0, NULL, 0, 0),
(136, 122, 301, 10, 0, 74000, 0, 0, NULL, 'pcs', 0, NULL, 0, 0),
(137, 123, 302, 10, 0, 74000, 0, 0, NULL, 'pcs', 0, NULL, 0, 0),
(138, 124, 303, 10, 0, 74000, 0, 0, NULL, 'pcs', 0, NULL, 0, 0),
(139, 125, 304, 5, 0, 97000, 0, 0, NULL, 'pcs', 0, NULL, 0, 0),
(140, 126, 305, 5, 0, 63000, 0, 0, NULL, 'pcs', 0, NULL, 0, 0),
(141, 127, 306, 5, 0, 74000, 0, 0, NULL, 'pcs', 0, NULL, 0, 0),
(142, 128, 307, 100, 0, 22000, 0, 0, NULL, 'pcs', 0, NULL, 0, 0),
(143, 129, 308, 97, 0, 160000, 0, 0, NULL, 'pcs', 0, NULL, 0, 0),
(144, 130, 309, 37, 0, 38000, 0, 0, NULL, 'pcs', 0, NULL, 0, 0),
(145, 131, 310, 13, 0, 62000, 0, 0, NULL, 'pcs', 0, NULL, 0, 0),
(146, 132, 311, 87, 0, 90000, 0, 0, NULL, 'pcs', 0, NULL, 0, 0),
(147, 133, 312, 28, 0, 450000, 0, 0, NULL, 'pcs', 0, NULL, 0, 0),
(148, 134, 313, 12, 0, 35000, 0, 0, NULL, 'pcs', 0, NULL, 0, 0),
(149, 135, 314, 100, 0, 22000, 0, 0, NULL, 'pcs', 0, NULL, 0, 0),
(150, 136, 315, 50, 0, 30000, 0, 0, NULL, 'pcs', 0, NULL, 0, 0),
(151, 137, 316, 48, 0, 160000, 0, 0, NULL, 'pcs', 0, NULL, 0, 0),
(152, 138, 317, 10, 0, 90000, 0, 0, NULL, 'pcs', 0, NULL, 0, 0),
(153, 139, 318, 100, 0, 175000, 0, 0, NULL, 'pcs', 0, NULL, 0, 0),
(154, 140, 319, 5, 0, 169000, 0, 0, NULL, 'pcs', 0, NULL, 0, 0),
(155, 141, 320, 20, 0, 290000, 0, 0, NULL, 'pcs', 0, NULL, 0, 0),
(156, 142, 321, 15, 0, 130000, 0, 0, NULL, 'pcs', 0, NULL, 0, 0),
(157, 143, 322, 4, 0, 40000, 0, 0, NULL, 'pcs', 0, NULL, 0, 0),
(158, 144, 323, 97, 0, 165000, 0, 0, NULL, 'pcs', 0, NULL, 0, 0),
(159, 145, 324, 12, 0, 80000, 0, 0, NULL, 'pcs', 0, NULL, 0, 0),
(160, 146, 325, 5, 0, 90000, 0, 0, NULL, 'pcs', 0, NULL, 0, 0),
(161, 147, 326, 2, 0, 105000, 0, 0, NULL, 'pcs', 0, NULL, 0, 0),
(162, 148, 327, 99, 0, 90000, 0, 0, NULL, 'pcs', 0, NULL, 0, 0),
(163, 149, 328, 3, 0, 75000, 0, 0, NULL, 'pcs', 0, NULL, 0, 0),
(164, 150, 329, 50, 0, 155000, 0, 0, NULL, 'pcs', 0, NULL, 0, 0),
(165, 151, 330, 10, 0, 40000, 0, 0, NULL, 'pcs', 0, NULL, 0, 0),
(166, 152, 331, 38, 0, 110000, 0, 0, NULL, 'pcs', 0, NULL, 0, 0),
(167, 153, 332, 20, 0, 35000, 0, 0, NULL, 'pcs', 0, NULL, 0, 0),
(168, 154, 333, 20, 0, 175000, 0, 0, NULL, 'pcs', 0, NULL, 0, 0),
(169, 155, 334, 15, 0, 97000, 0, 0, NULL, 'pcs', 0, NULL, 0, 0),
(170, 156, 335, 5, 0, 74000, 0, 0, NULL, 'pcs', 0, NULL, 0, 0),
(171, 157, 336, 10, 0, 63000, 0, 0, NULL, 'pcs', 0, NULL, 0, 0),
(172, 158, 337, 2, 0, 75000, 0, 0, NULL, 'pcs', 0, NULL, 0, 0),
(173, 159, 338, 50, 0, 130000, 0, 0, NULL, 'pcs', 0, NULL, 0, 0),
(174, 160, 339, 90, 0, 160000, 0, 0, NULL, 'pcs', 0, NULL, 0, 0),
(175, 161, 340, 44, 0, 90000, 0, 0, NULL, 'pcs', 0, NULL, 0, 0),
(176, 162, 341, 20, 0, 280000, 0, 0, NULL, 'pcs', 0, NULL, 0, 0),
(177, 163, 342, 19, 0, 160000, 0, 0, NULL, 'pcs', 0, NULL, 0, 0),
(178, 164, 343, 5, 0, 57000, 0, 0, NULL, 'pcs', 0, NULL, 0, 0),
(179, 165, 344, 100, 0, 175000, 0, 0, NULL, 'pcs', 0, NULL, 0, 0),
(180, 166, 345, 15, 0, 165000, 0, 0, NULL, 'pcs', 0, NULL, 0, 0),
(181, 167, 346, 100, 0, 175000, 0, 0, NULL, 'pcs', 0, NULL, 0, 0),
(182, 168, 347, 100, 0, 175000, 0, 0, NULL, 'pcs', 0, NULL, 0, 0),
(183, 169, 348, 12, 0, 55000, 0, 0, NULL, 'pcs', 0, NULL, 0, 0),
(184, 170, 349, 20, 0, 280000, 0, 0, NULL, 'pcs', 0, NULL, 0, 0),
(185, 171, 350, 20, 0, 290000, 0, 0, NULL, 'pcs', 0, NULL, 0, 0),
(186, 172, 351, 20, 0, 280000, 0, 0, NULL, 'pcs', 0, NULL, 0, 0),
(187, 173, 352, 100, 0, 175000, 0, 0, NULL, 'pcs', 0, NULL, 0, 0),
(188, 174, 353, 9, 0, 99000, 0, 0, NULL, 'pcs', 0, NULL, 0, 0),
(189, 175, 354, 46, 0, 75000, 0, 0, NULL, 'pcs', 0, NULL, 0, 0),
(190, 176, 355, 49, 0, 155000, 0, 0, NULL, 'pcs', 0, NULL, 0, 0),
(191, 177, 356, 19, 0, 290000, 0, 0, NULL, 'pcs', 0, NULL, 0, 0),
(192, 178, 357, 15, 0, 35000, 0, 0, NULL, 'pcs', 0, NULL, 0, 0),
(193, 179, 358, 3, 0, 74000, 0, 0, NULL, 'pcs', 0, NULL, 0, 0),
(194, 180, 359, 10, 0, 790000, 0, 0, NULL, 'pcs', 0, NULL, 0, 0),
(195, 181, 360, 20, 0, 185000, 0, 0, NULL, 'pcs', 0, NULL, 0, 0),
(196, 182, 361, 50, 0, 85000, 0, 0, NULL, 'pcs', 0, NULL, 0, 0),
(197, 183, 362, 3, 0, 249000, 0, 0, NULL, 'pcs', 0, NULL, 0, 0),
(198, 184, 363, 50, 0, 50000, 0, 0, NULL, 'pcs', 0, NULL, 0, 0),
(199, 185, 364, 10, 0, 100000, 0, 0, NULL, 'pcs', 0, NULL, 0, 0),
(200, 186, 365, 98, 0, 165000, 0, 0, NULL, 'pcs', 0, NULL, 0, 0),
(201, 187, 366, 29, 0, 110000, 0, 0, NULL, 'pcs', 0, NULL, 0, 0),
(202, 188, 367, 44, 0, 85000, 0, 0, NULL, 'pcs', 0, NULL, 0, 0),
(203, 189, 368, 19, 0, 290000, 0, 0, NULL, 'pcs', 0, NULL, 0, 0),
(204, 190, 369, 20, 0, 260000, 0, 0, NULL, 'pcs', 0, NULL, 0, 0),
(205, 191, 370, 49, 0, 85000, 0, 0, NULL, 'pcs', 0, NULL, 0, 0),
(206, 192, 371, 20, 0, 280000, 0, 0, NULL, 'pcs', 0, NULL, 0, 0),
(207, 193, 372, 99, 0, 165000, 0, 0, NULL, 'pcs', 0, NULL, 0, 0),
(208, 194, 373, 5, 0, 135000, 0, 0, NULL, 'pcs', 0, NULL, 0, 0),
(209, 195, 374, 10, 0, 150000, 0, 0, NULL, 'pcs', 0, NULL, 0, 0),
(210, 196, 375, 30, 0, 130000, 0, 0, NULL, 'pcs', 0, NULL, 0, 0),
(211, 197, 376, 10, 0, 735000, 0, 0, NULL, 'pcs', 0, NULL, 0, 0),
(212, 198, 377, 111, 0, 95000, 0, 0, NULL, 'pcs', 0, NULL, 0, 0),
(213, 199, 378, 10, 0, 755000, 0, 0, NULL, 'pcs', 0, NULL, 0, 0),
(214, 200, 379, 30, 0, 110000, 0, 0, NULL, 'pcs', 0, NULL, 0, 0),
(215, 201, 380, 45, 0, 140000, 0, 0, NULL, 'pcs', 0, NULL, 0, 0),
(216, 202, 381, 50, 0, 160000, 0, 0, NULL, 'pcs', 0, NULL, 0, 0),
(217, 203, 382, 99, 0, 160000, 0, 0, NULL, 'pcs', 0, NULL, 0, 0),
(218, 204, 383, 23, 0, 275000, 0, 0, NULL, 'pcs', 0, NULL, 0, 0),
(219, 205, 384, 10, 0, 715000, 0, 0, NULL, 'pcs', 0, NULL, 0, 0),
(220, 206, 385, 49, 0, 135000, 0, 0, NULL, 'pcs', 0, NULL, 0, 0),
(221, 207, 386, 30, 0, 58000, 0, 0, NULL, 'pcs', 0, NULL, 0, 0),
(222, 208, 387, 30, 0, 145000, 0, 0, NULL, 'pcs', 0, NULL, 0, 0),
(223, 209, 388, 29, 0, 210000, 0, 0, NULL, 'pcs', 0, NULL, 0, 0),
(224, 210, 389, 19, 0, 270000, 0, 0, NULL, 'pcs', 0, NULL, 0, 0),
(225, 211, 390, 10, 0, 120000, 0, 0, NULL, 'pcs', 0, NULL, 0, 0),
(226, 212, 391, 20, 0, 290000, 0, 0, NULL, 'pcs', 0, NULL, 0, 0),
(227, 213, 392, 86, 0, 165000, 0, 0, NULL, 'pcs', 0, NULL, 0, 0),
(228, 214, 393, 120, 0, 90000, 0, 0, NULL, 'pcs', 0, NULL, 0, 0),
(229, 215, 394, 48, 0, 155000, 0, 0, NULL, 'pcs', 0, NULL, 0, 0),
(230, 216, 395, 10, 0, 60000, 0, 0, NULL, 'pcs', 0, NULL, 0, 0),
(231, 217, 396, 14, 0, 35000, 0, 0, NULL, 'pcs', 0, NULL, 0, 0),
(232, 218, 397, 10, 0, 675000, 0, 0, NULL, 'pcs', 0, NULL, 0, 0),
(233, 219, 398, 20, 0, 290000, 0, 0, NULL, 'pcs', 0, NULL, 0, 0),
(234, 220, 399, 99, 0, 35000, 0, 0, NULL, 'pcs', 0, NULL, 0, 0),
(235, 221, 400, 30, 0, 210000, 0, 0, NULL, 'pcs', 0, NULL, 0, 0),
(236, 222, 401, 115, 0, 170000, 0, 0, NULL, 'pcs', 0, NULL, 0, 0),
(237, 223, 402, 20, 0, 95000, 0, 0, NULL, 'pcs', 0, NULL, 0, 0),
(238, 224, 403, 100, 0, 95000, 0, 0, NULL, 'pcs', 0, NULL, 0, 0),
(239, 225, 404, 20, 0, 290000, 0, 0, NULL, 'pcs', 0, NULL, 0, 0),
(240, 226, 405, 30, 0, 75000, 0, 0, NULL, 'pcs', 0, NULL, 0, 0),
(241, 227, 406, 25, 0, 37000, 0, 0, NULL, 'pcs', 0, NULL, 0, 0),
(242, 228, 407, 81, 0, 120000, 0, 0, NULL, 'pcs', 0, NULL, 0, 0),
(243, 229, 408, 5, 0, 57000, 0, 0, NULL, 'pcs', 0, NULL, 0, 0),
(244, 230, 409, 5, 0, 37000, 0, 0, NULL, 'pcs', 0, NULL, 0, 0),
(245, 231, 410, 15, 0, 137000, 0, 0, NULL, 'pcs', 0, NULL, 0, 0),
(246, 232, 411, 10, 0, 74000, 0, 0, NULL, 'pcs', 0, NULL, 0, 0),
(247, 233, 412, 10, 0, 74000, 0, 0, NULL, 'pcs', 0, NULL, 0, 0),
(248, 234, 413, 10, 0, 74000, 0, 0, NULL, 'pcs', 0, NULL, 0, 0),
(249, 235, 414, 5, 0, 97000, 0, 0, NULL, 'pcs', 0, NULL, 0, 0),
(250, 236, 415, 5, 0, 63000, 0, 0, NULL, 'pcs', 0, NULL, 0, 0),
(251, 237, 416, 5, 0, 74000, 0, 0, NULL, 'pcs', 0, NULL, 0, 0),
(252, 238, 417, 100, 0, 22000, 0, 0, NULL, 'pcs', 0, NULL, 0, 0),
(253, 239, 418, 97, 0, 160000, 0, 0, NULL, 'pcs', 0, NULL, 0, 0),
(254, 240, 419, 37, 0, 38000, 0, 0, NULL, 'pcs', 0, NULL, 0, 0),
(255, 241, 420, 13, 0, 62000, 0, 0, NULL, 'pcs', 0, NULL, 0, 0),
(256, 242, 421, 87, 0, 90000, 0, 0, NULL, 'pcs', 0, NULL, 0, 0),
(257, 243, 422, 28, 0, 450000, 0, 0, NULL, 'pcs', 0, NULL, 0, 0),
(258, 244, 423, 12, 0, 35000, 0, 0, NULL, 'pcs', 0, NULL, 0, 0),
(259, 245, 424, 100, 0, 22000, 0, 0, NULL, 'pcs', 0, NULL, 0, 0),
(260, 246, 425, 50, 0, 30000, 0, 0, NULL, 'pcs', 0, NULL, 0, 0),
(261, 247, 426, 48, 0, 160000, 0, 0, NULL, 'pcs', 0, NULL, 0, 0),
(262, 248, 427, 10, 0, 90000, 0, 0, NULL, 'pcs', 0, NULL, 0, 0),
(263, 249, 428, 100, 0, 175000, 0, 0, NULL, 'pcs', 0, NULL, 0, 0),
(264, 250, 429, 5, 0, 169000, 0, 0, NULL, 'pcs', 0, NULL, 0, 0),
(265, 251, 430, 20, 0, 290000, 0, 0, NULL, 'pcs', 0, NULL, 0, 0),
(266, 252, 431, 15, 0, 130000, 0, 0, NULL, 'pcs', 0, NULL, 0, 0),
(267, 253, 432, 4, 0, 40000, 0, 0, NULL, 'pcs', 0, NULL, 0, 0),
(268, 254, 433, 97, 0, 165000, 0, 0, NULL, 'pcs', 0, NULL, 0, 0),
(269, 255, 434, 12, 0, 80000, 0, 0, NULL, 'pcs', 0, NULL, 0, 0),
(270, 256, 435, 5, 0, 90000, 0, 0, NULL, 'pcs', 0, NULL, 0, 0),
(271, 257, 436, 2, 0, 105000, 0, 0, NULL, 'pcs', 0, NULL, 0, 0),
(272, 258, 437, 99, 0, 90000, 0, 0, NULL, 'pcs', 0, NULL, 0, 0),
(273, 259, 438, 3, 0, 75000, 0, 0, NULL, 'pcs', 0, NULL, 0, 0),
(274, 260, 439, 50, 0, 155000, 0, 0, NULL, 'pcs', 0, NULL, 0, 0),
(275, 261, 440, 10, 0, 40000, 0, 0, NULL, 'pcs', 0, NULL, 0, 0),
(276, 262, 441, 38, 0, 110000, 0, 0, NULL, 'pcs', 0, NULL, 0, 0),
(277, 263, 442, 20, 0, 35000, 0, 0, NULL, 'pcs', 0, NULL, 0, 0),
(278, 264, 443, 20, 0, 175000, 0, 0, NULL, 'pcs', 0, NULL, 0, 0),
(279, 265, 444, 15, 0, 97000, 0, 0, NULL, 'pcs', 0, NULL, 0, 0),
(280, 266, 445, 5, 0, 74000, 0, 0, NULL, 'pcs', 0, NULL, 0, 0),
(281, 267, 446, 10, 0, 63000, 0, 0, NULL, 'pcs', 0, NULL, 0, 0),
(282, 268, 447, 2, 0, 75000, 0, 0, NULL, 'pcs', 0, NULL, 0, 0),
(283, 269, 448, 50, 0, 130000, 0, 0, NULL, 'pcs', 0, NULL, 0, 0),
(284, 270, 449, 90, 0, 160000, 0, 0, NULL, 'pcs', 0, NULL, 0, 0),
(285, 271, 450, 44, 0, 90000, 0, 0, NULL, 'pcs', 0, NULL, 0, 0),
(286, 272, 451, 20, 0, 280000, 0, 0, NULL, 'pcs', 0, NULL, 0, 0),
(287, 273, 452, 19, 0, 160000, 0, 0, NULL, 'pcs', 0, NULL, 0, 0),
(288, 274, 453, 5, 0, 57000, 0, 0, NULL, 'pcs', 0, NULL, 0, 0),
(289, 275, 454, 100, 0, 175000, 0, 0, NULL, 'pcs', 0, NULL, 0, 0),
(290, 276, 455, 15, 0, 165000, 0, 0, NULL, 'pcs', 0, NULL, 0, 0),
(291, 277, 456, 100, 0, 175000, 0, 0, NULL, 'pcs', 0, NULL, 0, 0),
(292, 278, 457, 100, 0, 175000, 0, 0, NULL, 'pcs', 0, NULL, 0, 0),
(293, 279, 458, 12, 0, 55000, 0, 0, NULL, 'pcs', 0, NULL, 0, 0),
(294, 280, 459, 20, 0, 280000, 0, 0, NULL, 'pcs', 0, NULL, 0, 0),
(295, 281, 460, 20, 0, 290000, 0, 0, NULL, 'pcs', 0, NULL, 0, 0),
(296, 282, 461, 20, 0, 280000, 0, 0, NULL, 'pcs', 0, NULL, 0, 0),
(297, 283, 462, 100, 0, 175000, 0, 0, NULL, 'pcs', 0, NULL, 0, 0),
(298, 284, 463, 9, 0, 99000, 0, 0, NULL, 'pcs', 0, NULL, 0, 0),
(299, 285, 464, 46, 0, 75000, 0, 0, NULL, 'pcs', 0, NULL, 0, 0),
(300, 286, 465, 49, 0, 155000, 0, 0, NULL, 'pcs', 0, NULL, 0, 0),
(301, 287, 466, 19, 0, 290000, 0, 0, NULL, 'pcs', 0, NULL, 0, 0),
(302, 288, 467, 15, 0, 35000, 0, 0, NULL, 'pcs', 0, NULL, 0, 0),
(303, 289, 468, 3, 0, 74000, 0, 0, NULL, 'pcs', 0, NULL, 0, 0),
(304, 290, 469, 10, 0, 790000, 0, 0, NULL, 'pcs', 0, NULL, 0, 0),
(305, 291, 470, 20, 0, 185000, 0, 0, NULL, 'pcs', 0, NULL, 0, 0),
(306, 292, 471, 81, 0, 120000, 0, 0, NULL, 'pcs', 0, NULL, 0, 0),
(307, 293, 472, 5, 0, 57000, 0, 0, NULL, 'pcs', 0, NULL, 0, 0),
(308, 294, 473, 5, 0, 37000, 0, 0, NULL, 'pcs', 0, NULL, 0, 0),
(309, 295, 474, 15, 0, 137000, 0, 0, NULL, 'pcs', 0, NULL, 0, 0),
(310, 296, 475, 81, 0, 120000, 0, 0, NULL, 'pcs', 0, NULL, 0, 0),
(311, 297, 476, 5, 0, 57000, 0, 0, NULL, 'pcs', 0, NULL, 0, 0),
(312, 298, 477, 5, 0, 37000, 0, 0, NULL, 'pcs', 0, NULL, 0, 0),
(313, 299, 478, 15, 0, 137000, 0, 0, NULL, 'pcs', 0, NULL, 0, 0),
(314, 300, 479, 81, 0, 120000, 0, 0, NULL, 'pcs', 0, NULL, 0, 0),
(315, 301, 480, 5, 0, 57000, 0, 0, NULL, 'pcs', 0, NULL, 0, 0),
(316, 302, 481, 5, 0, 37000, 0, 0, NULL, 'pcs', 0, NULL, 0, 0),
(317, 303, 482, 15, 0, 137000, 0, 0, NULL, 'pcs', 0, NULL, 0, 0),
(318, 304, 483, 81, 0, 120000, 0, 0, NULL, 'pcs', 0, NULL, 0, 0),
(319, 305, 484, 5, 0, 57000, 0, 0, NULL, 'pcs', 0, NULL, 0, 0),
(320, 306, 485, 5, 0, 37000, 0, 0, NULL, 'pcs', 0, NULL, 0, 0),
(321, 307, 486, 15, 0, 137000, 0, 0, NULL, 'pcs', 0, NULL, 0, 0),
(322, 308, 487, 81, 0, 120000, 0, 0, NULL, 'pcs', 0, NULL, 0, 0),
(323, 309, 488, 5, 0, 57000, 0, 0, NULL, 'pcs', 0, NULL, 0, 0),
(324, 310, 489, 5, 0, 37000, 0, 0, NULL, 'pcs', 0, NULL, 0, 0),
(325, 311, 490, 15, 0, 137000, 0, 0, NULL, 'pcs', 0, NULL, 0, 0),
(326, 312, 491, 81, 0, 120000, 0, 0, NULL, 'pcs', 0, NULL, 0, 0),
(327, 313, 492, 5, 0, 57000, 0, 0, NULL, 'pcs', 0, NULL, 0, 0),
(328, 314, 493, 5, 0, 37000, 0, 0, NULL, 'pcs', 0, NULL, 0, 0),
(329, 315, 494, 15, 0, 137000, 0, 0, NULL, 'pcs', 0, NULL, 0, 0),
(330, 316, 495, 81, 0, 120000, 0, 0, NULL, 'pcs', 0, NULL, 0, 0),
(331, 317, 496, 5, 0, 57000, 0, 0, NULL, 'pcs', 0, NULL, 0, 0),
(332, 318, 497, 5, 0, 37000, 0, 0, NULL, 'pcs', 0, NULL, 0, 0),
(333, 319, 498, 15, 0, 137000, 0, 0, NULL, 'pcs', 0, NULL, 0, 0),
(334, 320, 499, 81, 0, 120000, 0, 0, NULL, 'pcs', 0, NULL, 0, 0),
(335, 321, 500, 5, 0, 57000, 0, 0, NULL, 'pcs', 0, NULL, 0, 0),
(336, 322, 501, 5, 0, 37000, 0, 0, NULL, 'pcs', 0, NULL, 0, 0),
(337, 323, 502, 15, 0, 137000, 0, 0, NULL, 'pcs', 0, NULL, 0, 0),
(338, 324, 503, 81, 0, 120000, 0, 0, NULL, 'pcs', 0, NULL, 0, 0),
(339, 325, 504, 5, 0, 57000, 0, 0, NULL, 'pcs', 0, NULL, 0, 0),
(340, 326, 505, 5, 0, 37000, 0, 0, NULL, 'pcs', 0, NULL, 0, 0),
(341, 327, 506, 15, 0, 137000, 0, 0, NULL, 'pcs', 0, NULL, 0, 0),
(342, 328, 507, 81, 0, 120000, 0, 0, NULL, 'pcs', 0, NULL, 0, 0),
(343, 329, 508, 5, 0, 57000, 0, 0, NULL, 'pcs', 0, NULL, 0, 0),
(344, 330, 509, 5, 0, 37000, 0, 0, NULL, 'pcs', 0, NULL, 0, 0),
(345, 331, 510, 15, 0, 137000, 0, 0, NULL, 'pcs', 0, NULL, 0, 0),
(346, 332, 511, 81, 0, 120000, 0, 0, NULL, 'pcs', 0, NULL, 0, 0),
(347, 333, 512, 5, 0, 57000, 0, 0, NULL, 'pcs', 0, NULL, 0, 0),
(348, 334, 513, 5, 0, 37000, 0, 0, NULL, 'pcs', 0, NULL, 0, 0),
(349, 335, 514, 15, 0, 137000, 0, 0, NULL, 'pcs', 0, NULL, 0, 0),
(350, 336, 515, 81, 0, 120000, 0, 0, NULL, 'pcs', 0, NULL, 0, 0),
(351, 337, 516, 5, 0, 57000, 0, 0, NULL, 'pcs', 0, NULL, 0, 0),
(352, 338, 517, 5, 0, 37000, 0, 0, NULL, 'pcs', 0, NULL, 0, 0),
(353, 339, 518, 15, 0, 137000, 0, 0, NULL, 'pcs', 0, NULL, 0, 0),
(354, 340, 519, 81, 0, 120000, 0, 0, NULL, 'pcs', 0, NULL, 0, 0),
(355, 341, 520, 5, 0, 57000, 0, 0, NULL, 'pcs', 0, NULL, 0, 0),
(356, 342, 521, 5, 0, 37000, 0, 0, NULL, 'pcs', 0, NULL, 0, 0),
(357, 343, 522, 15, 0, 137000, 0, 0, NULL, 'pcs', 0, NULL, 0, 0),
(358, 344, 523, 81, 0, 120000, 0, 0, NULL, 'pcs', 0, NULL, 0, 0),
(359, 345, 524, 5, 0, 57000, 0, 0, NULL, 'pcs', 0, NULL, 0, 0),
(360, 346, 525, 5, 0, 37000, 0, 0, NULL, 'pcs', 0, NULL, 0, 0),
(361, 347, 526, 15, 0, 137000, 0, 0, NULL, 'pcs', 0, NULL, 0, 0),
(362, 348, 527, 81, 0, 120000, 0, 0, NULL, 'pcs', 0, NULL, 0, 0),
(363, 349, 528, 5, 0, 57000, 0, 0, NULL, 'pcs', 0, NULL, 0, 0),
(364, 350, 529, 5, 0, 37000, 0, 0, NULL, 'pcs', 0, NULL, 0, 0),
(365, 351, 530, 15, 0, 137000, 0, 0, NULL, 'pcs', 0, NULL, 0, 0),
(366, 352, 531, 1, 0, 0, 0, 0, NULL, 'Pcs', 0, NULL, 0, 0),
(367, 353, 3, 4, 0, 2024, 0, 202, NULL, 'unit', 0, 'Biru; Pendek; ', 0, 0),
(368, 354, 96, 2, 0, 2100, 0, 0, NULL, '', 0, '-', 0, 0),
(369, 355, 3, 1, 0, 2024, 0, 202, NULL, 'unit', 0, 'Biru; Pendek; ', 0, 0),
(370, 355, 6, 1, 0, 7825, 0, 783, NULL, 'unit', 0, 'Tolong cepat!!!||Hitam; Dalam; ', 0, 0),
(371, 356, 26, 1, 0, 3695, 0, 370, NULL, 'Unit', 0, 'Hitam; ', 0, 0),
(372, 357, 17, 1, 0, 6425, 0, 643, NULL, 'pcs', 0, 'Pink; Pendek; ', 0, 0),
(373, 358, 94, 1, 20000, 73000, 0, 7300, 1, '', 0, 'Harga Satuan ()', 0, 0),
(374, 359, 93, 1, 800, 6300, 0, 630, 1, '', 0, 'Harga Satuan ()', 0, 0),
(375, 360, 92, 1, 800, 5000, 0, 500, 1, '', 0, 'Harga Satuan ()', 0, 0),
(376, 361, 95, 8, 0, 2000, 0, 0, NULL, '', 0, '-', 0, 0),
(377, 362, 86, 8, 0, 200, 0, 0, NULL, '', 0, '-', 0, 0),
(378, 363, 87, 5, 0, 200, 0, 0, NULL, '', 0, '-', 0, 0),
(379, 364, 89, 3, 0, 2000, 0, 0, NULL, '', 0, '-', 0, 0),
(380, 365, 90, 8, 0, 2000, 0, 0, NULL, '', 0, '-', 0, 0),
(381, 366, 85, 12, 0, 2000, 0, 0, NULL, '', 0, '-', 0, 0),
(382, 367, 84, 10, 0, 1000, 0, 0, NULL, '', 0, '-', 0, 0),
(383, 368, 83, 22, 0, 1000, 0, 0, NULL, '', 0, '-', 0, 0),
(384, 369, 82, 45, 0, 1000, 0, 0, NULL, '', 0, '-', 0, 0),
(385, 370, 77, 7, 0, 900000, 0, 0, NULL, '', 0, '-', 0, 0),
(386, 371, 40, 4, 0, 3000, 0, 0, NULL, 'pcs', 0, '-', 0, 0),
(387, 372, 28, 5, 0, 4990, 0, 0, NULL, 'pcs', 0, '-', 0, 0),
(388, 373, 46, 6, 0, 7100, 0, 0, NULL, 'Unit', 0, '-', 0, 0),
(389, 374, 27, 8, 0, 2000, 0, 0, NULL, 'unit', 0, '-', 0, 0),
(390, 375, 20, 3, 0, 5500, 0, 0, NULL, 'pcs', 0, '-', 0, 0),
(391, 376, 11, 1, 0, 7900, 0, 0, NULL, 'pcs', 0, '-', 0, 0),
(392, 377, 95, 1, 200, 2300, 0, 230, 1, '', 0, 'Harga Satuan ()', 0, 0),
(393, 378, 95, 1, 200, 2300, 0, 230, 1, '', 0, 'Harga Satuan ()', 0, 0),
(394, 379, 89, 1, 800, 4500, 0, 450, 1, '', 0, 'Harga Satuan ()', 0, 0),
(395, 380, 6, 2, 0, 7825, 0, 783, NULL, 'unit', 0, 'Hitam; Dalam; ', 0, 0),
(396, 381, 139, 11, 0, 5000, 0, 0, NULL, '', 0, '-', 0, 0),
(397, 382, 85, 1, 1100, 8509, 0, 851, 1, '', 0, '', 0, 0),
(398, 383, 17, 1, 0, 6725, 0, 673, NULL, 'pcs', 0, 'Merah; Pendek; ', 0, 0),
(399, 384, 19, 2, 0, 7000, 0, 0, NULL, 'Unit', 0, '-', 0, 0),
(400, 385, 14, 6, 0, 9000, 0, 0, NULL, 'pcs', 0, '-', 0, 0),
(401, 386, 9, 7, 0, 5850, 0, 0, NULL, 'unit', 0, '-', 0, 0),
(402, 387, 8, 8, 0, 2450, 0, 0, NULL, 'unit', 0, '-', 0, 0),
(403, 388, 7, 9, 0, 8900, 0, 0, NULL, 'unit', 0, '-', 0, 0),
(404, 389, 5, 4, 0, 7450, 0, 0, NULL, 'unit', 0, '-', 0, 0),
(405, 390, 4, 21, 0, 1199, 0, 0, NULL, 'unit', 0, '-', 0, 0),
(406, 391, 2, 3, 0, 3400, 0, 0, NULL, 'pcs', 0, '-', 0, 0),
(407, 392, 1, 4, 0, 6000, 0, 0, NULL, 'pcs', 0, '-', 0, 0),
(408, 393, 89, 2, 800, 4500, 0, 450, 1, '', 0, '', 0, 0),
(409, 393, 82, 1, 500, 2500, 0, 250, 1, '', 0, '', 0, 0),
(410, 393, 95, 2, 200, 2450, 0, 245, 1, '', 0, 'Super Jumbo; ', 0, 0),
(411, 394, 83, 2, 1800, 3000, 0, 300, 1, '', 0, '', 0, 0),
(412, 394, 20, 1, 0, 6500, 0, 650, 8, 'pcs', 0, 'Sedang; ', 0, 0),
(413, 395, 20, 3, 0, 6500, 0, 650, 8, 'pcs', 0, 'Sedang; ', 0, 0),
(414, 396, 212, 4, 0, 8900, 0, 0, NULL, 'unit', 0, '-', 0, 0),
(415, 397, 211, 6, 0, 4990, 0, 0, NULL, 'pcs', 0, '-', 0, 0),
(416, 398, 210, 11, 0, 2999, 0, 0, NULL, 'pcs', 0, '-', 0, 0),
(417, 399, 209, 8, 0, 3052, 0, 0, NULL, 'Unit', 0, '-', 0, 0),
(419, 401, 5, 1, 0, 7950, 0, 795, NULL, 'unit', 0, 'Hitam; ', 0, 0),
(421, 403, 99, 1, 0, 5250, 0, 0, NULL, 'pcs', 0, '||Biru; L; ', 0, 0),
(423, 405, 46, 1, 0, 7590, 0, 759, 2, 'Unit', 0, 'Harga Satuan (Unit)', 0, 0),
(424, 406, 88, 1, 110, 9500, 0, 950, 1, '', 0, 'Harga Satuan ()', 0, 0),
(425, 407, 148, 1, 0, 250000, 0, 0, NULL, '', 0, '-', 0, 0),
(426, 408, 148, 1, 0, 250000, 0, 0, NULL, '', 0, '-', 0, 0),
(427, 409, 95, 1, 200, 2300, 0, 230, 1, 'pcs', 0, 'Harga Satuan (pcs)', 0, 0),
(428, 409, 92, 1, 800, 5000, 0, 500, 1, 'pcs', 0, 'Harga Satuan (pcs)', 0, 0),
(429, 409, 46, 1, 0, 7590, 0, 759, 2, 'Unit', 0, 'Harga Satuan (Unit)', 0, 0),
(430, 409, 94, 1, 10, 730, 0, 73, 1, 'pcs', 0, 'Harga Satuan (pcs)', 0, 0),
(431, 409, 93, 1, 800, 6300, 0, 630, 1, 'pcs', 0, 'Harga Satuan (pcs)', 0, 0),
(432, 410, 28, 1, 0, 6390, 0, 639, 6, 'pcs', 0, 'Hitam; L; ', 0, 0),
(433, 410, 96, 1, 0, 2600, 0, 260, 2, '', 0, '', 0, 0),
(434, 411, 8, 2, 0, 4800, 0, 480, NULL, 'unit', 0, 'Hijau Mix Hitam; XL; ', 0, 0),
(435, 411, 4, 1, 0, 1651, 0, 165, 4, 'unit', 0, 'Merah; Menengah; ', 0, 0),
(436, 412, 85, 1, 1100, 8509, 0, 851, 1, 'pcs', 0, '', 0, 0),
(437, 412, 139, 1, 0, 2500, 0, 250, 1, 'pcs', 0, 'Hitam; S; Mode 1; ', 0, 0);

-- --------------------------------------------------------

--
-- Table structure for table `rb_penjualan_kupon`
--

CREATE TABLE `rb_penjualan_kupon` (
  `id_penjualan_kupon` int(11) NOT NULL,
  `id_penjualan_detail` int(11) NOT NULL,
  `id_kupon` int(11) NOT NULL,
  `kode` varchar(255) NOT NULL,
  `nilai` int(11) NOT NULL,
  `status_kupon` varchar(50) DEFAULT NULL,
  `keterangan_kupon` varchar(255) DEFAULT NULL,
  `detail_kupon` int(11) DEFAULT NULL,
  `waktu_pakai` datetime NOT NULL
) ENGINE=MyISAM DEFAULT CHARSET=utf8mb4 COLLATE=utf8mb4_general_ci;

-- --------------------------------------------------------

--
-- Table structure for table `rb_penjualan_otomatis`
--

CREATE TABLE `rb_penjualan_otomatis` (
  `id_penjualan_otomatis` int(11) NOT NULL,
  `kode_transaksi` varchar(50) NOT NULL,
  `nominal` int(50) NOT NULL,
  `saldo` int(11) NOT NULL DEFAULT 0 COMMENT '0 = Sebagian, 1 = Full Saldo, 2 = Tanpa Saldo',
  `pembayaran` int(11) DEFAULT NULL COMMENT '1 = Lunas, Null/0 = Belum bayar',
  `catatan` text DEFAULT NULL,
  `status_trx` varchar(255) DEFAULT NULL,
  `penampung` text DEFAULT NULL,
  `waktu_proses` datetime NOT NULL
) ENGINE=MyISAM DEFAULT CHARSET=latin1 COLLATE=latin1_swedish_ci;

--
-- Dumping data for table `rb_penjualan_otomatis`
--

INSERT INTO `rb_penjualan_otomatis` (`id_penjualan_otomatis`, `kode_transaksi`, `nominal`, `saldo`, `pembayaran`, `catatan`, `status_trx`, `penampung`, `waktu_proses`) VALUES
(1, 'TRX1.20250627101028', 60412590, 2, NULL, NULL, NULL, NULL, '2025-06-27 10:10:28'),
(2, 'TRX1.20250627101142', 60386100, 2, 1, NULL, NULL, NULL, '2025-06-27 10:11:42'),
(3, 'TRX1.20250627101239', 14490, 2, 1, NULL, NULL, NULL, '2025-06-27 10:12:39'),
(4, 'TRX1.20250628094456', 59718400, 2, 1, NULL, NULL, NULL, '2025-06-28 09:44:56'),
(5, 'TRX1.20250629104431', 61066600, 2, NULL, NULL, NULL, NULL, '2025-06-29 10:44:31'),
(6, 'TRX2.20250716144424', 883985, 2, NULL, NULL, NULL, NULL, '2025-07-16 14:44:24'),
(7, 'TRX-341.20250721101643', 86598, 2, NULL, 'kasir', NULL, NULL, '2025-07-21 10:17:11'),
(8, 'TRX-9.20250721104037', 65909, 2, NULL, 'kasir', NULL, NULL, '2025-07-21 10:41:11'),
(9, 'TRX-341.20250721104138', 20318, 2, NULL, 'kasir', NULL, NULL, '2025-07-21 10:41:53'),
(10, 'TRX1.20250721115708', 19000, 2, NULL, NULL, NULL, NULL, '2025-07-21 11:57:08'),
(11, 'TRX1.20250721143647', 30574, 2, NULL, NULL, NULL, NULL, '2025-07-21 14:36:47'),
(12, 'TRX2.20250722122857', 37400, 2, NULL, NULL, NULL, NULL, '2025-07-22 12:28:57'),
(13, 'TRX1.20250726090359', 99775, 2, NULL, NULL, NULL, NULL, '2025-07-26 09:03:59'),
(14, 'TRX1.20250808103116', 57875, 2, NULL, NULL, NULL, NULL, '2025-08-08 10:31:16'),
(15, 'TRX-9.20250808103716', 53000, 2, NULL, 'kasir', NULL, NULL, '2025-08-08 10:41:51'),
(16, 'TRX1.20250909095325', 27150, 2, NULL, NULL, NULL, NULL, '2025-09-09 09:53:25'),
(17, 'TRX1.20251130132310', 28150, 2, NULL, NULL, NULL, NULL, '2025-11-30 13:23:10'),
(18, 'TRX1.20260117104445', 22596, 2, NULL, '04e5dee5-8cec-418e-8c42-e65da65409fb', NULL, NULL, '2026-01-17 10:44:45'),
(19, 'TRX1.20260227100357', 42544, 1, 1, NULL, NULL, NULL, '2026-02-27 10:03:57'),
(20, 'TRX1.20260227102458', 19925, 2, NULL, NULL, NULL, NULL, '2026-02-27 10:24:58'),
(21, 'TRX-9.20260225144200', 53000, 2, NULL, 'kasir', NULL, NULL, '2026-03-01 14:44:43'),
(22, 'TRX-9.20260301145109', 5500, 2, NULL, 'kasir', NULL, NULL, '2026-03-01 14:53:40'),
(23, 'TRX-9.20260301145358', 4200, 2, NULL, 'kasir', NULL, NULL, '2026-03-01 14:56:04'),
(24, 'TRX-9.20260301145729', 2100, 2, NULL, 'kasir', NULL, NULL, '2026-03-01 14:59:12'),
(25, 'TRX-9.20260301145924', 2100, 2, NULL, 'kasir', NULL, NULL, '2026-03-01 14:59:35'),
(26, 'TRX-341.20260301151204', 3700, 2, NULL, 'kasir', NULL, NULL, '2026-03-01 15:12:19'),
(27, 'TRX1.20260301162112', 31150, 2, NULL, '9f01bd10-6002-43f3-b2af-a6dae575d45c', NULL, NULL, '2026-03-01 16:21:12'),
(28, 'TRX5.20260304104647', 44389, 2, NULL, NULL, NULL, NULL, '2026-03-04 10:46:47'),
(29, 'TRX1.20260304153314', 49225, 2, NULL, NULL, NULL, NULL, '2026-03-04 15:33:14'),
(30, 'TRX2.20260306105424', 26376, 2, NULL, NULL, NULL, NULL, '2026-03-06 10:54:24'),
(31, 'TRX2.20260306142010', 21390, 2, NULL, NULL, NULL, NULL, '2026-03-06 14:20:10'),
(32, 'TRX2.20260306143023', 31977, 2, NULL, '87687177-724a-4bb9-a722-7ca55ba6450f', NULL, NULL, '2026-03-06 14:30:23'),
(33, 'TRX936.20260307115541', 129409, 2, NULL, NULL, NULL, NULL, '2026-03-07 11:55:41'),
(34, 'TRX-9.20260312074451', 7590, 2, NULL, 'kasir', NULL, 'QRIS', '2026-03-12 07:51:53'),
(35, 'TRX-9.20260314153740', 9390, 2, NULL, 'kasir', NULL, 'Cash/Tunai', '2026-03-14 15:39:07'),
(36, 'TRX-341.20260331093637', 20110, 2, NULL, 'kasir', NULL, 'Cash/Tunai', '2026-03-31 09:39:41'),
(37, 'TRX2.20260405135628', 21490, 2, NULL, NULL, NULL, NULL, '2026-04-05 13:56:28'),
(38, 'TRX1.20260421141718', 29733, 2, NULL, NULL, NULL, NULL, '2026-04-21 14:17:18'),
(39, 'TRX936.20260423181955', 22354, 2, 1, NULL, NULL, NULL, '2026-04-23 18:19:55');

-- --------------------------------------------------------

--
-- Table structure for table `rb_penjualan_temp`
--

CREATE TABLE `rb_penjualan_temp` (
  `id_penjualan_detail` int(11) NOT NULL,
  `session` varchar(50) NOT NULL,
  `id_produk` int(11) NOT NULL,
  `jumlah` int(11) NOT NULL,
  `diskon` int(11) NOT NULL,
  `harga_jual` int(11) NOT NULL,
  `satuan` varchar(50) NOT NULL,
  `id_kupon` int(11) DEFAULT NULL,
  `id_kupon_lain` int(11) DEFAULT NULL,
  `keterangan_order` text DEFAULT NULL,
  `catatan` text DEFAULT NULL,
  `checked` enum('Y','N') NOT NULL DEFAULT 'Y',
  `id_level` int(11) NOT NULL DEFAULT 0,
  `sess_marketing` int(11) DEFAULT 0,
  `waktu_order` datetime NOT NULL
) ENGINE=MyISAM DEFAULT CHARSET=latin1 COLLATE=latin1_swedish_ci;

--
-- Dumping data for table `rb_penjualan_temp`
--

INSERT INTO `rb_penjualan_temp` (`id_penjualan_detail`, `session`, `id_produk`, `jumlah`, `diskon`, `harga_jual`, `satuan`, `id_kupon`, `id_kupon_lain`, `keterangan_order`, `catatan`, `checked`, `id_level`, `sess_marketing`, `waktu_order`) VALUES
(83, '7', 28, 2, 0, 6390, 'pcs', NULL, NULL, 'Hitam; L; ', '', 'Y', 0, 0, '2026-03-03 11:27:10'),
(84, '7', 17, 1, 0, 6425, 'pcs', NULL, NULL, 'Pink; Pendek; ', '', 'Y', 0, 0, '2026-03-03 12:25:51'),
(115, '20260307120058', 28, 1, 0, 6890, 'pcs', NULL, NULL, 'Merah; XL; ', '', 'Y', 0, 0, '2026-03-07 12:00:58'),
(80, '9.20260302102045', 95, 1, 200, 2300, '', NULL, NULL, 'Harga Satuan ()', NULL, 'Y', 0, 0, '2026-03-02 10:20:51'),
(81, '20260303103948', 17, 1, 0, 6425, 'pcs', NULL, NULL, 'Pink; Pendek; ', '', 'Y', 0, 0, '2026-03-03 10:39:48'),
(116, '20260307120058', 14, 1, 0, 10900, 'pcs', NULL, NULL, 'Coklat; XXL; ', '', 'Y', 0, 0, '2026-03-07 12:01:01'),
(99, '2', 20, 1, 0, 6500, 'pcs', NULL, NULL, 'Sedang; ', '', 'N', 0, 0, '2026-03-06 15:09:08'),
(95, '20260306084550', 6, 1, 0, 8750, 'unit', NULL, NULL, 'Hijau; Sangat Dalam; ', NULL, 'Y', 0, 0, '2026-03-06 08:48:16'),
(130, '1', 25, 1, 0, 2644, 'Unit', NULL, NULL, 'Silver; ', '', 'N', 0, 0, '2026-03-12 11:04:47');

-- --------------------------------------------------------

--
-- Table structure for table `rb_ppob`
--

CREATE TABLE `rb_ppob` (
  `id_ppob` int(11) NOT NULL,
  `id_api` int(11) NOT NULL,
  `nama_ppob` varchar(255) NOT NULL,
  `icon_kode` varchar(255) DEFAULT NULL,
  `icon_image` varchar(255) DEFAULT NULL,
  `aktif` enum('0','1') NOT NULL DEFAULT '1',
  `jenis` enum('prabayar','pascabayar') NOT NULL DEFAULT 'prabayar'
) ENGINE=MyISAM DEFAULT CHARSET=utf8mb4 COLLATE=utf8mb4_general_ci;

--
-- Dumping data for table `rb_ppob`
--

INSERT INTO `rb_ppob` (`id_ppob`, `id_api`, `nama_ppob`, `icon_kode`, `icon_image`, `aktif`, `jenis`) VALUES
(1, 1, 'pulsa all operator', '', 'pulsa.jpg', '1', 'prabayar'),
(2, 2, 'paket data', NULL, 'data.jpg', '1', 'prabayar'),
(3, 4, 'voucher google play', '', 'gplay1.jpg', '1', 'prabayar'),
(4, 5, 'pulsa sms telephone', '', 'sms.jpg', '1', 'prabayar'),
(5, 6, 'pulsa transfer', NULL, NULL, '1', 'prabayar'),
(6, 11, 'voucher game', '', 'game1.jpg', '1', 'prabayar'),
(7, 12, 'pubg mobile uc', NULL, NULL, '1', 'prabayar'),
(8, 14, 'voucher wifi.id', NULL, NULL, '1', 'prabayar'),
(9, 19, 'token listrik', NULL, NULL, '1', 'prabayar'),
(10, 20, 'e-toll', NULL, NULL, '1', 'prabayar'),
(11, 22, 'free fire diamond', NULL, NULL, '1', 'prabayar'),
(12, 23, 'malaysia topup', NULL, NULL, '1', 'prabayar'),
(13, 24, 'singapore topup', NULL, NULL, '1', 'prabayar'),
(14, 25, 'e-money', '', 'emoney.jpg', '1', 'prabayar'),
(15, 26, 'mobile legend', NULL, NULL, '1', 'prabayar'),
(16, 76, 'voucher', NULL, NULL, '1', 'prabayar'),
(17, 37, 'pembayaran pln', NULL, NULL, '1', 'pascabayar'),
(18, 38, 'pembayaran bpjs', NULL, NULL, '1', 'pascabayar'),
(20, 41, 'pembayaran tv', NULL, NULL, '1', 'pascabayar'),
(21, 42, 'pembayaran pdam', NULL, NULL, '1', 'pascabayar'),
(22, 44, 'telephone pascabayar', NULL, NULL, '1', 'pascabayar'),
(23, 45, 'zakat', NULL, NULL, '1', 'pascabayar'),
(25, 98, 'pembayaran pbb', NULL, NULL, '1', 'pascabayar'),
(26, 99, 'pembayaran gas negara', NULL, NULL, '1', 'pascabayar'),
(27, 102, 'pembayaran internet', NULL, NULL, '1', 'pascabayar'),
(28, 103, 'pembayaran telephone kabel', NULL, NULL, '1', 'pascabayar');

-- --------------------------------------------------------

--
-- Table structure for table `rb_ppob_margin`
--

CREATE TABLE `rb_ppob_margin` (
  `id_ppob_margin` int(11) NOT NULL,
  `id_jenis` int(11) DEFAULT NULL,
  `id_ppob` int(11) NOT NULL,
  `kode_ppob` varchar(20) NOT NULL,
  `nama_ppob` varchar(255) NOT NULL,
  `harga` int(11) NOT NULL,
  `margin` int(11) NOT NULL
) ENGINE=MyISAM DEFAULT CHARSET=latin1 COLLATE=latin1_swedish_ci;

--
-- Dumping data for table `rb_ppob_margin`
--

INSERT INTO `rb_ppob_margin` (`id_ppob_margin`, `id_jenis`, `id_ppob`, `kode_ppob`, `nama_ppob`, `harga`, `margin`) VALUES
(1, 1, 1, 'AX5', 'AXIS 5.000', 6073, 427),
(4, 1, 1, 'AX10', 'AXIS 10.000', 11004, 496),
(5, 1, 1, 'AX25', 'AXIS 25.000', 24934, 66),
(6, 1, 1, 'AX30', 'AXIS 30K', 30074, 426),
(11, 1, 29, 'S5', 'TELKOMSEL 5.000', 5559, 441);

-- --------------------------------------------------------

--
-- Table structure for table `rb_ppob_tagihan`
--

CREATE TABLE `rb_ppob_tagihan` (
  `id_ppob_tagihan` int(11) NOT NULL,
  `id_konsumen` int(11) NOT NULL,
  `id_tagihan` int(11) NOT NULL,
  `message` text NOT NULL,
  `data` text NOT NULL
) ENGINE=MyISAM DEFAULT CHARSET=latin1 COLLATE=latin1_swedish_ci;

--
-- Dumping data for table `rb_ppob_tagihan`
--

INSERT INTO `rb_ppob_tagihan` (`id_ppob_tagihan`, `id_konsumen`, `id_tagihan`, `message`, `data`) VALUES
(1, 1, 5141756, 'Anda sudah melakukan pengecekan pembayaran dengan No.pelanggan 131020343612 (202305), silahkan melanjutkan pembayaran pada menu Tagihan pembayaran.', '79843495|PLNPASCH|PLN Pasca Bayar|081267771344|131020343612|NURMASNEN|202305|0|1|232003|950|232953|452423423423|2023-05-13 10:43:30'),
(2, 1, 5143565, 'Anda sudah melakukan pengecekan pembayaran dengan No.pelanggan 132010349072 (202404), silahkan melanjutkan pembayaran pada menu Tagihan pembayaran.', '298310759|PLNPASCH|PLN Pasca Bayar|081267771344|132010349072|WILSON|202404|0|1|281081|950|282031|PPOB/1/20240401161235|2024-04-01 16:12:37'),
(3, 430, 5146072, 'Anda sudah melakukan pengecekan pembayaran dengan No.pelanggan 888890001351060 (1), silahkan melanjutkan pembayaran pada menu Tagihan pembayaran.', '438730310|ASRBPJSKS|Pembayaran BPJS|081220875488|888890001351060|SMK KIMIA DHARMA BHAKTI|1|0|1|841860|1700|843560|PPOB/430/20241009203255|2024-10-09 20:32:56');

-- --------------------------------------------------------

--
-- Table structure for table `rb_produk`
--

CREATE TABLE `rb_produk` (
  `id_produk` int(11) NOT NULL,
  `id_produk_perusahaan` int(11) NOT NULL,
  `id_kategori_produk` int(11) NOT NULL,
  `id_kategori_produk_sub` int(11) NOT NULL,
  `id_reseller` int(11) NOT NULL,
  `nama_produk` varchar(255) NOT NULL,
  `produk_seo` varchar(255) NOT NULL,
  `satuan` varchar(50) NOT NULL,
  `harga_beli` int(11) NOT NULL,
  `harga_reseller` int(11) NOT NULL,
  `harga_konsumen` int(11) NOT NULL,
  `cashback` int(11) NOT NULL DEFAULT 0,
  `berat` varchar(50) NOT NULL,
  `gambar` varchar(255) DEFAULT NULL,
  `tentang_produk` text NOT NULL,
  `keterangan` text NOT NULL,
  `username` varchar(50) DEFAULT NULL,
  `aktif` enum('Y','N') NOT NULL DEFAULT 'Y',
  `tag` varchar(255) NOT NULL,
  `dilihat` int(11) DEFAULT NULL,
  `minimum` int(11) DEFAULT 1,
  `sku` varchar(255) DEFAULT NULL,
  `fee_produk` int(11) NOT NULL DEFAULT 0,
  `pre_order` int(11) DEFAULT NULL,
  `jenis_produk` enum('Fisik','Digital') NOT NULL DEFAULT 'Fisik',
  `produk_file` text DEFAULT NULL,
  `poin_produk` int(11) NOT NULL DEFAULT 0,
  `id_mata_uang_produk` int(11) NOT NULL DEFAULT 1,
  `waktu_input` datetime NOT NULL
) ENGINE=MyISAM DEFAULT CHARSET=latin1 COLLATE=latin1_swedish_ci;

--
-- Dumping data for table `rb_produk`
--

INSERT INTO `rb_produk` (`id_produk`, `id_produk_perusahaan`, `id_kategori_produk`, `id_kategori_produk_sub`, `id_reseller`, `nama_produk`, `produk_seo`, `satuan`, `harga_beli`, `harga_reseller`, `harga_konsumen`, `cashback`, `berat`, `gambar`, `tentang_produk`, `keterangan`, `username`, `aktif`, `tag`, `dilihat`, `minimum`, `sku`, `fee_produk`, `pre_order`, `jenis_produk`, `produk_file`, `poin_produk`, `id_mata_uang_produk`, `waktu_input`) VALUES
(69, 0, 2, 1, 1, 'Group Order by Kiyora Sedang', 'group-order-by-kiyora-sedang', 'pcs', 70000, 0, 90000, 0, '350', 'kiyora1.jpg;kiyora2.jpg', '1. Unrestrained and portable active stereo speaker\\\\r\\\\n2. Free from the confines of wires and chords\\\\r\\\\n3. 20 hours of portable capabilities\\\\r\\\\n4. Double-ended Coil Cord with 3.5mm Stereo Plugs Included', '<p style=\"margin-bottom: 25px; font-size: 14px; line-height: 1.8em;\">Lorem ipsum dolor sit amet, consectetur adipiscing elit. Donec scelerisque condimentum mattis. Suspendisse potenti. Proin vitae elementum nisi. Aliquam eu pretium risus. Nam varius efficitur consectetur. Aenean vestibulum felis sed mollis faucibus. Interdum et malesuada fames ac ante ipsum primis in faucibus. Proin venenatis est sit amet eleifend vehicula. Lorem ipsum dolor sit amet, consectetur adipiscing elit. Integer id nunc eu odio ultrices pulvinar non feugiat felis. Duis consequat urna sapien, porta gravida diam venenatis at. Duis at ornare enim, ac accumsan eros. Sed in finibus metus. Etiam blandit tristique orci, sit amet congue dui facilisis id. Donec fermentum diam at orci viverra placerat. Sed nunc lorem, cursus nec vestibulum hendrerit, tempus et libero.</p><p style=\"margin-bottom: 25px; font-size: 14px; line-height: 1.8em;\">Donec consequat lacinia fringilla. Proin dapibus justo at elit iaculis, eu rutrum velit dapibus. Phasellus nec augue vel nisl sagittis malesuada vel vel orci. In in euismod massa. Praesent vel blandit arcu. Maecenas eleifend dui in est rhoncus, mattis sollicitudin augue semper. Donec a lectus rhoncus, ornare nunc rutrum, egestas arcu. Aenean dapibus urna non nisl dignissim volutpat.</p>', '1', 'Y', 'muslimah,wanita', 820, 1, '', 0, 10, 'Fisik', NULL, 0, 1, '2021-05-16 10:44:57'),
(46, 18, 10, 0, 1, 'Consina Expert Series Lunara Biru Gelapp', 'consina-expert-series-lunara-biru-gelapp-104616', 'Unit', 7100, 7200, 7590, 0, '500', 'tas1.jpg', 'Consina merupakan salah satu produk lokal yang lahir pada tahun 1994. Bagi Anda yang memiliki hobi mendaki gunung dan berkemah, tentunya merk Consina sudah melekat di telinga Anda. Semakin berkembangnya perusahaan ini, peminatnya semakin banyak. ', '<h2>Produk Lokal, Rasa Internasional</h2>\r\n\r\n<p>Consina merupakan salah satu produk lokal yang lahir pada tahun 1994. Bagi Anda yang memiliki hobi mendaki gunung dan berkemah, tentunya merk Consina sudah melekat di telinga Anda. Semakin berkembangnya perusahaan ini, peminatnya semakin banyak. Produk-produk dari consina memiliki kualitas yang sangat bersaing karena dibuat dengan material-material kelas satu. Tidak hanya itu, fungsi dan desainnya tidak kalah dengan merk-merk dari luar negeri. </p>\r\n\r\n<h3>Menampung Keseharian Anda Sehari-hari</h3>\r\n\r\n<p>Kali ini consina mengeluarkan tas ransel dengan ukuran yang besar yang mampu menampung kebutuhan berpetualang Anda. Tidak hanya itu, tas ransel Consina Lunara hadir dengan dimensi ukuran 30 x 25 x 60 sehingga Anda mampu menampung barang bawaan hingga 20 sampai 40 liter. Walaupun tas ini diperuntukkan untuk kebutuhan bertualang, Anda dapat menggunakan tas ini untuk kegiatan sehari-hari Anda.</p>\r\n', '1', 'Y', 'muslimah,software,hardware,kaos,wanita', 237, 1, NULL, 0, 2, 'Fisik', NULL, 0, 1, '2020-07-23 11:16:39'),
(40, 0, 6, 14, 1, 'Men Singelete - Baju Dalam Menarik', 'men-singelete--baju-dalam-menarik', 'pcs', 3000, 0, 5000, 0, '50', 'baju_dalam7.jpg;baju_dalam15.jpg;baju_dalam25.jpg', 'Singlet Rider R226B Vest ini dirancang secara exclusive dengan bahan yang berkualitas untuk menjamin kenyaman dan ketahanan produk. Dengan desain yang sporty untuk menambah kepercayaan diri Anda.', 'Singlet Rider R226B Vest ini dirancang secara exclusive dengan bahan yang berkualitas untuk menjamin kenyaman dan ketahanan produk. Dengan desain yang sporty untuk menambah kepercayaan diri Anda.\r\n\r\nSinglet Rider R226B Vest berbahan ribbed cotton yang didesain form-fitting style dengan V-neckline, detail seamless sides, dan white list trimming di bagian samping.\r\n\r\nSinglet Rider R226B Vest anti bakteria yang dirancang melalui proses Shrunkenize ini membuat Anda bebas dari jamur dan bau tak sedap sekaligus menjadikannya nyaman dipakai dan tidak mudah melar.', '1', 'Y', 'jeans,kaos,pria', 841, 1, '', 0, 5, 'Fisik', NULL, 0, 1, '2020-07-17 13:58:53'),
(28, 10, 6, 0, 1, 'Gamis Green Filosifi Oxorcities TG-3452', 'gamis-green-filosifi-oxorcities-tg3452-112403', 'pcs', 4990, 0, 5990, 0, '320', 'gamis11.jpg', '1. Unrestrained and portable active stereo speaker\\r\\n2. Free from the confines of wires and chords\\r\\n3. 20 hours of portable capabilities\\r\\n4. Double-ended Coil Cord with 3.5mm Stereo Plugs Included\\r\\n5. 3/4? Dome Tweeters: 2X and 4? Woofer: 1X', '<p>Lorem ipsum dolor sit amet, consectetur adipiscing elit. Donec scelerisque condimentum mattis. Suspendisse potenti. Proin vitae elementum nisi. Aliquam eu pretium risus. Nam varius efficitur consectetur. Aenean vestibulum felis sed mollis faucibus. Interdum et malesuada fames ac ante ipsum primis in faucibus. Proin venenatis est sit amet eleifend vehicula. Lorem ipsum dolor sit amet, consectetur adipiscing elit. Integer id nunc eu odio ultrices pulvinar non feugiat felis. Duis consequat urna sapien, porta gravida diam venenatis at. Duis at ornare enim, ac accumsan eros. Sed in finibus metus. Etiam blandit tristique orci, sit amet congue dui facilisis id. Donec fermentum diam at orci viverra placerat. Sed nunc lorem, cursus nec vestibulum hendrerit, tempus et libero.</p>\r\n\r\n<p>Donec consequat lacinia fringilla. Proin dapibus justo at elit iaculis, eu rutrum velit dapibus. Phasellus nec augue vel nisl sagittis malesuada vel vel orci. In in euismod massa. Praesent vel blandit arcu. Maecenas eleifend dui in est rhoncus, mattis sollicitudin augue semper. Donec a lectus rhoncus, ornare nunc rutrum, egestas arcu. Aenean dapibus urna non nisl dignissim volutpat.</p>', '1', 'Y', '', 567, 1, NULL, 0, 6, 'Fisik', NULL, 0, 1, '2019-11-26 06:39:25'),
(27, 12, 6, 0, 1, 'Koku Fren Grenn Latifa Consesi TY-634', 'koku-fren-grenn-latifa-consesi-ty634', 'unit', 2000, 0, 3000, 0, '360', 'gamis3.jpg', '1. Unrestrained and portable active stereo speaker\\r\\n2. Free from the confines of wires and chords\\r\\n3. 20 hours of portable capabilities\\r\\n4. Double-ended Coil Cord with 3.5mm Stereo Plugs Included\\r\\n5. 3/4? Dome Tweeters: 2X and 4? Woofer: 1X', '<p>Lorem ipsum dolor sit amet, consectetur adipiscing elit. Donec scelerisque condimentum mattis. Suspendisse potenti. Proin vitae elementum nisi. Aliquam eu pretium risus. Nam varius efficitur consectetur. Aenean vestibulum felis sed mollis faucibus. Interdum et malesuada fames ac ante ipsum primis in faucibus. Proin venenatis est sit amet eleifend vehicula. Lorem ipsum dolor sit amet, consectetur adipiscing elit. Integer id nunc eu odio ultrices pulvinar non feugiat felis. Duis consequat urna sapien, porta gravida diam venenatis at. Duis at ornare enim, ac accumsan eros. Sed in finibus metus. Etiam blandit tristique orci, sit amet congue dui facilisis id. Donec fermentum diam at orci viverra placerat. Sed nunc lorem, cursus nec vestibulum hendrerit, tempus et libero.</p>\r\n\r\n<p>Donec consequat lacinia fringilla. Proin dapibus justo at elit iaculis, eu rutrum velit dapibus. Phasellus nec augue vel nisl sagittis malesuada vel vel orci. In in euismod massa. Praesent vel blandit arcu. Maecenas eleifend dui in est rhoncus, mattis sollicitudin augue semper. Donec a lectus rhoncus, ornare nunc rutrum, egestas arcu. Aenean dapibus urna non nisl dignissim volutpat.</p>', '1', 'Y', '', 774, 1, NULL, 0, 2, 'Fisik', NULL, 0, 1, '2019-11-26 06:39:25'),
(26, 0, 1, 0, 3, 'LENOVO X1 Carbon Gen 6 [20KGA04GID]', 'lenovo-x1-carbon-gen-6-20kga04gid-121807', 'Unit', 3375, 3475, 3575, 0, '1200', 'carbon1.jpg;carbon2.jpg;carbon3.jpg;carbon4.jpg', '1. Unrestrained and portable active stereo speaker\r\n2. Free from the confines of wires and chords\r\n3. 20 hours of portable capabilities\r\n4. Double-ended Coil Cord with 3.5mm Stereo Plugs Included\r\n5. 3/4? Dome Tweeters: 2X and 4? Woofer: 1X', '<h3><strong>Alasan Jitu Memilih DELL Business Latitude 7290</strong></h3>\r\n\r\n<p>Pasar ultrabook dunia diramaikan kehadiran LENOVO X1 Carbon Gen 6  yang menjadi salah satu ultrabook paling tipis di dunia. Ketebalan laptop yang super tipis memang ditujukan untuk Anda yang punya mobilitas tinggi. Karena tipis dan ringan, saat dibawa-bawa LENOVO X1 Carbon Gen 6  tidak akan terlalu menyiksa Anda. Berikut ini lima alasan kenapa Anda harus segera memiliki LENOVO X1 Carbon Gen 6 :</p>\r\n\r\n<p>LENOVO X1 Carbon Gen 6  menjadi laptop paling tipis di dunia saat diluncurkan pertama kali pada awal Juli 2016. Ini sangat wajar karena ketebalan laptop satu ini hanya 0.39 inci. Pemilihan material berkualitas juga membuatnya sangat ringan. Perpaduan warna emas di bagian dalam dan hitam matte di luar menciptakan kesan elegan dan modern. Dengan memakai LENOVO X1 Carbon Gen 6  tentu akan meningkatkan kepercayaan diri Anda.</p>\r\n\r\n<p>Konten layar yang Anda lihat jadi terlihat jernih berkat dukungan layar sentuh seluas 13.3 inci beresolusi Full HD. Teknologi Acer Color Intelligence mengatur gamma dan saturasi agar bisa menghasilkan warna lebih kaya. LENOVO X1 Carbon Gen 6  juga menggunakan panel layar jenis IPS sehingga dari sudut mana pun Anda melihatnya, kontras dan warna layar tidak pudar. Tak usah khawatir layar tergores, karena sudah menggunakan kaca Corning Gorilla Glass yang 2 kali lebih kuat dari kaca biasa. </p>\r\n', '3', 'Y', 'hardware,laptop,elektronik', 1096, 1, '', 0, NULL, 'Fisik', NULL, 0, 1, '2019-03-24 10:15:21'),
(25, 0, 1, 0, 3, 'DELL Business Latitude 7290 (Core i7-8650U)', 'dell-business-latitude-7290-core-i78650u-122033', 'Unit', 2044, 2144, 2244, 0, '1100', 'a8.jpg', '1. Unrestrained and portable active stereo speaker\r\n2. Free from the confines of wires and chords\r\n3. 20 hours of portable capabilities\r\n4. Double-ended Coil Cord with 3.5mm Stereo Plugs Included\r\n5. 3/4? Dome Tweeters: 2X and 4? Woofer: 1X', '<h3><strong>Alasan Jitu Memilih DELL Business Latitude 7290</strong></h3>\r\n\r\n<p>Pasar ultrabook dunia diramaikan kehadiran DELL Business Latitude 7290 yang menjadi salah satu ultrabook paling tipis di dunia. Ketebalan laptop yang super tipis memang ditujukan untuk Anda yang punya mobilitas tinggi. Karena tipis dan ringan, saat dibawa-bawa DELL Business Latitude 7290 tidak akan terlalu menyiksa Anda. Berikut ini lima alasan kenapa Anda harus segera memiliki DELL Business Latitude 7290:</p>\r\n\r\n<p>DELL Business Latitude 7290 menjadi laptop paling tipis di dunia saat diluncurkan pertama kali pada awal Juli 2016. Ini sangat wajar karena ketebalan laptop satu ini hanya 0.39 inci. Pemilihan material berkualitas juga membuatnya sangat ringan. Perpaduan warna emas di bagian dalam dan hitam matte di luar menciptakan kesan elegan dan modern. Dengan memakai DELL Business Latitude 7290 tentu akan meningkatkan kepercayaan diri Anda.</p>\r\n\r\n<p>Konten layar yang Anda lihat jadi terlihat jernih berkat dukungan layar sentuh seluas 13.3 inci beresolusi Full HD. Teknologi Acer Color Intelligence mengatur gamma dan saturasi agar bisa menghasilkan warna lebih kaya. Acer Swift 7 juga menggunakan panel layar jenis IPS sehingga dari sudut mana pun Anda melihatnya, kontras dan warna layar tidak pudar. Tak usah khawatir layar tergores, karena sudah menggunakan kaca Corning Gorilla Glass yang 2 kali lebih kuat dari kaca biasa. </p>\r\n', '3', 'Y', 'hardware,laptop,elektronik', 660, 1, '', 0, NULL, 'Fisik', NULL, 0, 1, '2019-03-24 10:13:19'),
(23, 0, 1, 0, 3, 'HP Business EliteBook X360 1020 G2', 'hp-business-elitebook-x360-1020-g2-122012', 'Unit', 3052, 3152, 3252, 0, '1100', 'a4.jpg', '1. Unrestrained and portable active stereo speaker\r\n2. Free from the confines of wires and chords\r\n3. 20 hours of portable capabilities\r\n4. Double-ended Coil Cord with 3.5mm Stereo Plugs Included\r\n5. 3/4? Dome Tweeters: 2X and 4? Woofer: 1X', '<h3><strong>Ringan, Kuat, dan Bertenaga</strong></h3>\r\n\r\n<p>HP EliteBook x360 1020 G2 merupakan laptop yang diperuntukkan bagi pebisnis yang memerlukkan tidak hanya bermobilitas tinggi, namun juga bertenaga. Elitebook x360 1020 G2 didukung oleh prosesor Intel® Core™ i7-7500U sehingga mampu menghadirkan performa yang sangat dapat diandalkan. Selain itu, laptop dengan layar 12.5 beresolusi Full HD ini sudah dilengkapi dengan SSD (Solid State Drive) sebagai media penyimpanan data sehingga kinerjanya semakin kencang. Tentu saja laptop ini memiliki bobot yang sangat ringan agar Anda dapat membawanya kemana saja. </p>\r\n\r\n<h3><strong>Empat Mode Untuk Segala Kebutuhan Bisnis</strong></h3>\r\n\r\n<p>EliteBook x360 1020 G@ hadir dengan beberapa mode yang didesain untuk kebutuhan Anda sehingga dapat menunjang produktivitas Anda. Mode-mode tersebut yaitu Mode Tent yang berbentuk seperti tenda yang sangat cocok untuk presentasi, Mode Tablet yang mentransformasikan laptop Anda menjadi sebuah tablet, Mode Media yang membawa Anda untuk merasakan pengalaman hiburan mendalam, dan yang terakhir adalah Mode Laptop.</p>', '3', 'Y', 'hardware,laptop,elektronik', 689, 1, '', 0, NULL, 'Fisik', NULL, 0, 1, '2019-03-24 10:09:20'),
(24, 0, 1, 0, 3, 'ACER Swift 7 (SF713-51) (Core i7-7Y75) - Gold', 'acer-swift-7-sf71351-core-i77y75--gold-122101', 'Unit', 2046, 2146, 2246, 0, '1100', 'a7.jpg', '1. Unrestrained and portable active stereo speaker\r\n2. Free from the confines of wires and chords\r\n3. 20 hours of portable capabilities\r\n4. Double-ended Coil Cord with 3.5mm Stereo Plugs Included\r\n5. 3/4? Dome Tweeters: 2X and 4? Woofer: 1X', '<h3><strong>5 Alasan Jitu Memilih Acer Swift 7</strong></h3>\r\n\r\n<p>Pasar ultrabook dunia diramaikan kehadiran Acer Swift 7 yang menjadi salah satu ultrabook paling tipis di dunia. Ketebalan laptop yang super tipis memang ditujukan untuk Anda yang punya mobilitas tinggi. Karena tipis dan ringan, saat dibawa-bawa Acer Swift 7 tidak akan terlalu menyiksa Anda. Berikut ini lima alasan kenapa Anda harus segera memiliki Acer Swift 7:</p>\r\n\r\n<h3>1) Laptop Paling Tipis di Dunia</h3>\r\n\r\n<p>Acer Swift 7 menjadi laptop paling tipis di dunia saat diluncurkan pertama kali pada awal Juli 2016. Ini sangat wajar karena ketebalan laptop satu ini hanya 0.39 inci. Pemilihan material berkualitas juga membuatnya sangat ringan. Perpaduan warna emas di bagian dalam dan hitam matte di luar menciptakan kesan elegan dan modern. Dengan memakai Acer Swift 7 tentu akan meningkatkan kepercayaan diri Anda.</p>\r\n\r\n<h3>2) Layar Sentuh Jernih Seluas 13 Inci</h3>\r\n\r\n<p>Konten layar yang Anda lihat jadi terlihat jernih berkat dukungan layar sentuh seluas 13.3 inci beresolusi Full HD. Teknologi Acer Color Intelligence mengatur gamma dan saturasi agar bisa menghasilkan warna lebih kaya. Acer Swift 7 juga menggunakan panel layar jenis IPS sehingga dari sudut mana pun Anda melihatnya, kontras dan warna layar tidak pudar. Tak usah khawatir layar tergores, karena sudah menggunakan kaca Corning Gorilla Glass yang 2 kali lebih kuat dari kaca biasa. </p>', '3', 'Y', 'hardware,laptop,elektronik', 623, 1, NULL, 0, NULL, 'Fisik', NULL, 0, 1, '2019-03-24 10:11:03'),
(22, 0, 1, 0, 3, 'APPLE MacBook Pro - Space Gray - Intel Core i5 2.3GHz', 'apple-macbook-pro--space-gray--intel-core-i5-23ghz-121934', 'Unit', 1950, 2000, 2250, 0, '1200', 'a2.jpg', '1. Unrestrained and portable active stereo speaker\r\n2. Free from the confines of wires and chords\r\n3. 20 hours of portable capabilities\r\n4. Double-ended Coil Cord with 3.5mm Stereo Plugs Included\r\n5. 3/4? Dome Tweeters: 2X and 4? Woofer: 1X', '<h3>Spesifikasi Lebih Tinggi untuk Pacu Produktivitas</h3>\r\n\r\n<p>Apple MacBook Pro edisi terbaru hadir dengan dua pilihan ukuran layar yakni 13 Inch dan 15 Inch. Apple MacBook Pro memiliki fitur terbaru yang memudahkan Anda bekerja dengan mengganti jejeran tombol Function (F) dengan panel sentuh. Fitur bernama Touch Bar ini dapat mengganti tampilan menu di panel sentuh sesuai aplikasi yang Anda gunakan. Namun, jika Anda masih menginginkan versi MacBook tanpa Touch Bar, Apple juga menyediakan varian MacBook Pro 13 Inch tanpa Touch Bar. Jadi Anda masih menggunakan Keyboard dengan tombol F berbentuk fisik seperti Layout Keyboard Laptop konvensional. MacBook Pro tanpa Touch Bar membawa peningkatan performa dibanding pendahulunya. Hadir sebagai otak utama adalah Processor Dual-Core besutan Intel Core i5 berkecepatan 2.3 GHz yang terintegrasi dengan pengolah grafis Intel Iris Graphics 640. Dua buah Port Thunderbolt 3 dengan antarmuka USB-C bisa digunakan untuk transfer data, mengisi baterai, dan Output Display.</p>\r\n\r\n<h3>Dua Pilihan Ukuran MacBook Pro</h3>\r\n\r\n<p>2 model MacBook Pro layar 13 dan 15 Inch, dengan dan tanpa Touch Bar.</p>\r\n', '3', 'Y', 'hardware,laptop,elektronik', 731, 1, NULL, 0, NULL, 'Fisik', NULL, 0, 1, '2019-03-23 20:24:24'),
(19, 18, 10, 0, 2, 'Consina Expert Series Lunara Biru Gelap', 'consina-expert-series-lunara-biru-gelap', 'Unit', 7000, 7200, 7590, 0, '500', 'tas.jpg', '1. Unrestrained and portable active stereo speaker\r\n2. Free from the confines of wires and chords\r\n3. 20 hours of portable capabilities\r\n4. Double-ended Coil Cord with 3.5mm Stereo Plugs Included\r\n5. 3/4? Dome Tweeters: 2X and 4? Woofer: 1X', '<h2>Produk Lokal, Rasa Internasional</h2>\r\n\r\n<p>Consina merupakan salah satu produk lokal yang lahir pada tahun 1994. Bagi Anda yang memiliki hobi mendaki gunung dan berkemah, tentunya merk Consina sudah melekat di telinga Anda. Semakin berkembangnya perusahaan ini, peminatnya semakin banyak. Produk-produk dari consina memiliki kualitas yang sangat bersaing karena dibuat dengan material-material kelas satu. Tidak hanya itu, fungsi dan desainnya tidak kalah dengan merk-merk dari luar negeri. </p>\r\n\r\n<h3>Menampung Keseharian Anda Sehari-hari</h3>\r\n\r\n<p>Kali ini consina mengeluarkan tas ransel dengan ukuran yang besar yang mampu menampung kebutuhan berpetualang Anda. Tidak hanya itu, tas ransel Consina Lunara hadir dengan dimensi ukuran 30 x 25 x 60 sehingga Anda mampu menampung barang bawaan hingga 20 sampai 40 liter. Walaupun tas ini diperuntukkan untuk kebutuhan bertualang, Anda dapat menggunakan tas ini untuk kegiatan sehari-hari Anda.</p>', 'admin', 'Y', 'muslimah,kaos,wanita', 163, 1, '', 0, NULL, 'Fisik', NULL, 0, 1, '2019-03-21 11:52:49'),
(20, 13, 2, 1, 1, 'Super Segiempat Rebya  - RYB6.7 Pink Clover', 'super-segiempat-rebya---ryb67-pink-clover-092715', 'pcs', 5500, 5700, 6500, 0, '300', 'AD_19_20_Misty_Grey_grande.jpg', '1. Unrestrained and portable active stereo speaker\\r\\n2. Free from the confines of wires and chords\\r\\n3. 20 hours of portable capabilities\\r\\n4. Double-ended Coil Cord with 3.5mm Stereo Plugs Included\\r\\n5. 3/4? Dome Tweeters: 2X and 4? Woofer: 1X', '<p>Lorem ipsum dolor sit amet, consectetur adipiscing elit. Donec scelerisque condimentum mattis. Suspendisse potenti. Proin vitae elementum nisi. Aliquam eu pretium risus. Nam varius efficitur consectetur. Aenean vestibulum felis sed mollis faucibus. Interdum et malesuada fames ac ante ipsum primis in faucibus. Proin venenatis est sit amet eleifend vehicula. Lorem ipsum dolor sit amet, consectetur adipiscing elit. Integer id nunc eu odio ultrices pulvinar non feugiat felis. Duis consequat urna sapien, porta gravida diam venenatis at. Duis at ornare enim, ac accumsan eros. Sed in finibus metus. Etiam blandit tristique orci, sit amet congue dui facilisis id. Donec fermentum diam at orci viverra placerat. Sed nunc lorem, cursus nec vestibulum hendrerit, tempus et libero.</p>\r\n\r\n<p>Donec consequat lacinia fringilla. Proin dapibus justo at elit iaculis, eu rutrum velit dapibus. Phasellus nec augue vel nisl sagittis malesuada vel vel orci. In in euismod massa. Praesent vel blandit arcu. Maecenas eleifend dui in est rhoncus, mattis sollicitudin augue semper. Donec a lectus rhoncus, ornare nunc rutrum, egestas arcu. Aenean dapibus urna non nisl dignissim volutpat.</p>', '1', 'Y', 'muslimah,kaos,wanita', 805, 1, NULL, 0, 8, 'Fisik', NULL, 0, 1, '2019-03-22 06:37:29'),
(14, 0, 6, 0, 2, 'Koku Black Cotton Sesnsation Gamis TY-4312', 'koku-black-cotton-sesnsation-gamis-ty4312', 'pcs', 9000, 0, 10000, 0, '310', 'gamis2.jpg', '1. Unrestrained and portable active stereo speaker\r\n2. Free from the confines of wires and chords\r\n3. 20 hours of portable capabilities\r\n4. Double-ended Coil Cord with 3.5mm Stereo Plugs Included\r\n5. 3/4? Dome Tweeters: 2X and 4? Woofer: 1X', '<p>Instan ZIFA, pashmina instan dengan bahan legendaris Diamond Lava ORIGINAL by Hijab Wanita Cantik, lentur dan nyaman bangeett! Ada ruffle cantik dan manis. Layernya panjang bisa dikreasi suka2, dijamin makin percaya diri ! Yuk belanja sekarang ! Nyeseel kalo cuma punya satu</p>', '2', 'Y', 'jeans,kemeja,kaos,pria', 554, 1, NULL, 0, NULL, 'Fisik', NULL, 0, 1, '2018-09-11 10:20:24'),
(17, 13, 2, 0, 2, 'Segiempat Rebya  - RYB6.7 Pink Clover', 'segiempat-rebya---ryb67-pink-clover-20200504202457', 'pcs', 5500, 5700, 6500, 0, '300', 'AD_19_20_Misty_Grey_grande.jpg', '1. Unrestrained and portable active stereo speaker\r\n2. Free from the confines of wires and chords\r\n3. 20 hours of portable capabilities\r\n4. Double-ended Coil Cord with 3.5mm Stereo Plugs Included\r\n5. 3/4? Dome Tweeters: 2X and 4? Woofer: 1X', '<p>Lorem ipsum dolor sit amet, consectetur adipiscing elit. Donec scelerisque condimentum mattis. Suspendisse potenti. Proin vitae elementum nisi. Aliquam eu pretium risus. Nam varius efficitur consectetur. Aenean vestibulum felis sed mollis faucibus. Interdum et malesuada fames ac ante ipsum primis in faucibus. Proin venenatis est sit amet eleifend vehicula. Lorem ipsum dolor sit amet, consectetur adipiscing elit. Integer id nunc eu odio ultrices pulvinar non feugiat felis. Duis consequat urna sapien, porta gravida diam venenatis at. Duis at ornare enim, ac accumsan eros. Sed in finibus metus. Etiam blandit tristique orci, sit amet congue dui facilisis id. Donec fermentum diam at orci viverra placerat. Sed nunc lorem, cursus nec vestibulum hendrerit, tempus et libero.</p>\r\n\r\n<p>Donec consequat lacinia fringilla. Proin dapibus justo at elit iaculis, eu rutrum velit dapibus. Phasellus nec augue vel nisl sagittis malesuada vel vel orci. In in euismod massa. Praesent vel blandit arcu. Maecenas eleifend dui in est rhoncus, mattis sollicitudin augue semper. Donec a lectus rhoncus, ornare nunc rutrum, egestas arcu. Aenean dapibus urna non nisl dignissim volutpat.</p>', '2', 'Y', 'muslimah,kaos,wanita', 429, 1, '', 0, NULL, 'Fisik', NULL, 0, 1, '2019-03-21 08:01:06'),
(21, 0, 1, 0, 3, 'Ultrabook Hackintosh Acer - I5 Haswell - 8 Gb - SSD', 'ultrabook-hackintosh-acer--i5-haswell--8-gb--ssd', 'Unit', 1250, 1300, 1650, 0, '1200', 'a1.jpg', '1. Unrestrained and portable active stereo speaker\r\n2. Free from the confines of wires and chords\r\n3. 20 hours of portable capabilities\r\n4. Double-ended Coil Cord with 3.5mm Stereo Plugs Included\r\n5. 3/4? Dome Tweeters: 2X and 4? Woofer: 1X', '<p>Untuk diperhatikan : - Untuk Saat Ini Bless Hackintosh Tidak Melayani COD/Datang Ketempat, murni hanya melayani transaksi Online dengan fasilitas pengiriman spt yang ditetapkan</p>\r\n\r\n<p>Budayakan membaca Iklan sampai beres. Mohon jangan tanyakan lagi apa yang sudah dijelaskan di Lapak.</p>\r\n\r\n<p>Barang bergaransi 7x24 jam terhitung sejak agan menerima Barang. Dengan catatan, tidak merusak segel yang ada. Retur tidak dilayani apabila SEGEL RUSAK.</p>', '3', 'Y', 'jeans,kemeja,kaos,pria', 683, 1, '', 0, NULL, 'Fisik', NULL, 0, 1, '2019-03-23 19:39:53'),
(11, 0, 6, 0, 1, 'Rompi Kurta Hoodie Zip Mentantarei YU-234', 'rompi-kurta-hoodie-zip-mentantarei-yu234', 'pcs', 7900, 0, 8900, 0, '250', 'gamis4.jpg', '1. Unrestrained and portable active stereo speaker\\r\\n2. Free from the confines of wires and chords\\r\\n3. 20 hours of portable capabilities\\r\\n4. Double-ended Coil Cord with 3.5mm Stereo Plugs Included\\r\\n5. 3/4? Dome Tweeters: 2X and 4? Woofer: 1X', '<p>Lorem ipsum dolor sit amet, consectetur adipiscing elit. Donec scelerisque condimentum mattis. Suspendisse potenti. Proin vitae elementum nisi. Aliquam eu pretium risus. Nam varius efficitur consectetur. Aenean vestibulum felis sed mollis faucibus. Interdum et malesuada fames ac ante ipsum primis in faucibus. Proin venenatis est sit amet eleifend vehicula. Lorem ipsum dolor sit amet, consectetur adipiscing elit. Integer id nunc eu odio ultrices pulvinar non feugiat felis. Duis consequat urna sapien, porta gravida diam venenatis at. Duis at ornare enim, ac accumsan eros. Sed in finibus metus. Etiam blandit tristique orci, sit amet congue dui facilisis id. Donec fermentum diam at orci viverra placerat. Sed nunc lorem, cursus nec vestibulum hendrerit, tempus et libero.</p>\r\n\r\n<p>Donec consequat lacinia fringilla. Proin dapibus justo at elit iaculis, eu rutrum velit dapibus. Phasellus nec augue vel nisl sagittis malesuada vel vel orci. In in euismod massa. Praesent vel blandit arcu. Maecenas eleifend dui in est rhoncus, mattis sollicitudin augue semper. Donec a lectus rhoncus, ornare nunc rutrum, egestas arcu. Aenean dapibus urna non nisl dignissim volutpat.</p>', '1', 'Y', 'jeans,kemeja,kaos,pria', 833, 1, NULL, 0, 4, 'Fisik', NULL, 0, 1, '2017-05-30 10:03:47'),
(9, 0, 6, 0, 2, 'Rompi Kurta Hoodie Zip Dark Grey Semi Wol', 'rompi-kurta-hoodie-zip-dark-grey-semi-wol', 'unit', 5850, 0, 6850, 0, '250', 'gamis5.jpg', '1. Unrestrained and portable active stereo speaker\r\n2. Free from the confines of wires and chords\r\n3. 20 hours of portable capabilities\r\n4. Double-ended Coil Cord with 3.5mm Stereo Plugs Included\r\n5. 3/4? Dome Tweeters: 2X and 4? Woofer: 1X', '<p>Lorem ipsum dolor sit amet, consectetur adipiscing elit. Donec scelerisque condimentum mattis. Suspendisse potenti. Proin vitae elementum nisi. Aliquam eu pretium risus. Nam varius efficitur consectetur. Aenean vestibulum felis sed mollis faucibus. Interdum et malesuada fames ac ante ipsum primis in faucibus. Proin venenatis est sit amet eleifend vehicula. Lorem ipsum dolor sit amet, consectetur adipiscing elit. Integer id nunc eu odio ultrices pulvinar non feugiat felis. Duis consequat urna sapien, porta gravida diam venenatis at. Duis at ornare enim, ac accumsan eros. Sed in finibus metus. Etiam blandit tristique orci, sit amet congue dui facilisis id. Donec fermentum diam at orci viverra placerat. Sed nunc lorem, cursus nec vestibulum hendrerit, tempus et libero.</p>\r\n\r\n<p>Donec consequat lacinia fringilla. Proin dapibus justo at elit iaculis, eu rutrum velit dapibus. Phasellus nec augue vel nisl sagittis malesuada vel vel orci. In in euismod massa. Praesent vel blandit arcu. Maecenas eleifend dui in est rhoncus, mattis sollicitudin augue semper. Donec a lectus rhoncus, ornare nunc rutrum, egestas arcu. Aenean dapibus urna non nisl dignissim volutpat.</p>', '2', 'Y', 'jeans,kemeja,kaos,pria', 922, 1, NULL, 0, NULL, 'Fisik', NULL, 0, 1, '2017-05-30 09:58:43'),
(7, 0, 2, 2, 2, 'Pashmina Instan Rafella - RLN1.1 Sweet Grey', 'pashmina-instan-rafella--rln11-sweet-grey', 'unit', 8900, 0, 9900, 0, '600', 'AYD5_3_Mayra_Pink_grande.jpg', '1. Unrestrained and portable active stereo speaker\r\n2. Free from the confines of wires and chords\r\n3. 20 hours of portable capabilities\r\n4. Double-ended Coil Cord with 3.5mm Stereo Plugs Included\r\n5. 3/4? Dome Tweeters: 2X and 4? Woofer: 1X', '<p>Lorem ipsum dolor sit amet, consectetur adipiscing elit. Donec scelerisque condimentum mattis. Suspendisse potenti. Proin vitae elementum nisi. Aliquam eu pretium risus. Nam varius efficitur consectetur. Aenean vestibulum felis sed mollis faucibus. Interdum et malesuada fames ac ante ipsum primis in faucibus. Proin venenatis est sit amet eleifend vehicula. Lorem ipsum dolor sit amet, consectetur adipiscing elit. Integer id nunc eu odio ultrices pulvinar non feugiat felis. Duis consequat urna sapien, porta gravida diam venenatis at. Duis at ornare enim, ac accumsan eros. Sed in finibus metus. Etiam blandit tristique orci, sit amet congue dui facilisis id. Donec fermentum diam at orci viverra placerat. Sed nunc lorem, cursus nec vestibulum hendrerit, tempus et libero.</p>\r\n\r\n<p>Donec consequat lacinia fringilla. Proin dapibus justo at elit iaculis, eu rutrum velit dapibus. Phasellus nec augue vel nisl sagittis malesuada vel vel orci. In in euismod massa. Praesent vel blandit arcu. Maecenas eleifend dui in est rhoncus, mattis sollicitudin augue semper. Donec a lectus rhoncus, ornare nunc rutrum, egestas arcu. Aenean dapibus urna non nisl dignissim volutpat.</p>\r\n', '2', 'Y', 'muslimah,kaos,wanita', 589, 1, NULL, 0, NULL, 'Fisik', NULL, 0, 1, '2017-05-30 09:52:58'),
(8, 0, 6, 0, 2, 'Black Cotton Puplin Semi Wol Red White URI-12', 'black-cotton-puplin-semi-wol-red-white-uri12', 'unit', 2450, 0, 3450, 0, '220', 'gamis6.jpg', '1. Unrestrained and portable active stereo speaker\r\n2. Free from the confines of wires and chords\r\n3. 20 hours of portable capabilities\r\n4. Double-ended Coil Cord with 3.5mm Stereo Plugs Included\r\n5. 3/4? Dome Tweeters: 2X and 4? Woofer: 1X', '<p>Lorem ipsum dolor sit amet, consectetur adipiscing elit. Donec scelerisque condimentum mattis. Suspendisse potenti. Proin vitae elementum nisi. Aliquam eu pretium risus. Nam varius efficitur consectetur. Aenean vestibulum felis sed mollis faucibus. Interdum et malesuada fames ac ante ipsum primis in faucibus. Proin venenatis est sit amet eleifend vehicula. Lorem ipsum dolor sit amet, consectetur adipiscing elit. Integer id nunc eu odio ultrices pulvinar non feugiat felis. Duis consequat urna sapien, porta gravida diam venenatis at. Duis at ornare enim, ac accumsan eros. Sed in finibus metus. Etiam blandit tristique orci, sit amet congue dui facilisis id. Donec fermentum diam at orci viverra placerat. Sed nunc lorem, cursus nec vestibulum hendrerit, tempus et libero.</p>\r\n\r\n<p>Donec consequat lacinia fringilla. Proin dapibus justo at elit iaculis, eu rutrum velit dapibus. Phasellus nec augue vel nisl sagittis malesuada vel vel orci. In in euismod massa. Praesent vel blandit arcu. Maecenas eleifend dui in est rhoncus, mattis sollicitudin augue semper. Donec a lectus rhoncus, ornare nunc rutrum, egestas arcu. Aenean dapibus urna non nisl dignissim volutpat.</p>', '2', 'Y', 'jeans,kemeja,kaos,pria', 1123, 1, NULL, 0, NULL, 'Fisik', NULL, 0, 1, '2017-05-30 09:55:04'),
(6, 0, 2, 2, 2, 'Pashmina Instan Rafella - RLN1.2 Gold Maroon', 'pashmina-instan-rafella--rln12-gold-maroon', 'unit', 6500, 0, 7500, 0, '130', 'Emily_Grey_grande.jpg', '1. Unrestrained and portable active stereo speaker\r\n2. Free from the confines of wires and chords\r\n3. 20 hours of portable capabilities\r\n4. Double-ended Coil Cord with 3.5mm Stereo Plugs Included\r\n5. 3/4? Dome Tweeters: 2X and 4? Woofer: 1X', '<p>Lorem ipsum dolor sit amet, consectetur adipiscing elit. Donec scelerisque condimentum mattis. Suspendisse potenti. Proin vitae elementum nisi. Aliquam eu pretium risus. Nam varius efficitur consectetur. Aenean vestibulum felis sed mollis faucibus. Interdum et malesuada fames ac ante ipsum primis in faucibus. Proin venenatis est sit amet eleifend vehicula. Lorem ipsum dolor sit amet, consectetur adipiscing elit. Integer id nunc eu odio ultrices pulvinar non feugiat felis. Duis consequat urna sapien, porta gravida diam venenatis at. Duis at ornare enim, ac accumsan eros. Sed in finibus metus. Etiam blandit tristique orci, sit amet congue dui facilisis id. Donec fermentum diam at orci viverra placerat. Sed nunc lorem, cursus nec vestibulum hendrerit, tempus et libero.</p>\r\n\r\n<p>Donec consequat lacinia fringilla. Proin dapibus justo at elit iaculis, eu rutrum velit dapibus. Phasellus nec augue vel nisl sagittis malesuada vel vel orci. In in euismod massa. Praesent vel blandit arcu. Maecenas eleifend dui in est rhoncus, mattis sollicitudin augue semper. Donec a lectus rhoncus, ornare nunc rutrum, egestas arcu. Aenean dapibus urna non nisl dignissim volutpat.</p>', '2', 'Y', 'muslimah,kaos,wanita', 616, 1, '', 0, NULL, 'Fisik', NULL, 0, 1, '2017-05-30 06:57:11'),
(5, 0, 2, 1, 2, 'Segitiga Instan Madeira - MDB5.2 Ocean', 'segitiga-instan-madeira--mdb52-ocean-122317', 'unit', 7450, 0, 7550, 0, '150', 'KYB4_14_Soft_Lavender_1024x1024_f993283a-dae0-4a05-b163-9f6b44465732_grande.jpg', '1. Unrestrained and portable active stereo speaker\r\n2. Free from the confines of wires and chords\r\n3. 20 hours of portable capabilities\r\n4. Double-ended Coil Cord with 3.5mm Stereo Plugs Included\r\n5. 3/4? Dome Tweeters: 2X and 4? Woofer: 1X', '<p>Lorem ipsum dolor sit amet, consectetur adipiscing elit. Donec scelerisque condimentum mattis. Suspendisse potenti. Proin vitae elementum nisi. Aliquam eu pretium risus. Nam varius efficitur consectetur. Aenean vestibulum felis sed mollis faucibus. Interdum et malesuada fames ac ante ipsum primis in faucibus. Proin venenatis est sit amet eleifend vehicula. Lorem ipsum dolor sit amet, consectetur adipiscing elit. Integer id nunc eu odio ultrices pulvinar non feugiat felis. Duis consequat urna sapien, porta gravida diam venenatis at. Duis at ornare enim, ac accumsan eros. Sed in finibus metus. Etiam blandit tristique orci, sit amet congue dui facilisis id. Donec fermentum diam at orci viverra placerat. Sed nunc lorem, cursus nec vestibulum hendrerit, tempus et libero.</p>\r\n\r\n<p>Donec consequat lacinia fringilla. Proin dapibus justo at elit iaculis, eu rutrum velit dapibus. Phasellus nec augue vel nisl sagittis malesuada vel vel orci. In in euismod massa. Praesent vel blandit arcu. Maecenas eleifend dui in est rhoncus, mattis sollicitudin augue semper. Donec a lectus rhoncus, ornare nunc rutrum, egestas arcu. Aenean dapibus urna non nisl dignissim volutpat.</p>', '2', 'Y', 'muslimah,kaos,wanita', 748, 1, '', 0, NULL, 'Fisik', NULL, 0, 1, '2017-05-30 06:56:24'),
(4, 0, 2, 1, 2, 'Segitiga Instan Madeira - MDB5.3 Sunset', 'segitiga-instan-madeira--mdb53-sunset', 'unit', 1199, 0, 1300, 0, '100', '22.png;c4_grande1.jpg;AR91_95_Sheva_Maroon_1_grande1.png;MK97_7_Mocca_grande1.jpg;Emily_Grey_grande.jpg', '1. Unrestrained and portable active stereo speaker\r\n2. Free from the confines of wires and chords\r\n3. 20 hours of portable capabilities\r\n4. Double-ended Coil Cord with 3.5mm Stereo Plugs Included\r\n5. 3/4? Dome Tweeters: 2X and 4? Woofer: 1X', '<p>Lorem ipsum dolor sit amet, consectetur adipiscing elit. Donec scelerisque condimentum mattis. Suspendisse potenti. Proin vitae elementum nisi. Aliquam eu pretium risus. Nam varius efficitur consectetur. Aenean vestibulum felis sed mollis faucibus. Interdum et malesuada fames ac ante ipsum primis in faucibus. Proin venenatis est sit amet eleifend vehicula. Lorem ipsum dolor sit amet, consectetur adipiscing elit. Integer id nunc eu odio ultrices pulvinar non feugiat felis. Duis consequat urna sapien, porta gravida diam venenatis at. Duis at ornare enim, ac accumsan eros. Sed in finibus metus. Etiam blandit tristique orci, sit amet congue dui facilisis id. Donec fermentum diam at orci viverra placerat. Sed nunc lorem, cursus nec vestibulum hendrerit, tempus et libero.</p>\r\n\r\n<p>Donec consequat lacinia fringilla. Proin dapibus justo at elit iaculis, eu rutrum velit dapibus. Phasellus nec augue vel nisl sagittis malesuada vel vel orci. In in euismod massa. Praesent vel blandit arcu. Maecenas eleifend dui in est rhoncus, mattis sollicitudin augue semper. Donec a lectus rhoncus, ornare nunc rutrum, egestas arcu. Aenean dapibus urna non nisl dignissim volutpat.</p>', '2', 'Y', 'muslimah,kaos,wanita', 1412, 1, NULL, 0, 4, 'Fisik', NULL, 0, 1, '2017-05-30 06:53:10'),
(3, 0, 2, 2, 2, 'Segitiga Instan KEINA - KN54.38 Delfine Lilac', 'segitiga-instan-keina--kn5438-delfine-lilac', 'unit', 1599, 0, 1699, 0, '300', 'RV71_5_Cold_Ocean_grande.jpg', '1. Unrestrained and portable active stereo speaker\r\n2. Free from the confines of wires and chords\r\n3. 20 hours of portable capabilities\r\n4. Double-ended Coil Cord with 3.5mm Stereo Plugs Included\r\n5. 3/4? Dome Tweeters: 2X and 4? Woofer: 1X', '<p>Lorem ipsum dolor sit amet, consectetur adipiscing elit. Donec scelerisque condimentum mattis. Suspendisse potenti. Proin vitae elementum nisi. Aliquam eu pretium risus. Nam varius efficitur consectetur. Aenean vestibulum felis sed mollis faucibus. Interdum et malesuada fames ac ante ipsum primis in faucibus. Proin venenatis est sit amet eleifend vehicula. Lorem ipsum dolor sit amet, consectetur adipiscing elit. Integer id nunc eu odio ultrices pulvinar non feugiat felis. Duis consequat urna sapien, porta gravida diam venenatis at. Duis at ornare enim, ac accumsan eros. Sed in finibus metus. Etiam blandit tristique orci, sit amet congue dui facilisis id. Donec fermentum diam at orci viverra placerat. Sed nunc lorem, cursus nec vestibulum hendrerit, tempus et libero.</p>\r\n\r\n<p>Donec consequat lacinia fringilla. Proin dapibus justo at elit iaculis, eu rutrum velit dapibus. Phasellus nec augue vel nisl sagittis malesuada vel vel orci. In in euismod massa. Praesent vel blandit arcu. Maecenas eleifend dui in est rhoncus, mattis sollicitudin augue semper. Donec a lectus rhoncus, ornare nunc rutrum, egestas arcu. Aenean dapibus urna non nisl dignissim volutpat.</p>', '2', 'Y', 'muslimah,kaos,wanita', 614, 1, '', 0, NULL, 'Fisik', NULL, 0, 1, '2017-05-30 06:47:14'),
(2, 0, 2, 1, 2, 'Segitiga Instan Aira- AA94.8 Minty Green', 'segitiga-instan-aira-aa948-minty-green', 'pcs', 3400, 0, 3500, 0, '500', 'RV71_27_Jeans_grande.jpg', '1. Unrestrained and portable active stereo speaker\r\n2. Free from the confines of wires and chords\r\n3. 20 hours of portable capabilities\r\n4. Double-ended Coil Cord with 3.5mm Stereo Plugs Included\r\n5. 3/4? Dome Tweeters: 2X and 4? Woofer: 1X', '<p>Lorem ipsum dolor sit amet, consectetur adipiscing elit. Donec scelerisque condimentum mattis. Suspendisse potenti. Proin vitae elementum nisi. Aliquam eu pretium risus. Nam varius efficitur consectetur. Aenean vestibulum felis sed mollis faucibus. Interdum et malesuada fames ac ante ipsum primis in faucibus. Proin venenatis est sit amet eleifend vehicula. Lorem ipsum dolor sit amet, consectetur adipiscing elit. Integer id nunc eu odio ultrices pulvinar non feugiat felis. Duis consequat urna sapien, porta gravida diam venenatis at. Duis at ornare enim, ac accumsan eros. Sed in finibus metus. Etiam blandit tristique orci, sit amet congue dui facilisis id. Donec fermentum diam at orci viverra placerat. Sed nunc lorem, cursus nec vestibulum hendrerit, tempus et libero.</p>\r\n\r\n<p>Donec consequat lacinia fringilla. Proin dapibus justo at elit iaculis, eu rutrum velit dapibus. Phasellus nec augue vel nisl sagittis malesuada vel vel orci. In in euismod massa. Praesent vel blandit arcu. Maecenas eleifend dui in est rhoncus, mattis sollicitudin augue semper. Donec a lectus rhoncus, ornare nunc rutrum, egestas arcu. Aenean dapibus urna non nisl dignissim volutpat.</p>', '2', 'Y', 'muslimah,kaos,wanita', 582, 1, NULL, 0, NULL, 'Fisik', NULL, 0, 1, '2017-05-23 17:10:17'),
(1, 0, 2, 2, 2, 'Segitiga Instan Aira- AA94.9 Tropical Blue', 'segitiga-instan-aira-aa949-tropical-blue', 'pcs', 6000, 0, 7000, 0, '300', 'RYB6_1_Grey_grande.jpg', '1. Unrestrained and portable active stereo speaker\r\n2. Free from the confines of wires and chords\r\n3. 20 hours of portable capabilities\r\n4. Double-ended Coil Cord with 3.5mm Stereo Plugs Included\r\n5. 3/4? Dome Tweeters: 2X and 4? Woofer: 1X', '<p>Lorem ipsum dolor sit amet, consectetur adipiscing elit. Donec scelerisque condimentum mattis. Suspendisse potenti. Proin vitae elementum nisi. Aliquam eu pretium risus. Nam varius efficitur consectetur. Aenean vestibulum felis sed mollis faucibus. Interdum et malesuada fames ac ante ipsum primis in faucibus. Proin venenatis est sit amet eleifend vehicula. Lorem ipsum dolor sit amet, consectetur adipiscing elit. Integer id nunc eu odio ultrices pulvinar non feugiat felis. Duis consequat urna sapien, porta gravida diam venenatis at. Duis at ornare enim, ac accumsan eros. Sed in finibus metus. Etiam blandit tristique orci, sit amet congue dui facilisis id. Donec fermentum diam at orci viverra placerat. Sed nunc lorem, cursus nec vestibulum hendrerit, tempus et libero.</p>\r\n\r\n<p>Donec consequat lacinia fringilla. Proin dapibus justo at elit iaculis, eu rutrum velit dapibus. Phasellus nec augue vel nisl sagittis malesuada vel vel orci. In in euismod massa. Praesent vel blandit arcu. Maecenas eleifend dui in est rhoncus, mattis sollicitudin augue semper. Donec a lectus rhoncus, ornare nunc rutrum, egestas arcu. Aenean dapibus urna non nisl dignissim volutpat.</p>\r\n', '2', 'Y', 'muslimah,kaos,wanita', 522, 1, NULL, 0, NULL, 'Fisik', NULL, 0, 1, '2017-05-23 17:04:25'),
(70, 0, 14, 8, 0, 'MY BABYx Hair & Body Wash [Refill 400mL] - Sampo & Sabun Bayi 2 in ', 'my-baby-hair--body-wash-refill-400ml--sampo--sabun-bayi-2-in-x', 'pcs', 1000, 1500, 2000, 0, '400', 'resep_dokter.jpg', 'Bersihkan rambut dan badan si kecil tanpa menimbulkan iritasi dengan MY BABY Hair & Body Wash Aloe Vera & Avocado 400 ml. Hadir dengan formula yang sudah teruji secara klinis sehingga aman bagi si kecil.', '<p>Bersihkan rambut dan badan si kecil tanpa menimbulkan iritasi dengan MY BABY Hair & Body Wash Aloe Vera & Avocado 400 ml. Hadir dengan formula yang sudah teruji secara klinis sehingga aman bagi si kecil.<br>• Diperkaya dengan lidah buaya, aloe vera, dan alpukat<br>• Aroma yang menyegarkan<br>• Tidak pedih di mata<br><br>Manfaat<br>• Menjaga kelembapan rambut si kecil<br>• Mempercepat pertumbuhan rambut si kecil<br>• Membuat rambut si kecil halus dan lembut<br>• Memberikan keharuman di rambut dan tubuh si kecil Kelebihan<br>• Dapat digunakan untuk membersihkan rambut dan tubuh<br>• Teruji secara klinis<br>• Terbuat dari bahan-bahan yang alami<br>• Tidak menimbulkan alergi pada kulit si kecil<br>• Aman untuk kulit sensitif<br></p>', 'admin', 'Y', 'wanita,pria', 133, 5, '', 0, NULL, 'Fisik', NULL, 0, 1, '2021-06-29 10:17:26'),
(72, 70, 14, 8, 1, 'MY BABY Hair & Body Wash [Refill 400mL] - Sampo & Sabun Bayi 2 in ', 'my-baby-hair--body-wash-refill-400ml--sampo--sabun-bayi-2-in-', 'pcs', 1000, 1500, 2000, 0, '400', '2.jpg;1.jpg;3.jpg', 'Bersihkan rambut dan badan si kecil tanpa menimbulkan iritasi dengan MY BABY Hair & Body Wash Aloe Vera & Avocado 400 ml. Hadir dengan formula yang sudah teruji secara klinis sehingga aman bagi si kecil.', '<p>Bersihkan rambut dan badan si kecil tanpa menimbulkan iritasi dengan MY BABY Hair & Body Wash Aloe Vera & Avocado 400 ml. Hadir dengan formula yang sudah teruji secara klinis sehingga aman bagi si kecil.<br>• Diperkaya dengan lidah buaya, aloe vera, dan alpukat<br>• Aroma yang menyegarkan<br>• Tidak pedih di mata</p><p>Manfaat<br>• Menjaga kelembapan rambut si kecil<br>• Mempercepat pertumbuhan rambut si kecil<br>• Membuat rambut si kecil halus dan lembut<br>• Memberikan keharuman di rambut dan tubuh si kecil Kelebihan<br>• Dapat digunakan untuk membersihkan rambut dan tubuh<br>• Teruji secara klinis<br>• Terbuat dari bahan-bahan yang alami<br>• Tidak menimbulkan alergi pada kulit si kecil<br>• Aman untuk kulit sensitif<br></p>', 'admin', 'N', '', 200, 1, NULL, 0, NULL, 'Fisik', NULL, 0, 1, '2021-06-29 10:50:49'),
(74, 0, 16, 25, 1, 'TAJALAPAK Marketplace PRO - Multi Seller Multi Buyer', 'tajalapak-marketplace-pro--multi-seller-multi-buyer', 'pcs', 2500000, 0, 2500000, 0, '', 'tajalapakx0.png;tajalapakx2.png;tajalapakx3.png;tajalapakx1.png', 'Terintegrasi API WA Gateway, PPOB, Mutasi Bank (BCA, BNI, BRI, Mandiri, Muamalat Mandiri Syariah, BCA API, BCA Giro. BNI Giro, BRI Giro, Mandiri Giro dan Cimb Niaga Corporate), Eksekusi Order Otomatis dengan Transfer Nominal Unik, Sosial Media Login, dan Rajaongkir PRO.', '<p><span style=\"font-weight: 700; color: rgb(102, 102, 102); font-family: \"Open Sans\", \"Helvetica Neue\", Helvetica, Arial, sans-serif; font-size: 15px;\">Terintegrasi API WA Gateway, PPOB, Mutasi Bank</span><span style=\"color: rgb(102, 102, 102); font-family: \"Open Sans\", \"Helvetica Neue\", Helvetica, Arial, sans-serif; font-size: 15px;\"> </span><i style=\"font-family: \"Open Sans\", \"Helvetica Neue\", Helvetica, Arial, sans-serif; font-size: 15px;\">(BCA, BNI, BRI, Mandiri, Muamalat Mandiri Syariah, BCA API, BCA Giro. BNI Giro, BRI Giro, Mandiri Giro dan Cimb Niaga Corporate)</i><span style=\"color: rgb(102, 102, 102); font-family: \"Open Sans\", \"Helvetica Neue\", Helvetica, Arial, sans-serif; font-size: 15px;\">, </span><span style=\"font-weight: 700; color: rgb(102, 102, 102); font-family: \"Open Sans\", \"Helvetica Neue\", Helvetica, Arial, sans-serif; font-size: 15px;\">Eksekusi Order Otomatis dengan Transfer Nominal Unik, Sosial Media Login, dan Rajaongkir PRO.</span><br style=\"font-family: \"Open Sans\", \"Helvetica Neue\", Helvetica, Arial, sans-serif; font-size: 15px;\"><br style=\"font-family: \"Open Sans\", \"Helvetica Neue\", Helvetica, Arial, sans-serif; font-size: 15px;\"><span style=\"font-weight: 700; color: rgb(102, 102, 102); font-family: \"Open Sans\", \"Helvetica Neue\", Helvetica, Arial, sans-serif; font-size: 15px;\">Support Virtual Account (VA), QRIS</span><span style=\"color: rgb(102, 102, 102); font-family: \"Open Sans\", \"Helvetica Neue\", Helvetica, Arial, sans-serif; font-size: 15px;\"> </span><i style=\"font-family: \"Open Sans\", \"Helvetica Neue\", Helvetica, Arial, sans-serif; font-size: 15px;\">(BCA, Shopeepay, OVO, DANA, GOPAY, LinkAja)</i><span style=\"color: rgb(102, 102, 102); font-family: \"Open Sans\", \"Helvetica Neue\", Helvetica, Arial, sans-serif; font-size: 15px;\">, </span><span style=\"font-weight: 700; color: rgb(102, 102, 102); font-family: \"Open Sans\", \"Helvetica Neue\", Helvetica, Arial, sans-serif; font-size: 15px;\">Semua Bank, jaringan VISA, MASTER CARD, JCB & AMEX, Cash on Delivery (COD) & Convenience Store (Indomaret, Alfamart)</span><br style=\"font-family: \"Open Sans\", \"Helvetica Neue\", Helvetica, Arial, sans-serif; font-size: 15px;\"><br style=\"font-family: \"Open Sans\", \"Helvetica Neue\", Helvetica, Arial, sans-serif; font-size: 15px;\"><span style=\"font-weight: 700; color: rgb(102, 102, 102); font-family: \"Open Sans\", \"Helvetica Neue\", Helvetica, Arial, sans-serif; font-size: 15px;\">Include API Rajaongkir PRO senilai 500k + Garansi system + Gratis update selamanya + konsultasi/support via telegram + video panduan konfigurasi.</span><br style=\"font-family: \"Open Sans\", \"Helvetica Neue\", Helvetica, Arial, sans-serif; font-size: 15px;\"><br style=\"font-family: \"Open Sans\", \"Helvetica Neue\", Helvetica, Arial, sans-serif; font-size: 15px;\"><span style=\"color: rgb(102, 102, 102); font-family: \"Open Sans\", \"Helvetica Neue\", Helvetica, Arial, sans-serif; font-size: 15px;\">Dan jika butuh bantuan untuk setting dan di onlinekan hingga siap pakai maka akan kita bantu secara gratis atau kita bantu bimbing melalui video tutorial khusus...</span><br></p>', 'admin', 'N', 'software,komputer', 740, 1, '', 0, NULL, 'Digital', NULL, 0, 1, '2021-08-17 10:10:48'),
(82, 0, 17, 0, 1, 'Nasi Goreng Gila', 'nasi-goreng-gila-152048', 'pcs', 1000, 0, 2500, 0, '100', 'nasi-11.jpg', 'Nasi goreng gila dengan rasa membuat anda ketagihan dengan berbagai campuran terbaik dan terenak', '<p>Lorem Ipsum is simply dummy text of the printing and typesetting industry. Lorem Ipsum has been the industry\'s standard dummy text ever since the 1500s, when an unknown printer took a galley of type and scrambled it to make a type specimen book. It has survived not only five centuries, but also the leap into electronic typesetting, remaining essentially unchanged. It was popularised in the 1960s with the release of Letraset sheets containing Lorem Ipsum passages, and more recently with desktop publishing software like Aldus PageMaker including versions of Lorem Ipsum.<br></p>', '1', 'Y', 'makanan', 590, 1, '', 0, 1, 'Fisik', NULL, 0, 1, '2022-01-24 15:20:48'),
(68, 0, 13, 11, 1, 'Group Order by Scouplete Modern', 'group-order-by-scouplete-modern-102528', 'pcs', 25000, 0, 35000, 0, '254', 'group_order1.png', 'Your array must have been treated earlier but try var_dum it will show you all the posted, url and cookies vars if in the request it&#039;s also like it is now it means your form input or any feild names have the same name lol or that you did a treatement', '<p>Your array must have been treated earlier but try var_dum it will show you all the posted, url and cookies vars if in the request it\'s also like it is now it means your form input or any feild names have the same name lol or that you did a treatement</p><p>Your array must have been treated earlier but try var_dum it will show you all the posted, url and cookies vars if in the request it\'s also like it is now it means your form input or any feild names have the same name lol or that you did a treatement<br></p>', NULL, 'Y', 'software,komputer,elektronik', 457, 1, NULL, 0, 7, 'Fisik', NULL, 0, 1, '2021-05-16 10:25:29');
INSERT INTO `rb_produk` (`id_produk`, `id_produk_perusahaan`, `id_kategori_produk`, `id_kategori_produk_sub`, `id_reseller`, `nama_produk`, `produk_seo`, `satuan`, `harga_beli`, `harga_reseller`, `harga_konsumen`, `cashback`, `berat`, `gambar`, `tentang_produk`, `keterangan`, `username`, `aktif`, `tag`, `dilihat`, `minimum`, `sku`, `fee_produk`, `pre_order`, `jenis_produk`, `produk_file`, `poin_produk`, `id_mata_uang_produk`, `waktu_input`) VALUES
(75, 0, 16, 25, 1, 'CMS Lokomedia 1.6.3 Versi Codeigniter 3', 'cms-lokomedia-163-versi-codeigniter-3x-support-php-72-114414', 'pcs', 1000000, 0, 1000000, 0, '', '110.png;212.png;312.png', 'CMS LOKOMEDIA adalah salah satu CMS (Content Management System ) buatan anak negeri yang tak kalah menarik dibandingkan CMS yang lainnya. sobat dapat menggunakan-nya untuk web Intansi, sekolah maupun web pribadi, karena CMS ini cocok digunakan untuk berbagai macam keperluan yang sudah menyediakan beberapa modul yang siap pakai.', '<p><span style=\"color: rgb(102, 102, 102); font-family: \"Open Sans\", \"Helvetica Neue\", Helvetica, Arial, sans-serif; font-size: 15px;\">CMS LOKOMEDIA adalah salah satu CMS (Content Management System ) buatan anak negeri yang tak kalah menarik dibandingkan CMS yang lainnya. sobat dapat menggunakan-nya untuk web Intansi, sekolah maupun web pribadi, karena CMS ini cocok digunakan untuk berbagai macam keperluan yang sudah menyediakan beberapa modul yang siap pakai.</span><br style=\"font-family: \"Open Sans\", \"Helvetica Neue\", Helvetica, Arial, sans-serif; font-size: 15px;\"><br style=\"font-family: \"Open Sans\", \"Helvetica Neue\", Helvetica, Arial, sans-serif; font-size: 15px;\"><span style=\"color: rgb(102, 102, 102); font-family: \"Open Sans\", \"Helvetica Neue\", Helvetica, Arial, sans-serif; font-size: 15px;\">Dan Pada hari ini Rabu 10 Mei 2017 akhirnya phpmu.com resmi merilis CMS Lokomedia versi Codeigniter, CMS lokomedia versi Codeigniter ini kita buat sudah lama sekali, bahkan sebelum Swarakalibata Ci Release dan filenya hampir saja hilang, dan dari pada benar-benar hilang ada baiknya kita share disini. Kenapa Codeigniter? karena Framework CodeIgniter atau sering disebut dengan sebutan CI adalah salah satu framework MVC PHP yang sangat populer di dunia web programming. CodeIgniter adalah salah satu framework PHP yang ringan dan berusia hampir 11 tahun (dirilis pada tahun 2006) dan menjadi salah satu framework yang popular di Indonesia.</span><br style=\"font-family: \"Open Sans\", \"Helvetica Neue\", Helvetica, Arial, sans-serif; font-size: 15px;\"><br style=\"font-family: \"Open Sans\", \"Helvetica Neue\", Helvetica, Arial, sans-serif; font-size: 15px;\"><span style=\"color: rgb(102, 102, 102); font-family: \"Open Sans\", \"Helvetica Neue\", Helvetica, Arial, sans-serif; font-size: 15px;\">Pada CMS Lokomedia Versi Codeigniter tidak ada perubahan pada struktur database dan folder, jadi anda tidak perlu repot-repot untuk migrasi ke CMS Lokomedia versi Codeigniter. anda masih bisa menggunakan database yang lama tanpa perlu takut data-data pada web yang lama akan hilang. dan untuk template sudah kita buat responsive dengan bantuan front-end framework Bootstrap. dan untuk template admin kita menggunakan adminLTE Responsive.</span><br style=\"font-family: \"Open Sans\", \"Helvetica Neue\", Helvetica, Arial, sans-serif; font-size: 15px;\"><br style=\"font-family: \"Open Sans\", \"Helvetica Neue\", Helvetica, Arial, sans-serif; font-size: 15px;\"><span style=\"color: rgb(102, 102, 102); font-family: \"Open Sans\", \"Helvetica Neue\", Helvetica, Arial, sans-serif; font-size: 15px;\">Untuk Migrasi Cukup dengan memindahkan beberapa direcory seperti, foto_berita, counter, files, foto_banner, foto_info, img_album, img_galeri, dan smiley ke dalam directory asset pada CMS Lokomedia Codeigniter, dan selanjutnya CMS Lokomedia Codeigniter Siap untuk digunakan,... ^_^</span><br></p>', '1', 'N', 'software', 707, 1, NULL, 0, NULL, 'Digital', NULL, 0, 1, '2021-08-18 11:44:14'),
(76, 0, 16, 25, 1, 'Aplikasi Rental Mobil Online dengan Codeigniter', 'aplikasi-rental-mobil-online-dengan-codeigniter-153300', 'pcs', 70000, 0, 70000, 0, '', 'rental_1x.png;rental_2.png;rental_3.png;rental_4.png;rental_8.png', 'Aplikasi Rental atau penyewaan Mobil Online + Offline seringkali dibutuhkan untuk mempermudah jasa penyewaan Kendaraan, mulai dari mendata kendaraan yang dapat disewakan dan juga untuk mempermudah customer yang mau melakukan booking atau penyewaan secara online. aplikasi ini kita buat dengan menggunakan Codeigniter 3.x database MySQL', '<p><span style=\"color: rgb(102, 102, 102); font-family: \"Open Sans\", \"Helvetica Neue\", Helvetica, Arial, sans-serif; font-size: 15px;\">Aplikasi Rental atau penyewaan Mobil Online + Offline seringkali dibutuhkan untuk mempermudah jasa penyewaan Kendaraan, mulai dari mendata kendaraan yang dapat disewakan dan juga untuk mempermudah customer yang mau melakukan booking atau penyewaan secara online. aplikasi ini kita buat dengan menggunakan Codeigniter 3.x database MySQL, jadi akan sangat mudah dikembangkan lagi jika diperlukan khususnya oleh programmer tingkat pemula sekalipun karena untuk codingnya memang sengaja disusun rapi agar mudah dipahami.</span><br style=\"font-family: \"Open Sans\", \"Helvetica Neue\", Helvetica, Arial, sans-serif; font-size: 15px;\"><br style=\"font-family: \"Open Sans\", \"Helvetica Neue\", Helvetica, Arial, sans-serif; font-size: 15px;\"><span style=\"color: rgb(102, 102, 102); font-family: \"Open Sans\", \"Helvetica Neue\", Helvetica, Arial, sans-serif; font-size: 15px;\">untuk fitur-fitur yang terdapat pada web rental mobil online ini sangatlah banyak, berikut :</span><br style=\"font-family: \"Open Sans\", \"Helvetica Neue\", Helvetica, Arial, sans-serif; font-size: 15px;\"><span style=\"color: rgb(102, 102, 102); font-family: \"Open Sans\", \"Helvetica Neue\", Helvetica, Arial, sans-serif; font-size: 15px;\">1. Pemesanan Secara Online oleh Konsumen</span><br style=\"font-family: \"Open Sans\", \"Helvetica Neue\", Helvetica, Arial, sans-serif; font-size: 15px;\"><span style=\"color: rgb(102, 102, 102); font-family: \"Open Sans\", \"Helvetica Neue\", Helvetica, Arial, sans-serif; font-size: 15px;\">2. Support dengan Banyak No Rekening (Pembayaran Pemesanan Online)</span><br style=\"font-family: \"Open Sans\", \"Helvetica Neue\", Helvetica, Arial, sans-serif; font-size: 15px;\"><span style=\"color: rgb(102, 102, 102); font-family: \"Open Sans\", \"Helvetica Neue\", Helvetica, Arial, sans-serif; font-size: 15px;\">3. Support untuk perusahaan rental Motor juga dan sejenisnnya.</span><br style=\"font-family: \"Open Sans\", \"Helvetica Neue\", Helvetica, Arial, sans-serif; font-size: 15px;\"><span style=\"color: rgb(102, 102, 102); font-family: \"Open Sans\", \"Helvetica Neue\", Helvetica, Arial, sans-serif; font-size: 15px;\">4. Support untuk penginputan secara offline (Bisa Digunakan Offline)</span><br style=\"font-family: \"Open Sans\", \"Helvetica Neue\", Helvetica, Arial, sans-serif; font-size: 15px;\"><span style=\"color: rgb(102, 102, 102); font-family: \"Open Sans\", \"Helvetica Neue\", Helvetica, Arial, sans-serif; font-size: 15px;\">5. Fitur Pengembalian (Keterangan Pengembalian + Biaya Tambahan) JIka kendaraan Lecet.</span><br style=\"font-family: \"Open Sans\", \"Helvetica Neue\", Helvetica, Arial, sans-serif; font-size: 15px;\"><span style=\"color: rgb(102, 102, 102); font-family: \"Open Sans\", \"Helvetica Neue\", Helvetica, Arial, sans-serif; font-size: 15px;\">6. Laporan Sopir yang tersedia dan sedang Jalan (View, Print, Excel)</span><br style=\"font-family: \"Open Sans\", \"Helvetica Neue\", Helvetica, Arial, sans-serif; font-size: 15px;\"><span style=\"color: rgb(102, 102, 102); font-family: \"Open Sans\", \"Helvetica Neue\", Helvetica, Arial, sans-serif; font-size: 15px;\">7. Laporan Kendaraan yang tersedia dan sedang jalan (View, Print, Excel)</span><br style=\"font-family: \"Open Sans\", \"Helvetica Neue\", Helvetica, Arial, sans-serif; font-size: 15px;\"><span style=\"color: rgb(102, 102, 102); font-family: \"Open Sans\", \"Helvetica Neue\", Helvetica, Arial, sans-serif; font-size: 15px;\">8. Laporan Pemesanan yang Baru Masuk (View, Print, Excel)</span><br style=\"font-family: \"Open Sans\", \"Helvetica Neue\", Helvetica, Arial, sans-serif; font-size: 15px;\"><span style=\"color: rgb(102, 102, 102); font-family: \"Open Sans\", \"Helvetica Neue\", Helvetica, Arial, sans-serif; font-size: 15px;\">9. Laporan Pemesanan yang Sedang Jalan (View, Print, Excel)</span><br style=\"font-family: \"Open Sans\", \"Helvetica Neue\", Helvetica, Arial, sans-serif; font-size: 15px;\"><span style=\"color: rgb(102, 102, 102); font-family: \"Open Sans\", \"Helvetica Neue\", Helvetica, Arial, sans-serif; font-size: 15px;\">10. Laporan penyewaan yang Sudah Selesai atau dikembalikan (View, Print, Excel)</span><br style=\"font-family: \"Open Sans\", \"Helvetica Neue\", Helvetica, Arial, sans-serif; font-size: 15px;\"><span style=\"color: rgb(102, 102, 102); font-family: \"Open Sans\", \"Helvetica Neue\", Helvetica, Arial, sans-serif; font-size: 15px;\">11. Laporan Rekap keuangan bulanan dan tahunan</span><br></p>', '1', 'N', 'software,laptop', 695, 1, '', 0, NULL, 'Digital', NULL, 0, 1, '2021-08-19 15:33:00'),
(116, 0, 17, 0, 0, 'Kepiting Goreng Spesial', 'xkepiting-goreng-spesial-152942-110647', 'pcs', 2000, 0, 8509, 0, '100', 'nasi-4.jpg', 'Kepiting goreng spesial dengan rasa membuat anda ketagihan dengan berbagai campuran terbaik dan terenak', '<p><strong style=\"margin: 0px; padding: 0px; color: rgb(0, 0, 0); font-family: \"Open Sans\", Arial, sans-serif; text-align: justify;\">Lorem Ipsum</strong><span style=\"color: rgb(0, 0, 0); font-family: \"Open Sans\", Arial, sans-serif; font-size: 14px; text-align: justify;\"> is simply dummy text of the printing and typesetting industry. Lorem Ipsum has been the industry\'s standard dummy text ever since the 1500s, when an unknown printer took a galley of type and scrambled it to make a type specimen book. It has survived not only five centuries, but also the leap into electronic typesetting, remaining essentially unchanged. It was popularised in the 1960s with the release of Letraset sheets containing Lorem Ipsum passages, and more recently with desktop publishing software like Aldus PageMaker including versions of Lorem Ipsum.</span><br></p>', 'admin', 'Y', 'makanan', 112, 1, NULL, 0, NULL, 'Fisik', NULL, 0, 1, '2023-10-11 11:06:47'),
(77, 0, 16, 25, 1, 'SIKAMPUS - Sistem Informasi Akademik Kampus', 'sikampus--sistem-informasi-akademik-kampus-153715', 'pcs', 900000, 0, 900000, 0, '', 'cover_sikampus.jpg;0.png;116.png;216.png;316.png;45454.png;513.png', 'Sistem informasi akademik adalah suatu sistem yang dibangun untuk mengelola data-data akademik, sehingga memberikan kemudahan kepada pengguna dalam kegiatan administrasi akademik kampus secara online. Sistem Informasi Akademik ini dikembangkan oleh Bpk. Roki Aditama yang sudah berpengalaman dalam mengembangkan sistem informasi akademik dan pernah menulis buku Best Seller di Lokomedia dengan judul Sistem Informasi Akademik Kampus Berbasis Web dengan PHP.', '<p><span style=\"color: rgb(102, 102, 102); font-family: \"Open Sans\", \"Helvetica Neue\", Helvetica, Arial, sans-serif; font-size: 15px;\">Sistem informasi akademik adalah suatu sistem yang dibangun untuk mengelola data-data akademik, sehingga memberikan kemudahan kepada pengguna dalam kegiatan administrasi akademik kampus secara online. Sistem Informasi Akademik ini dikembangkan oleh Bpk. Roki Aditama yang sudah berpengalaman dalam mengembangkan sistem informasi akademik dan pernah menulis buku Best Seller di Lokomedia dengan judul Sistem Informasi Akademik Kampus Berbasis Web dengan PHP.</span><br style=\"font-family: \"Open Sans\", \"Helvetica Neue\", Helvetica, Arial, sans-serif; font-size: 15px;\"><br style=\"font-family: \"Open Sans\", \"Helvetica Neue\", Helvetica, Arial, sans-serif; font-size: 15px;\"><span style=\"color: rgb(102, 102, 102); font-family: \"Open Sans\", \"Helvetica Neue\", Helvetica, Arial, sans-serif; font-size: 15px;\">Adapun pengembangan Sistem Informasi Akademik Kampus ini dibanding versi sebelumnya sangat signifikan. Selain memperbaiki error-error yang ditemukan pada versi sebelumnya, juga sudah bisa dijalankan pada PHP versi 5.5 (Xampp 1.8.0 ke atas) dengan teknik coding PDO (PHP Data Object). Disamping itu, aplikasi websitenya pun sudah Responsive menggunakan template Bootstrap dan dilengkapi juga dengan fitur baru yaitu pelaporan EPSBED (Evaluasi Program Studi Berbasis Evaluasi Diri) atau yang sekarang lebih dikenal FORLAP.</span><br style=\"font-family: \"Open Sans\", \"Helvetica Neue\", Helvetica, Arial, sans-serif; font-size: 15px;\"><br style=\"font-family: \"Open Sans\", \"Helvetica Neue\", Helvetica, Arial, sans-serif; font-size: 15px;\"><span style=\"color: rgb(102, 102, 102); font-family: \"Open Sans\", \"Helvetica Neue\", Helvetica, Arial, sans-serif; font-size: 15px;\">Sistem Informasi Akademik Kampus ini sebelumnya dioperasikan oleh empat Level User (Hak Akses), yaitu Administrator (Superuser), Akademik, Dosen, Mahasiswa. Namun setelah dikembangkan lagi oleh pak Robby Prihandaya dan saya Bhukori Al Muslim maka ada penambahan 2 level baru lagi yaitu Keuangan dan Marketing dan juga ada segudang fitur baru lainnya yang akan dibutuhkan Institusi saat ini.</span><br></p>', '1', 'N', 'software', 521, 1, 'CDH453SS', 0, NULL, 'Digital', 'sikampus_2021.zip', 0, 1, '2021-08-19 15:37:15'),
(83, 0, 17, 0, 1, 'Nasi Goreng Campur', 'nasi-goreng-campur-152641', 'pcs', 1000, 0, 3000, 0, '100', 'nasi-2.jpg', 'Nasi goreng Campur dengan rasa membuat anda ketagihan dengan berbagai campuran terbaik dan terenak', '<p><strong style=\"margin: 0px; padding: 0px; color: rgb(0, 0, 0); font-family: \"Open Sans\", Arial, sans-serif; text-align: justify;\">Lorem Ipsum</strong><span style=\"color: rgb(0, 0, 0); font-family: \"Open Sans\", Arial, sans-serif; font-size: 14px; text-align: justify;\"> is simply dummy text of the printing and typesetting industry. Lorem Ipsum has been the industry\'s standard dummy text ever since the 1500s, when an unknown printer took a galley of type and scrambled it to make a type specimen book. It has survived not only five centuries, but also the leap into electronic typesetting, remaining essentially unchanged. It was popularised in the 1960s with the release of Letraset sheets containing Lorem Ipsum passages, and more recently with desktop publishing software like Aldus PageMaker including versions of Lorem Ipsum.</span><br></p>', '1', 'Y', 'makanan', 531, 1, '', 0, 1, 'Fisik', NULL, 0, 1, '2022-01-24 15:26:41'),
(84, 0, 17, 0, 1, 'Nasi Goreng Spesial', 'nasi-goreng-spesial-152751', 'pcs', 1000, 0, 2500, 0, '100', 'nasi-3.jpg', 'Nasi goreng spesial dengan rasa membuat anda ketagihan dengan berbagai campuran terbaik dan terenak', '<p><strong style=\"margin: 0px; padding: 0px; color: rgb(0, 0, 0); font-family: \"Open Sans\", Arial, sans-serif; text-align: justify;\">Lorem Ipsum</strong><span style=\"color: rgb(0, 0, 0); font-family: \"Open Sans\", Arial, sans-serif; font-size: 14px; text-align: justify;\"> is simply dummy text of the printing and typesetting industry. Lorem Ipsum has been the industry\'s standard dummy text ever since the 1500s, when an unknown printer took a galley of type and scrambled it to make a type specimen book. It has survived not only five centuries, but also the leap into electronic typesetting, remaining essentially unchanged. It was popularised in the 1960s with the release of Letraset sheets containing Lorem Ipsum passages, and more recently with desktop publishing software like Aldus PageMaker including versions of Lorem Ipsum.</span><br></p>', '1', 'Y', 'makanan', 453, 1, '', 0, 1, 'Fisik', NULL, 0, 1, '2022-01-24 15:27:51'),
(85, 0, 17, 0, 1, 'Kepiting Goreng Spesial', 'kepiting-goreng-spesial-152942', 'pcs', 2000, 0, 8509, 0, '100', 'nasi-4.jpg', 'Kepiting goreng spesial dengan rasa membuat anda ketagihan dengan berbagai campuran terbaik dan terenak', '<p><strong style=\"margin: 0px; padding: 0px; color: rgb(0, 0, 0); font-family: \"Open Sans\", Arial, sans-serif; text-align: justify;\">Lorem Ipsum</strong><span style=\"color: rgb(0, 0, 0); font-family: \"Open Sans\", Arial, sans-serif; font-size: 14px; text-align: justify;\"> is simply dummy text of the printing and typesetting industry. Lorem Ipsum has been the industry\'s standard dummy text ever since the 1500s, when an unknown printer took a galley of type and scrambled it to make a type specimen book. It has survived not only five centuries, but also the leap into electronic typesetting, remaining essentially unchanged. It was popularised in the 1960s with the release of Letraset sheets containing Lorem Ipsum passages, and more recently with desktop publishing software like Aldus PageMaker including versions of Lorem Ipsum.</span><br></p>', '1', 'Y', 'makanan', 749, 1, '', 0, 1, 'Fisik', NULL, 0, 1, '2022-01-24 15:29:42'),
(86, 0, 26, 0, 1, 'Pizza Hut Black Pizza', 'pizza-hut-black-pizza', 'pcs', 200, 0, 1750, 0, '100', 'pizza-1.jpg', 'Pizza Hut Black Pizza dengan rasa membuat anda ketagihan dengan berbagai campuran terbaik dan terenak', '<p><strong style=\"margin: 0px; padding: 0px; color: rgb(0, 0, 0); font-family: \"Open Sans\", Arial, sans-serif; text-align: justify;\">Lorem Ipsum</strong><span style=\"color: rgb(0, 0, 0); font-family: \"Open Sans\", Arial, sans-serif; font-size: 14px; text-align: justify;\"> is simply dummy text of the printing and typesetting industry. Lorem Ipsum has been the industry\'s standard dummy text ever since the 1500s, when an unknown printer took a galley of type and scrambled it to make a type specimen book. It has survived not only five centuries, but also the leap into electronic typesetting, remaining essentially unchanged. It was popularised in the 1960s with the release of Letraset sheets containing Lorem Ipsum passages, and more recently with desktop publishing software like Aldus PageMaker including versions of Lorem Ipsum.</span><br></p>', 'admin', 'Y', 'makanan', 917, 1, '', 0, 1, 'Fisik', NULL, 0, 1, '2022-01-24 15:31:30'),
(87, 0, 17, 0, 1, 'Neapolitan Pizza', 'neapolitan-pizza-153233', 'pcs', 200, 0, 1450, 0, '100', 'pizza-2.jpg;pizza-4.jpg;pizza-3.jpg', 'Neapolitan Pizza dengan rasa membuat anda ketagihan dengan berbagai campuran terbaik dan terenak', '<p><strong style=\"margin: 0px; padding: 0px; color: rgb(0, 0, 0); font-family: \"Open Sans\", Arial, sans-serif; text-align: justify;\">Lorem Ipsum</strong><span style=\"color: rgb(0, 0, 0); font-family: \"Open Sans\", Arial, sans-serif; font-size: 14px; text-align: justify;\"> is simply dummy text of the printing and typesetting industry. Lorem Ipsum has been the industry\'s standard dummy text ever since the 1500s, when an unknown printer took a galley of type and scrambled it to make a type specimen book. It has survived not only five centuries, but also the leap into electronic typesetting, remaining essentially unchanged. It was popularised in the 1960s with the release of Letraset sheets containing Lorem Ipsum passages, and more recently with desktop publishing software like Aldus PageMaker including versions of Lorem Ipsum.</span><br></p>', '1', 'Y', 'makanan', 527, 1, '', 0, 1, 'Fisik', NULL, 0, 1, '2022-01-24 15:32:33'),
(89, 0, 29, 0, 1, 'Black Coffee', 'black-coffee-153529', 'pcs', 2000, 0, 4500, 0, '100', 'kopi-1.jpg', 'Black Coffee dengan rasa membuat anda ketagihan dengan berbagai campuran terbaik dan terenak', '<p><strong style=\"margin: 0px; padding: 0px; color: rgb(0, 0, 0); font-family: \"Open Sans\", Arial, sans-serif; text-align: justify;\">Lorem Ipsum</strong><span style=\"color: rgb(0, 0, 0); font-family: \"Open Sans\", Arial, sans-serif; font-size: 14px; text-align: justify;\"> is simply dummy text of the printing and typesetting industry. Lorem Ipsum has been the industry\'s standard dummy text ever since the 1500s, when an unknown printer took a galley of type and scrambled it to make a type specimen book. It has survived not only five centuries, but also the leap into electronic typesetting, remaining essentially unchanged. It was popularised in the 1960s with the release of Letraset sheets containing Lorem Ipsum passages, and more recently with desktop publishing software like Aldus PageMaker including versions of Lorem Ipsum.</span><br></p>', '1', 'Y', 'minuman', 536, 1, '', 0, 1, 'Fisik', NULL, 0, 1, '2022-01-24 15:35:29'),
(88, 0, 17, 0, 1, 'Chicago Pizza', 'chicago-pizza-153325', 'pcs', 200, 0, 9500, 0, '100', 'pizza-41.jpg', 'Chicago Pizza dengan rasa membuat anda ketagihan dengan berbagai campuran terbaik dan terenak', '<p><strong style=\"margin: 0px; padding: 0px; color: rgb(0, 0, 0); font-family: \"Open Sans\", Arial, sans-serif; text-align: justify;\">Lorem Ipsum</strong><span style=\"color: rgb(0, 0, 0); font-family: \"Open Sans\", Arial, sans-serif; font-size: 14px; text-align: justify;\"> is simply dummy text of the printing and typesetting industry. Lorem Ipsum has been the industry\'s standard dummy text ever since the 1500s, when an unknown printer took a galley of type and scrambled it to make a type specimen book. It has survived not only five centuries, but also the leap into electronic typesetting, remaining essentially unchanged. It was popularised in the 1960s with the release of Letraset sheets containing Lorem Ipsum passages, and more recently with desktop publishing software like Aldus PageMaker including versions of Lorem Ipsum.</span><br></p>', '1', 'Y', 'makanan', 731, 1, '', 0, 1, 'Fisik', NULL, 0, 2, '2022-01-24 15:33:25'),
(90, 0, 29, 0, 1, 'Latte espresso steamed milk', 'latte-espresso-steamed-milk-153626', 'pcs', 2000, 0, 4000, 0, '100', 'kopi-2.jpg', 'latte espresso steamed milk dengan rasa membuat anda ketagihan dengan berbagai campuran terbaik dan terenak', '<p><strong style=\"margin: 0px; padding: 0px; color: rgb(0, 0, 0); font-family: \"Open Sans\", Arial, sans-serif; text-align: justify;\">Lorem Ipsum</strong><span style=\"color: rgb(0, 0, 0); font-family: \"Open Sans\", Arial, sans-serif; font-size: 14px; text-align: justify;\"> is simply dummy text of the printing and typesetting industry. Lorem Ipsum has been the industry\'s standard dummy text ever since the 1500s, when an unknown printer took a galley of type and scrambled it to make a type specimen book. It has survived not only five centuries, but also the leap into electronic typesetting, remaining essentially unchanged. It was popularised in the 1960s with the release of Letraset sheets containing Lorem Ipsum passages, and more recently with desktop publishing software like Aldus PageMaker including versions of Lorem Ipsum.</span><br></p>', '1', 'Y', 'minuman', 534, 1, '', 0, 1, 'Fisik', NULL, 0, 1, '2022-01-24 15:36:26'),
(91, 0, 29, 0, 1, 'Cappuccino latte', 'cappuccino-latte-153707', 'pcs', 2000, 0, 2000, 0, '100', 'kopi-3.jpg', 'Cappuccino latte dengan rasa membuat anda ketagihan dengan berbagai campuran terbaik dan terenak', '<p><strong style=\"margin: 0px; padding: 0px; color: rgb(0, 0, 0); font-family: \"Open Sans\", Arial, sans-serif; text-align: justify;\">Lorem Ipsum</strong><span style=\"color: rgb(0, 0, 0); font-family: \"Open Sans\", Arial, sans-serif; font-size: 14px; text-align: justify;\"> is simply dummy text of the printing and typesetting industry. Lorem Ipsum has been the industry\'s standard dummy text ever since the 1500s, when an unknown printer took a galley of type and scrambled it to make a type specimen book. It has survived not only five centuries, but also the leap into electronic typesetting, remaining essentially unchanged. It was popularised in the 1960s with the release of Letraset sheets containing Lorem Ipsum passages, and more recently with desktop publishing software like Aldus PageMaker including versions of Lorem Ipsum.</span><br></p>', '1', 'Y', 'minuman', 543, 1, '', 0, 1, 'Fisik', NULL, 0, 1, '2022-01-24 15:37:07'),
(92, 0, 29, 0, 1, 'Americano espresso shot', 'americano-espresso-shot-153750', 'pcs', 2000, 0, 5000, 0, '100', 'kopi-4.jpg', 'americano espresso shot dengan rasa membuat anda ketagihan dengan berbagai campuran terbaik dan terenak', '<p><strong style=\"margin: 0px; padding: 0px; color: rgb(0, 0, 0); font-family: \"Open Sans\", Arial, sans-serif; text-align: justify;\">Lorem Ipsum</strong><span style=\"color: rgb(0, 0, 0); font-family: \"Open Sans\", Arial, sans-serif; font-size: 14px; text-align: justify;\"> is simply dummy text of the printing and typesetting industry. Lorem Ipsum has been the industry\'s standard dummy text ever since the 1500s, when an unknown printer took a galley of type and scrambled it to make a type specimen book. It has survived not only five centuries, but also the leap into electronic typesetting, remaining essentially unchanged. It was popularised in the 1960s with the release of Letraset sheets containing Lorem Ipsum passages, and more recently with desktop publishing software like Aldus PageMaker including versions of Lorem Ipsum.</span><br></p>', '1', 'Y', 'minuman', 521, 1, '', 0, 1, 'Fisik', NULL, 0, 1, '2022-01-24 15:37:50'),
(93, 0, 29, 0, 1, 'Espresso shot Boba', 'espresso-shot-boba-153845', 'pcs', 2000, 0, 6300, 0, '100', 'kopi-5.jpg', 'Espresso shot Boba dengan rasa membuat anda ketagihan dengan berbagai campuran terbaik dan terenak', '<p><strong style=\"margin: 0px; padding: 0px; color: rgb(0, 0, 0); font-family: \"Open Sans\", Arial, sans-serif; text-align: justify;\">Lorem Ipsum</strong><span style=\"color: rgb(0, 0, 0); font-family: \"Open Sans\", Arial, sans-serif; font-size: 14px; text-align: justify;\"> is simply dummy text of the printing and typesetting industry. Lorem Ipsum has been the industry\'s standard dummy text ever since the 1500s, when an unknown printer took a galley of type and scrambled it to make a type specimen book. It has survived not only five centuries, but also the leap into electronic typesetting, remaining essentially unchanged. It was popularised in the 1960s with the release of Letraset sheets containing Lorem Ipsum passages, and more recently with desktop publishing software like Aldus PageMaker including versions of Lorem Ipsum.</span><br></p>', '1', 'Y', 'minuman', 489, 1, '', 0, 1, 'Fisik', NULL, 0, 1, '2022-01-24 15:38:45'),
(94, 0, 29, 0, 1, 'Doppio espresso shot ganda', 'doppio-espresso-shot-ganda-153924', 'pcs', 20000, 0, 730, 0, '100', 'kopi-6.jpg', 'Doppio espresso shot ganda dengan rasa membuat anda ketagihan dengan berbagai campuran terbaik dan terenak', '<p><strong style=\"margin: 0px; padding: 0px; color: rgb(0, 0, 0); font-family: \"Open Sans\", Arial, sans-serif; text-align: justify;\">Lorem Ipsum</strong><span style=\"color: rgb(0, 0, 0); font-family: \"Open Sans\", Arial, sans-serif; font-size: 14px; text-align: justify;\"> is simply dummy text of the printing and typesetting industry. Lorem Ipsum has been the industry\'s standard dummy text ever since the 1500s, when an unknown printer took a galley of type and scrambled it to make a type specimen book. It has survived not only five centuries, but also the leap into electronic typesetting, remaining essentially unchanged. It was popularised in the 1960s with the release of Letraset sheets containing Lorem Ipsum passages, and more recently with desktop publishing software like Aldus PageMaker including versions of Lorem Ipsum.</span><br></p>', '1', 'Y', 'minuman', 1037, 1, '', 0, 1, 'Fisik', NULL, 0, 2, '2022-01-24 15:39:24'),
(95, 0, 29, 0, 1, 'Cortado steamed milk', 'cortado-steamed-milk-154009', 'pcs', 2000, 0, 2300, 0, '100', 'kopi-7.jpg', 'Cortado steamed milk dengan rasa membuat anda ketagihan dengan berbagai campuran terbaik dan terenak', '<p><strong style=\"margin: 0px; padding: 0px; color: rgb(0, 0, 0); font-family: \"Open Sans\", Arial, sans-serif; text-align: justify;\">Lorem Ipsum</strong><span style=\"color: rgb(0, 0, 0); font-family: \"Open Sans\", Arial, sans-serif; font-size: 14px; text-align: justify;\"> is simply dummy text of the printing and typesetting industry. Lorem Ipsum has been the industry\'s standard dummy text ever since the 1500s, when an unknown printer took a galley of type and scrambled it to make a type specimen book. It has survived not only five centuries, but also the leap into electronic typesetting, remaining essentially unchanged. It was popularised in the 1960s with the release of Letraset sheets containing Lorem Ipsum passages, and more recently with desktop publishing software like Aldus PageMaker including versions of Lorem Ipsum.</span><br></p>', '1', 'Y', 'minuman', 547, 1, '', 0, 1, 'Fisik', NULL, 0, 1, '2022-01-24 15:40:09'),
(96, 0, 1, 0, 1, 'DELL XPS 15 9575 TOUCHSCREEN I7 8706G LAPTOP 2 IN 1 RENDERING GAMING', 'dell-xps-15-9575-touchscreen-i7-8706g-laptop-2-in-1-rendering-gaming', 'pcs', 2100, 0, 2600, 0, '100', 'laptop.png', 'Dell XPS 13 9370 Ci5 Gen8 Ready yah, silakan di order\r\nYukk yang lagi cari laptop Dell mumpung ready , cocok buat anak sekolah kan lagi jamannya school at home, orang kantoran, online shop.. Yukk di order biar gak kehabisan', '<p><strong style=\"margin: 0px; padding: 0px; color: rgb(0, 0, 0); font-family: \"Open Sans\", Arial, sans-serif; text-align: justify;\">Lorem Ipsum</strong><span style=\"color: rgb(0, 0, 0); font-family: \"Open Sans\", Arial, sans-serif; font-size: 14px; text-align: justify;\"> is simply dummy text of the printing and typesetting industry. Lorem Ipsum has been the industry\'s standard dummy text ever since the 1500s, when an unknown printer took a galley of type and scrambled it to make a type specimen book. It has survived not only five centuries, but also the leap into electronic typesetting, remaining essentially unchanged. It was popularised in the 1960s with the release of Letraset sheets containing Lorem Ipsum passages, and more recently with desktop publishing software like Aldus PageMaker including versions of Lorem Ipsum.</span><br></p>', 'admin', 'N', '', 912, 1, '', 0, 2, 'Fisik', NULL, 0, 1, '2022-01-24 15:44:07'),
(97, 0, 25, 0, 1, 'Vixion 2017 Full Modif Keren', 'vixion-2017-full-modif-keren-100943', 'pcs', 25000000, 0, 25000000, 0, '300000', 'a11.jpg;a21.jpg;a3.jpg', 'Mesin sangat Mulus dan Terawat, Pajak  OFF 1 Bulan, Alasan jual karena bosan dan mau ganti yang lain, silahkan berikan penawaran terbaik anda.', '<p><b>Sudah MODIF Senilai 10 jutaan :</b></p><p>1. Upside Down R15 V3 Original<br><span style=\"color: rgb(102, 102, 102); font-family: \"Work Sans\", sans-serif; font-size: 1.4rem;\">2. Velg R15 V3 Original<br></span><span style=\"color: rgb(102, 102, 102); font-family: \"Work Sans\", sans-serif; font-size: 1.4rem;\">3. Banana Arm R15 V3 Original<br></span><span style=\"color: rgb(102, 102, 102); font-family: \"Work Sans\", sans-serif; font-size: 1.4rem;\">4. Ban Corsa r93 Soft compound, depan 120/60, Belakang 160/60<br></span><span style=\"color: rgb(102, 102, 102); font-family: \"Work Sans\", sans-serif; font-size: 1.4rem;\">5. Breket & Raiser stang R15 V3<br></span><span style=\"color: rgb(102, 102, 102); font-family: \"Work Sans\", sans-serif; font-size: 1.4rem;\">6. Tail Tidy Yamaha Vixion R street fender Original<br></span><span style=\"color: rgb(102, 102, 102); font-family: \"Work Sans\", sans-serif; font-size: 1.4rem;\">7. Tubular Crashbar plus slider Custom<br></span><span style=\"color: rgb(102, 102, 102); font-family: \"Work Sans\", sans-serif; font-size: 1.4rem;\">8. Kaliper Depan dan Belakang Baru R15 V3 Original<br></span><span style=\"color: rgb(102, 102, 102); font-family: \"Work Sans\", sans-serif; font-size: 1.4rem;\">9. Setang kini pakai MT25 Original.</span></p>', '1', 'N', 'hardware,pria', 288, 1, '', 0, NULL, 'Fisik', NULL, 0, 1, '2022-03-30 10:09:43'),
(98, 0, 25, 0, 1, 'Honda Civic FD 2009 Ganteng Poll', 'honda-civic-fd-2009-ganteng-poll-120252', 'Unit', 125000000, 0, 125000000, 0, '100000', 'b1.jpg;b2.jpg;b3.jpg;b4.jpg;b5.jpg', 'Civic FD Facelift 2009 Akhir Terawat Mulus, Pajak off, Mesin Mulus, Cat mulus mengkilat, Velg Enkei Rpf1 Baru/Mulus R18 + Ban Baru 95%, Alasan Jual mau ganti ke Civic Turbo', '<p>Honda Civic dengan kode bodi FD merupakan Civic generasi kedelapan yang diperkenalkan pada 2006 lalu. <span style=\"color: rgb(102, 102, 102); font-family: \"Work Sans\", sans-serif; font-size: 1.4rem;\">Meskipun Honda Civic FD atau biasa disebut Civic Batman usianya sudah lumayan berumur, tapi desain sedan asal Jepang ini masih ganteng dan masih memikat hati kaum muda.</span></p><p>Penantang Toyota Corolla Alits, Honda Civic FD hadir dalam dua varian mesin, yakni Civic FD1 dengan mesin berkode R18A i-VTEC SOHC 1.800 cc bertenaga 140 dk dan torsi 177 Nm. <span style=\"color: rgb(102, 102, 102); font-family: \"Work Sans\", sans-serif; font-size: 1.4rem;\">Dan pilihan Civic FD2 dengan mesin berkode K20Z2 i-VTEC DOHC berkapasitas 2.000 cc bertenaga 155 dk dan torsi 192 Nm.</span></p><p>Menurut Deden Hamdani dari bengkel spesialis Honda Auto Broundtax Motor (ABM) di Depok mengatakan, ada beberapa kelebihan yang dimiliki Honda Civic Batman alias Civic FD ini.</p><p><b>Kelebihan pertama soal tenaga.</b></p><p></p><p>\"Kalau soal mesin, Civic FD menurut saya tenaganya oke sih di kelasnya,\" buka Deden Hamdani, Owner bengkel spesialis mobil Honda Auto Broundtax Motor (ABM) di Depok, Jawa Barat.</p>', '1', 'N', 'hardware,pria', 817, 1, '', 0, NULL, 'Fisik', NULL, 0, 1, '2022-03-30 12:02:52'),
(99, 0, 6, 0, 0, 'Gamis Green Filosifi Oxorcities TG-3452', 'xgamis-green-filosifi-oxorcities-tg3452x', 'pcs', 4990, 5000, 5990, 0, '320', 'gamis11.jpg', '1. Unrestrained and portable active stereo speaker\\r\\n2. Free from the confines of wires and chords\\r\\n3. 20 hours of portable capabilities\\r\\n4. Double-ended Coil Cord with 3.5mm Stereo Plugs Included\\r\\n5. 3/4? Dome Tweeters: 2X and 4? Woofer: 1X', '<p>Lorem ipsum dolor sit amet, consectetur adipiscing elit. Donec scelerisque condimentum mattis. Suspendisse potenti. Proin vitae elementum nisi. Aliquam eu pretium risus. Nam varius efficitur consectetur. Aenean vestibulum felis sed mollis faucibus. Interdum et malesuada fames ac ante ipsum primis in faucibus. Proin venenatis est sit amet eleifend vehicula. Lorem ipsum dolor sit amet, consectetur adipiscing elit. Integer id nunc eu odio ultrices pulvinar non feugiat felis. Duis consequat urna sapien, porta gravida diam venenatis at. Duis at ornare enim, ac accumsan eros. Sed in finibus metus. Etiam blandit tristique orci, sit amet congue dui facilisis id. Donec fermentum diam at orci viverra placerat. Sed nunc lorem, cursus nec vestibulum hendrerit, tempus et libero.</p>\r\n\r\n<p>Donec consequat lacinia fringilla. Proin dapibus justo at elit iaculis, eu rutrum velit dapibus. Phasellus nec augue vel nisl sagittis malesuada vel vel orci. In in euismod massa. Praesent vel blandit arcu. Maecenas eleifend dui in est rhoncus, mattis sollicitudin augue semper. Donec a lectus rhoncus, ornare nunc rutrum, egestas arcu. Aenean dapibus urna non nisl dignissim volutpat.</p>', 'admin', 'Y', '', 149, 1, '', 0, NULL, 'Fisik', NULL, 0, 1, '2022-08-01 17:08:53'),
(100, 0, 6, 14, 0, 'Men Singelete - Baju Dalam Menarik', 'xmen-singelete--baju-dalam-menarikx', 'pcs', 2999, 3000, 5000, 0, '50', 'baju_dalam7.jpg;baju_dalam15.jpg;baju_dalam25.jpg', 'Singlet Rider R226B Vest ini dirancang secara exclusive dengan bahan yang berkualitas untuk menjamin kenyaman dan ketahanan produk. Dengan desain yang sporty untuk menambah kepercayaan diri Anda.', 'Singlet Rider R226B Vest ini dirancang secara exclusive dengan bahan yang berkualitas untuk menjamin kenyaman dan ketahanan produk. Dengan desain yang sporty untuk menambah kepercayaan diri Anda.\r\n\r\nSinglet Rider R226B Vest berbahan ribbed cotton yang didesain form-fitting style dengan V-neckline, detail seamless sides, dan white list trimming di bagian samping.\r\n\r\nSinglet Rider R226B Vest anti bakteria yang dirancang melalui proses Shrunkenize ini membuat Anda bebas dari jamur dan bau tak sedap sekaligus menjadikannya nyaman dipakai dan tidak mudah melar.', 'admin', 'Y', 'jeans,kaos,pria', 148, 1, '', 0, NULL, 'Fisik', NULL, 0, 1, '2022-08-01 17:08:56'),
(117, 0, 29, 0, 0, 'Black Coffee', 'xblack-coffee-153529-110703', 'pcs', 2000, 0, 4500, 0, '100', 'kopi-1.jpg', 'Black Coffee dengan rasa membuat anda ketagihan dengan berbagai campuran terbaik dan terenak', '<p><strong style=\"margin: 0px; padding: 0px; color: rgb(0, 0, 0); font-family: \"Open Sans\", Arial, sans-serif; text-align: justify;\">Lorem Ipsum</strong><span style=\"color: rgb(0, 0, 0); font-family: \"Open Sans\", Arial, sans-serif; font-size: 14px; text-align: justify;\"> is simply dummy text of the printing and typesetting industry. Lorem Ipsum has been the industry\'s standard dummy text ever since the 1500s, when an unknown printer took a galley of type and scrambled it to make a type specimen book. It has survived not only five centuries, but also the leap into electronic typesetting, remaining essentially unchanged. It was popularised in the 1960s with the release of Letraset sheets containing Lorem Ipsum passages, and more recently with desktop publishing software like Aldus PageMaker including versions of Lorem Ipsum.</span><br></p>', 'admin', 'Y', 'minuman', 98, 1, NULL, 0, NULL, 'Fisik', NULL, 0, 1, '2023-10-11 11:07:03'),
(118, 0, 17, 0, 0, 'Pizza Hut Black Pizza', 'xpizza-hut-black-pizza', 'pcs', 200, 0, 1750, 0, '100', 'pizza-1.jpg', 'Pizza Hut Black Pizza dengan rasa membuat anda ketagihan dengan berbagai campuran terbaik dan terenak', '<p><strong style=\"margin: 0px; padding: 0px; color: rgb(0, 0, 0); font-family: \"Open Sans\", Arial, sans-serif; text-align: justify;\">Lorem Ipsum</strong><span style=\"color: rgb(0, 0, 0); font-family: \"Open Sans\", Arial, sans-serif; font-size: 14px; text-align: justify;\"> is simply dummy text of the printing and typesetting industry. Lorem Ipsum has been the industry\'s standard dummy text ever since the 1500s, when an unknown printer took a galley of type and scrambled it to make a type specimen book. It has survived not only five centuries, but also the leap into electronic typesetting, remaining essentially unchanged. It was popularised in the 1960s with the release of Letraset sheets containing Lorem Ipsum passages, and more recently with desktop publishing software like Aldus PageMaker including versions of Lorem Ipsum.</span><br></p>', 'admin', 'Y', 'makanan', 110, 1, '', 0, NULL, 'Fisik', NULL, 0, 1, '2023-10-11 11:07:33'),
(119, 0, 1, 0, 0, 'ACER Swift 7 (SF713-51) (Core i7-7Y75) - Gold', 'xacer-swift-7-sf71351-core-i77y75--gold-122101-110751', 'Unit', 2046, 2146, 2246, 0, '1100', 'a7.jpg', '1. Unrestrained and portable active stereo speaker\r\n2. Free from the confines of wires and chords\r\n3. 20 hours of portable capabilities\r\n4. Double-ended Coil Cord with 3.5mm Stereo Plugs Included\r\n5. 3/4? Dome Tweeters: 2X and 4? Woofer: 1X', '<h3><strong>5 Alasan Jitu Memilih Acer Swift 7</strong></h3>\r\n\r\n<p>Pasar ultrabook dunia diramaikan kehadiran Acer Swift 7 yang menjadi salah satu ultrabook paling tipis di dunia. Ketebalan laptop yang super tipis memang ditujukan untuk Anda yang punya mobilitas tinggi. Karena tipis dan ringan, saat dibawa-bawa Acer Swift 7 tidak akan terlalu menyiksa Anda. Berikut ini lima alasan kenapa Anda harus segera memiliki Acer Swift 7:</p>\r\n\r\n<h3>1) Laptop Paling Tipis di Dunia</h3>\r\n\r\n<p>Acer Swift 7 menjadi laptop paling tipis di dunia saat diluncurkan pertama kali pada awal Juli 2016. Ini sangat wajar karena ketebalan laptop satu ini hanya 0.39 inci. Pemilihan material berkualitas juga membuatnya sangat ringan. Perpaduan warna emas di bagian dalam dan hitam matte di luar menciptakan kesan elegan dan modern. Dengan memakai Acer Swift 7 tentu akan meningkatkan kepercayaan diri Anda.</p>\r\n\r\n<h3>2) Layar Sentuh Jernih Seluas 13 Inci</h3>\r\n\r\n<p>Konten layar yang Anda lihat jadi terlihat jernih berkat dukungan layar sentuh seluas 13.3 inci beresolusi Full HD. Teknologi Acer Color Intelligence mengatur gamma dan saturasi agar bisa menghasilkan warna lebih kaya. Acer Swift 7 juga menggunakan panel layar jenis IPS sehingga dari sudut mana pun Anda melihatnya, kontras dan warna layar tidak pudar. Tak usah khawatir layar tergores, karena sudah menggunakan kaca Corning Gorilla Glass yang 2 kali lebih kuat dari kaca biasa. </p>', 'admin', 'Y', 'hardware,laptop,elektronik', 120, 1, NULL, 0, NULL, 'Fisik', NULL, 0, 1, '2023-10-11 11:07:51'),
(120, 0, 1, 0, 0, 'HP Business EliteBook X360 1020 G2', 'xhp-business-elitebook-x360-1020-g2', 'Unit', 3052, 3152, 3252, 0, '1100', 'a4.jpg', '1. Unrestrained and portable active stereo speaker\r\n2. Free from the confines of wires and chords\r\n3. 20 hours of portable capabilities\r\n4. Double-ended Coil Cord with 3.5mm Stereo Plugs Included\r\n5. 3/4? Dome Tweeters: 2X and 4? Woofer: 1X', '<h3><strong>Ringan, Kuat, dan Bertenaga</strong></h3>\r\n\r\n<p>HP EliteBook x360 1020 G2 merupakan laptop yang diperuntukkan bagi pebisnis yang memerlukkan tidak hanya bermobilitas tinggi, namun juga bertenaga. Elitebook x360 1020 G2 didukung oleh prosesor Intel® Core™ i7-7500U sehingga mampu menghadirkan performa yang sangat dapat diandalkan. Selain itu, laptop dengan layar 12.5 beresolusi Full HD ini sudah dilengkapi dengan SSD (Solid State Drive) sebagai media penyimpanan data sehingga kinerjanya semakin kencang. Tentu saja laptop ini memiliki bobot yang sangat ringan agar Anda dapat membawanya kemana saja. </p>\r\n\r\n<h3><strong>Empat Mode Untuk Segala Kebutuhan Bisnis</strong></h3>\r\n\r\n<p>EliteBook x360 1020 G@ hadir dengan beberapa mode yang didesain untuk kebutuhan Anda sehingga dapat menunjang produktivitas Anda. Mode-mode tersebut yaitu Mode Tent yang berbentuk seperti tenda yang sangat cocok untuk presentasi, Mode Tablet yang mentransformasikan laptop Anda menjadi sebuah tablet, Mode Media yang membawa Anda untuk merasakan pengalaman hiburan mendalam, dan yang terakhir adalah Mode Laptop.</p>', 'admin', 'Y', 'hardware,laptop,elektronik', 155, 1, '', 0, NULL, 'Fisik', NULL, 0, 1, '2023-10-11 11:08:02'),
(121, 0, 2, 1, 0, 'Segitiga Instan Madeira - MDB5.2 Ocean', 'xsegitiga-instan-madeira--mdb52-ocean-122317-110815', 'unit', 7450, 0, 7550, 0, '150', 'KYB4_14_Soft_Lavender_1024x1024_f993283a-dae0-4a05-b163-9f6b44465732_grande.jpg', '1. Unrestrained and portable active stereo speaker\r\n2. Free from the confines of wires and chords\r\n3. 20 hours of portable capabilities\r\n4. Double-ended Coil Cord with 3.5mm Stereo Plugs Included\r\n5. 3/4? Dome Tweeters: 2X and 4? Woofer: 1X', '<p>Lorem ipsum dolor sit amet, consectetur adipiscing elit. Donec scelerisque condimentum mattis. Suspendisse potenti. Proin vitae elementum nisi. Aliquam eu pretium risus. Nam varius efficitur consectetur. Aenean vestibulum felis sed mollis faucibus. Interdum et malesuada fames ac ante ipsum primis in faucibus. Proin venenatis est sit amet eleifend vehicula. Lorem ipsum dolor sit amet, consectetur adipiscing elit. Integer id nunc eu odio ultrices pulvinar non feugiat felis. Duis consequat urna sapien, porta gravida diam venenatis at. Duis at ornare enim, ac accumsan eros. Sed in finibus metus. Etiam blandit tristique orci, sit amet congue dui facilisis id. Donec fermentum diam at orci viverra placerat. Sed nunc lorem, cursus nec vestibulum hendrerit, tempus et libero.</p>\r\n\r\n<p>Donec consequat lacinia fringilla. Proin dapibus justo at elit iaculis, eu rutrum velit dapibus. Phasellus nec augue vel nisl sagittis malesuada vel vel orci. In in euismod massa. Praesent vel blandit arcu. Maecenas eleifend dui in est rhoncus, mattis sollicitudin augue semper. Donec a lectus rhoncus, ornare nunc rutrum, egestas arcu. Aenean dapibus urna non nisl dignissim volutpat.</p>', 'admin', 'Y', 'muslimah,kaos,wanita', 96, 1, NULL, 0, NULL, 'Fisik', NULL, 0, 1, '2023-10-11 11:08:15'),
(122, 0, 19, 0, 0, 'Segitiga Instan Aira- AA94.9 Tropical Blue', 'xsegitiga-instan-aira-aa949-tropical-blue', 'pcs', 6000, 0, 7000, 0, '300', 'RYB6_1_Grey_grande.jpg', '1. Unrestrained and portable active stereo speaker\r\n2. Free from the confines of wires and chords\r\n3. 20 hours of portable capabilities\r\n4. Double-ended Coil Cord with 3.5mm Stereo Plugs Included\r\n5. 3/4? Dome Tweeters: 2X and 4? Woofer: 1X', '<p>Lorem ipsum dolor sit amet, consectetur adipiscing elit. Donec scelerisque condimentum mattis. Suspendisse potenti. Proin vitae elementum nisi. Aliquam eu pretium risus. Nam varius efficitur consectetur. Aenean vestibulum felis sed mollis faucibus. Interdum et malesuada fames ac ante ipsum primis in faucibus. Proin venenatis est sit amet eleifend vehicula. Lorem ipsum dolor sit amet, consectetur adipiscing elit. Integer id nunc eu odio ultrices pulvinar non feugiat felis. Duis consequat urna sapien, porta gravida diam venenatis at. Duis at ornare enim, ac accumsan eros. Sed in finibus metus. Etiam blandit tristique orci, sit amet congue dui facilisis id. Donec fermentum diam at orci viverra placerat. Sed nunc lorem, cursus nec vestibulum hendrerit, tempus et libero.</p>\r\n\r\n<p>Donec consequat lacinia fringilla. Proin dapibus justo at elit iaculis, eu rutrum velit dapibus. Phasellus nec augue vel nisl sagittis malesuada vel vel orci. In in euismod massa. Praesent vel blandit arcu. Maecenas eleifend dui in est rhoncus, mattis sollicitudin augue semper. Donec a lectus rhoncus, ornare nunc rutrum, egestas arcu. Aenean dapibus urna non nisl dignissim volutpat.</p>\r\n', 'admin', 'Y', 'muslimah,kaos,wanita', 102, 1, '', 0, NULL, 'Fisik', NULL, 0, 1, '2023-10-11 11:08:19'),
(123, 0, 29, 0, 0, 'Cortado steamed milk', 'xcortado-steamed-milk', 'pcs', 2000, 0, 2300, 0, '100', 'kopi-7.jpg', 'Cortado steamed milk dengan rasa membuat anda ketagihan dengan berbagai campuran terbaik dan terenak', '<p><strong style=\"margin: 0px; padding: 0px; color: rgb(0, 0, 0); font-family: \"Open Sans\", Arial, sans-serif; text-align: justify;\">Lorem Ipsum</strong><span style=\"color: rgb(0, 0, 0); font-family: \"Open Sans\", Arial, sans-serif; font-size: 14px; text-align: justify;\"> is simply dummy text of the printing and typesetting industry. Lorem Ipsum has been the industry\'s standard dummy text ever since the 1500s, when an unknown printer took a galley of type and scrambled it to make a type specimen book. It has survived not only five centuries, but also the leap into electronic typesetting, remaining essentially unchanged. It was popularised in the 1960s with the release of Letraset sheets containing Lorem Ipsum passages, and more recently with desktop publishing software like Aldus PageMaker including versions of Lorem Ipsum.</span><br></p>', 'admin', 'Y', 'minuman', 145, 1, '', 0, NULL, 'Fisik', NULL, 0, 1, '2023-10-11 11:08:23'),
(124, 0, 6, 0, 0, 'Koku Fren Grenn Latifa Consesi TY-634', 'xkoku-fren-grenn-latifa-consesi-ty634', 'unit', 2000, 0, 3000, 0, '360', 'gamis3.jpg', '1. Unrestrained and portable active stereo speaker\\r\\n2. Free from the confines of wires and chords\\r\\n3. 20 hours of portable capabilities\\r\\n4. Double-ended Coil Cord with 3.5mm Stereo Plugs Included\\r\\n5. 3/4? Dome Tweeters: 2X and 4? Woofer: 1X', '<p>Lorem ipsum dolor sit amet, consectetur adipiscing elit. Donec scelerisque condimentum mattis. Suspendisse potenti. Proin vitae elementum nisi. Aliquam eu pretium risus. Nam varius efficitur consectetur. Aenean vestibulum felis sed mollis faucibus. Interdum et malesuada fames ac ante ipsum primis in faucibus. Proin venenatis est sit amet eleifend vehicula. Lorem ipsum dolor sit amet, consectetur adipiscing elit. Integer id nunc eu odio ultrices pulvinar non feugiat felis. Duis consequat urna sapien, porta gravida diam venenatis at. Duis at ornare enim, ac accumsan eros. Sed in finibus metus. Etiam blandit tristique orci, sit amet congue dui facilisis id. Donec fermentum diam at orci viverra placerat. Sed nunc lorem, cursus nec vestibulum hendrerit, tempus et libero.</p>\r\n\r\n<p>Donec consequat lacinia fringilla. Proin dapibus justo at elit iaculis, eu rutrum velit dapibus. Phasellus nec augue vel nisl sagittis malesuada vel vel orci. In in euismod massa. Praesent vel blandit arcu. Maecenas eleifend dui in est rhoncus, mattis sollicitudin augue semper. Donec a lectus rhoncus, ornare nunc rutrum, egestas arcu. Aenean dapibus urna non nisl dignissim volutpat.</p>', 'admin', 'Y', '', 114, 1, '', 0, NULL, 'Fisik', NULL, 0, 1, '2023-10-11 11:08:53'),
(125, 0, 29, 0, 0, 'Espresso shot Boba', 'xespresso-shot-boba-153845-111017', 'pcs', 2000, 0, 6300, 0, '100', 'kopi-5.jpg', 'Espresso shot Boba dengan rasa membuat anda ketagihan dengan berbagai campuran terbaik dan terenak', '<p><strong style=\"margin: 0px; padding: 0px; color: rgb(0, 0, 0); font-family: \"Open Sans\", Arial, sans-serif; text-align: justify;\">Lorem Ipsum</strong><span style=\"color: rgb(0, 0, 0); font-family: \"Open Sans\", Arial, sans-serif; font-size: 14px; text-align: justify;\"> is simply dummy text of the printing and typesetting industry. Lorem Ipsum has been the industry\'s standard dummy text ever since the 1500s, when an unknown printer took a galley of type and scrambled it to make a type specimen book. It has survived not only five centuries, but also the leap into electronic typesetting, remaining essentially unchanged. It was popularised in the 1960s with the release of Letraset sheets containing Lorem Ipsum passages, and more recently with desktop publishing software like Aldus PageMaker including versions of Lorem Ipsum.</span><br></p>', 'admin', 'Y', 'minuman', 113, 1, NULL, 0, NULL, 'Fisik', NULL, 0, 1, '2023-10-11 11:10:17');
INSERT INTO `rb_produk` (`id_produk`, `id_produk_perusahaan`, `id_kategori_produk`, `id_kategori_produk_sub`, `id_reseller`, `nama_produk`, `produk_seo`, `satuan`, `harga_beli`, `harga_reseller`, `harga_konsumen`, `cashback`, `berat`, `gambar`, `tentang_produk`, `keterangan`, `username`, `aktif`, `tag`, `dilihat`, `minimum`, `sku`, `fee_produk`, `pre_order`, `jenis_produk`, `produk_file`, `poin_produk`, `id_mata_uang_produk`, `waktu_input`) VALUES
(126, 0, 29, 0, 0, 'Doppio espresso shot ganda', 'xdoppio-espresso-shot-ganda', 'pcs', 2000, 0, 7300, 0, '100', 'kopi-6.jpg', 'Doppio espresso shot ganda dengan rasa membuat anda ketagihan dengan berbagai campuran terbaik dan terenak', '<p><strong style=\"margin: 0px; padding: 0px; color: rgb(0, 0, 0); font-family: \"Open Sans\", Arial, sans-serif; text-align: justify;\">Lorem Ipsum</strong><span style=\"color: rgb(0, 0, 0); font-family: \"Open Sans\", Arial, sans-serif; font-size: 14px; text-align: justify;\"> is simply dummy text of the printing and typesetting industry. Lorem Ipsum has been the industry\'s standard dummy text ever since the 1500s, when an unknown printer took a galley of type and scrambled it to make a type specimen book. It has survived not only five centuries, but also the leap into electronic typesetting, remaining essentially unchanged. It was popularised in the 1960s with the release of Letraset sheets containing Lorem Ipsum passages, and more recently with desktop publishing software like Aldus PageMaker including versions of Lorem Ipsum.</span><br></p>', 'admin', 'Y', 'minuman', 121, 1, '', 0, NULL, 'Fisik', NULL, 0, 1, '2023-10-11 11:10:33'),
(127, 0, 30, 0, 0, 'Cortado steamed milk', 'xcortado-steamed-milk', 'pcs', 2000, 1500, 2300, 0, '100', 'kopi-7.jpg', 'Cortado steamed milk dengan rasa membuat anda ketagihan dengan berbagai campuran terbaik dan terenak', '<p><strong style=\"margin: 0px; padding: 0px; color: rgb(0, 0, 0); font-family: \"Open Sans\", Arial, sans-serif; text-align: justify;\">Lorem Ipsum</strong><span style=\"color: rgb(0, 0, 0); font-family: \"Open Sans\", Arial, sans-serif; font-size: 14px; text-align: justify;\"> is simply dummy text of the printing and typesetting industry. Lorem Ipsum has been the industry\'s standard dummy text ever since the 1500s, when an unknown printer took a galley of type and scrambled it to make a type specimen book. It has survived not only five centuries, but also the leap into electronic typesetting, remaining essentially unchanged. It was popularised in the 1960s with the release of Letraset sheets containing Lorem Ipsum passages, and more recently with desktop publishing software like Aldus PageMaker including versions of Lorem Ipsum.</span><br></p>', 'admin', 'Y', 'minuman', NULL, 1, '', 0, NULL, 'Fisik', NULL, 0, 1, '2023-10-11 11:10:40'),
(128, 0, 17, 0, 0, 'Chicago Pizza', 'xchicago-pizza', 'pcs', 200, 0, 9500, 0, '100', 'pizza-41.jpg', 'Chicago Pizza dengan rasa membuat anda ketagihan dengan berbagai campuran terbaik dan terenak', '<p><strong style=\"margin: 0px; padding: 0px; color: rgb(0, 0, 0); font-family: \"Open Sans\", Arial, sans-serif; text-align: justify;\">Lorem Ipsum</strong><span style=\"color: rgb(0, 0, 0); font-family: \"Open Sans\", Arial, sans-serif; font-size: 14px; text-align: justify;\"> is simply dummy text of the printing and typesetting industry. Lorem Ipsum has been the industry\'s standard dummy text ever since the 1500s, when an unknown printer took a galley of type and scrambled it to make a type specimen book. It has survived not only five centuries, but also the leap into electronic typesetting, remaining essentially unchanged. It was popularised in the 1960s with the release of Letraset sheets containing Lorem Ipsum passages, and more recently with desktop publishing software like Aldus PageMaker including versions of Lorem Ipsum.</span><br></p>', 'admin', 'Y', 'makanan', 140, 1, '', 0, NULL, 'Fisik', NULL, 0, 1, '2023-10-11 11:11:01'),
(129, 0, 21, 0, 0, 'Neapolitan Pizza', 'xneapolitan-pizza', 'pcs', 200, 0, 1450, 0, '100', 'pizza-2.jpg;pizza-4.jpg;pizza-3.jpg', 'Neapolitan Pizza dengan rasa membuat anda ketagihan dengan berbagai campuran terbaik dan terenak', '<p><strong style=\"margin: 0px; padding: 0px; color: rgb(0, 0, 0); font-family: \"Open Sans\", Arial, sans-serif; text-align: justify;\">Lorem Ipsum</strong><span style=\"color: rgb(0, 0, 0); font-family: \"Open Sans\", Arial, sans-serif; font-size: 14px; text-align: justify;\"> is simply dummy text of the printing and typesetting industry. Lorem Ipsum has been the industry\'s standard dummy text ever since the 1500s, when an unknown printer took a galley of type and scrambled it to make a type specimen book. It has survived not only five centuries, but also the leap into electronic typesetting, remaining essentially unchanged. It was popularised in the 1960s with the release of Letraset sheets containing Lorem Ipsum passages, and more recently with desktop publishing software like Aldus PageMaker including versions of Lorem Ipsum.</span><br></p>', 'admin', 'Y', 'makanan', 127, 1, '', 0, NULL, 'Fisik', NULL, 0, 1, '2023-10-11 11:11:07'),
(130, 0, 17, 0, 0, 'Nasi Goreng Spesial', 'xnasi-goreng-spesial', 'pcs', 1000, 0, 2500, 0, '100', 'nasi-3.jpg', 'Nasi goreng spesial dengan rasa membuat anda ketagihan dengan berbagai campuran terbaik dan terenak', '<p><strong style=\"margin: 0px; padding: 0px; color: rgb(0, 0, 0); font-family: \"Open Sans\", Arial, sans-serif; text-align: justify;\">Lorem Ipsum</strong><span style=\"color: rgb(0, 0, 0); font-family: \"Open Sans\", Arial, sans-serif; font-size: 14px; text-align: justify;\"> is simply dummy text of the printing and typesetting industry. Lorem Ipsum has been the industry\'s standard dummy text ever since the 1500s, when an unknown printer took a galley of type and scrambled it to make a type specimen book. It has survived not only five centuries, but also the leap into electronic typesetting, remaining essentially unchanged. It was popularised in the 1960s with the release of Letraset sheets containing Lorem Ipsum passages, and more recently with desktop publishing software like Aldus PageMaker including versions of Lorem Ipsum.</span><br></p>', 'admin', 'Y', 'makanan', 180, 1, '', 0, NULL, 'Fisik', NULL, 0, 1, '2023-10-11 11:11:36'),
(131, 0, 17, 0, 0, 'Nasi Goreng Spesial', 'xnasi-goreng-spesial', 'pcs', 1000, 0, 2500, 0, '100', 'nasi-3.jpg', 'Nasi goreng spesial dengan rasa membuat anda ketagihan dengan berbagai campuran terbaik dan terenak', '<p><strong style=\"margin: 0px; padding: 0px; color: rgb(0, 0, 0); font-family: \"Open Sans\", Arial, sans-serif; text-align: justify;\">Lorem Ipsum</strong><span style=\"color: rgb(0, 0, 0); font-family: \"Open Sans\", Arial, sans-serif; font-size: 14px; text-align: justify;\"> is simply dummy text of the printing and typesetting industry. Lorem Ipsum has been the industry\'s standard dummy text ever since the 1500s, when an unknown printer took a galley of type and scrambled it to make a type specimen book. It has survived not only five centuries, but also the leap into electronic typesetting, remaining essentially unchanged. It was popularised in the 1960s with the release of Letraset sheets containing Lorem Ipsum passages, and more recently with desktop publishing software like Aldus PageMaker including versions of Lorem Ipsum.</span><br></p>', 'admin', 'Y', 'makanan', NULL, 1, '', 0, NULL, 'Fisik', NULL, 0, 1, '2023-10-11 11:11:39'),
(132, 0, 26, 0, 0, 'Nasi Goreng Campur', 'xnasi-goreng-campur', 'pcs', 1000, 0, 3000, 0, '100', 'nasi-2.jpg', 'Nasi goreng Campur dengan rasa membuat anda ketagihan dengan berbagai campuran terbaik dan terenak', '<p><strong style=\"margin: 0px; padding: 0px; color: rgb(0, 0, 0); font-family: \"Open Sans\", Arial, sans-serif; text-align: justify;\">Lorem Ipsum</strong><span style=\"color: rgb(0, 0, 0); font-family: \"Open Sans\", Arial, sans-serif; font-size: 14px; text-align: justify;\"> is simply dummy text of the printing and typesetting industry. Lorem Ipsum has been the industry\'s standard dummy text ever since the 1500s, when an unknown printer took a galley of type and scrambled it to make a type specimen book. It has survived not only five centuries, but also the leap into electronic typesetting, remaining essentially unchanged. It was popularised in the 1960s with the release of Letraset sheets containing Lorem Ipsum passages, and more recently with desktop publishing software like Aldus PageMaker including versions of Lorem Ipsum.</span><br></p>', 'admin', 'Y', 'makanan', 129, 1, '', 0, NULL, 'Fisik', NULL, 0, 1, '2023-10-11 11:11:43'),
(133, 0, 2, 1, 0, 'Segitiga Instan Madeira - MDB5.3 Sunset', 'xsegitiga-instan-madeira--mdb53-sunset-111305', 'unit', 1199, 0, 1300, 0, '100', '22.png;c4_grande1.jpg;AR91_95_Sheva_Maroon_1_grande1.png;MK97_7_Mocca_grande1.jpg;Emily_Grey_grande.jpg', '1. Unrestrained and portable active stereo speaker\r\n2. Free from the confines of wires and chords\r\n3. 20 hours of portable capabilities\r\n4. Double-ended Coil Cord with 3.5mm Stereo Plugs Included\r\n5. 3/4? Dome Tweeters: 2X and 4? Woofer: 1X', '<p>Lorem ipsum dolor sit amet, consectetur adipiscing elit. Donec scelerisque condimentum mattis. Suspendisse potenti. Proin vitae elementum nisi. Aliquam eu pretium risus. Nam varius efficitur consectetur. Aenean vestibulum felis sed mollis faucibus. Interdum et malesuada fames ac ante ipsum primis in faucibus. Proin venenatis est sit amet eleifend vehicula. Lorem ipsum dolor sit amet, consectetur adipiscing elit. Integer id nunc eu odio ultrices pulvinar non feugiat felis. Duis consequat urna sapien, porta gravida diam venenatis at. Duis at ornare enim, ac accumsan eros. Sed in finibus metus. Etiam blandit tristique orci, sit amet congue dui facilisis id. Donec fermentum diam at orci viverra placerat. Sed nunc lorem, cursus nec vestibulum hendrerit, tempus et libero.</p>\r\n\r\n<p>Donec consequat lacinia fringilla. Proin dapibus justo at elit iaculis, eu rutrum velit dapibus. Phasellus nec augue vel nisl sagittis malesuada vel vel orci. In in euismod massa. Praesent vel blandit arcu. Maecenas eleifend dui in est rhoncus, mattis sollicitudin augue semper. Donec a lectus rhoncus, ornare nunc rutrum, egestas arcu. Aenean dapibus urna non nisl dignissim volutpat.</p>', 'admin', 'Y', 'muslimah,kaos,wanita', 128, 1, NULL, 0, NULL, 'Fisik', NULL, 0, 1, '2023-10-11 11:13:05'),
(138, 0, 28, 0, 0, 'Pashmina Instan Rafella - RLN1.2 Gold Maroon', 'pashmina-instan-rafella--rln12-gold-maroonx', 'unit', 6500, 0, 75000, 2500, '130', 'Emily_Grey_grande.jpg', '1. Unrestrained and portable active stereo speaker\r\n2. Free from the confines of wires and chords\r\n3. 20 hours of portable capabilities\r\n4. Double-ended Coil Cord with 3.5mm Stereo Plugs Included\r\n5. 3/4? Dome Tweeters: 2X and 4? Woofer: 1X', '<p>Lorem ipsum dolor sit amet, consectetur adipiscing elit. Donec scelerisque condimentum mattis. Suspendisse potenti. Proin vitae elementum nisi. Aliquam eu pretium risus. Nam varius efficitur consectetur. Aenean vestibulum felis sed mollis faucibus. Interdum et malesuada fames ac ante ipsum primis in faucibus. Proin venenatis est sit amet eleifend vehicula. Lorem ipsum dolor sit amet, consectetur adipiscing elit. Integer id nunc eu odio ultrices pulvinar non feugiat felis. Duis consequat urna sapien, porta gravida diam venenatis at. Duis at ornare enim, ac accumsan eros. Sed in finibus metus. Etiam blandit tristique orci, sit amet congue dui facilisis id. Donec fermentum diam at orci viverra placerat. Sed nunc lorem, cursus nec vestibulum hendrerit, tempus et libero.</p>\r\n\r\n<p>Donec consequat lacinia fringilla. Proin dapibus justo at elit iaculis, eu rutrum velit dapibus. Phasellus nec augue vel nisl sagittis malesuada vel vel orci. In in euismod massa. Praesent vel blandit arcu. Maecenas eleifend dui in est rhoncus, mattis sollicitudin augue semper. Donec a lectus rhoncus, ornare nunc rutrum, egestas arcu. Aenean dapibus urna non nisl dignissim volutpat.</p>', 'admin', 'Y', 'muslimah,kaos,wanita', 192, 1, '', 0, NULL, 'Fisik', NULL, 0, 1, '2023-10-11 11:14:34'),
(136, 0, 2, 2, 0, 'Pashmina Instan Rafella - RLN1.1 Sweet Grey', 'xpashmina-instan-rafella--rln11-sweet-grey', 'unit', 8900, 9500, 9900, 0, '600', 'AYD5_3_Mayra_Pink_grande.jpg', '1. Unrestrained and portable active stereo speaker\r\n2. Free from the confines of wires and chords\r\n3. 20 hours of portable capabilities\r\n4. Double-ended Coil Cord with 3.5mm Stereo Plugs Included\r\n5. 3/4? Dome Tweeters: 2X and 4? Woofer: 1X', '<p>Lorem ipsum dolor sit amet, consectetur adipiscing elit. Donec scelerisque condimentum mattis. Suspendisse potenti. Proin vitae elementum nisi. Aliquam eu pretium risus. Nam varius efficitur consectetur. Aenean vestibulum felis sed mollis faucibus. Interdum et malesuada fames ac ante ipsum primis in faucibus. Proin venenatis est sit amet eleifend vehicula. Lorem ipsum dolor sit amet, consectetur adipiscing elit. Integer id nunc eu odio ultrices pulvinar non feugiat felis. Duis consequat urna sapien, porta gravida diam venenatis at. Duis at ornare enim, ac accumsan eros. Sed in finibus metus. Etiam blandit tristique orci, sit amet congue dui facilisis id. Donec fermentum diam at orci viverra placerat. Sed nunc lorem, cursus nec vestibulum hendrerit, tempus et libero.</p>\r\n\r\n<p>Donec consequat lacinia fringilla. Proin dapibus justo at elit iaculis, eu rutrum velit dapibus. Phasellus nec augue vel nisl sagittis malesuada vel vel orci. In in euismod massa. Praesent vel blandit arcu. Maecenas eleifend dui in est rhoncus, mattis sollicitudin augue semper. Donec a lectus rhoncus, ornare nunc rutrum, egestas arcu. Aenean dapibus urna non nisl dignissim volutpat.</p>\r\n', 'admin', 'Y', 'muslimah,kaos,wanita', 184, 1, '', 0, NULL, 'Fisik', NULL, 0, 1, '2023-10-11 11:13:40'),
(137, 0, 2, 1, 0, 'Segitiga Instan Aira- AA94.8 Minty Green', 'xsegitiga-instan-aira-aa948-minty-green', 'pcs', 3400, 0, 3500, 0, '500', 'RV71_27_Jeans_grande.jpg', '1. Unrestrained and portable active stereo speaker\r\n2. Free from the confines of wires and chords\r\n3. 20 hours of portable capabilities\r\n4. Double-ended Coil Cord with 3.5mm Stereo Plugs Included\r\n5. 3/4? Dome Tweeters: 2X and 4? Woofer: 1X', '<p>Lorem ipsum dolor sit amet, consectetur adipiscing elit. Donec scelerisque condimentum mattis. Suspendisse potenti. Proin vitae elementum nisi. Aliquam eu pretium risus. Nam varius efficitur consectetur. Aenean vestibulum felis sed mollis faucibus. Interdum et malesuada fames ac ante ipsum primis in faucibus. Proin venenatis est sit amet eleifend vehicula. Lorem ipsum dolor sit amet, consectetur adipiscing elit. Integer id nunc eu odio ultrices pulvinar non feugiat felis. Duis consequat urna sapien, porta gravida diam venenatis at. Duis at ornare enim, ac accumsan eros. Sed in finibus metus. Etiam blandit tristique orci, sit amet congue dui facilisis id. Donec fermentum diam at orci viverra placerat. Sed nunc lorem, cursus nec vestibulum hendrerit, tempus et libero.</p>\r\n\r\n<p>Donec consequat lacinia fringilla. Proin dapibus justo at elit iaculis, eu rutrum velit dapibus. Phasellus nec augue vel nisl sagittis malesuada vel vel orci. In in euismod massa. Praesent vel blandit arcu. Maecenas eleifend dui in est rhoncus, mattis sollicitudin augue semper. Donec a lectus rhoncus, ornare nunc rutrum, egestas arcu. Aenean dapibus urna non nisl dignissim volutpat.</p>', 'admin', 'Y', 'muslimah,kaos,wanita', 174, 1, '', 0, NULL, 'Fisik', NULL, 0, 1, '2023-10-11 11:13:48'),
(139, 0, 17, 0, 1, 'Sate Padang Lamak Bana', 'sate-padang-lamak-bana-175125', 'pcs', 5000, 0, 2500, 0, '100', 'sate1.png;sate2.png', 'Sate padang adalah sebutan untuk tiga jenis varian sate di Sumatera Barat, yaitu sate padang, sate padang panjang dan sate pariaman.', '<p>Pada awalnya, daging segar dimasukkan dalan drum besar berisi air, dan direbus dua kali agar lunak menggunakan drum dan air yang berbeda. Daging diiris-iris dan dilumuri dengan bumbu dan rempah-rempah. Sementara, air rebusan digunakan sebagai kuah kaldu, bahan membuat kuah sate. Lalu, kuah kaldu dicampur dengan 19 macam bumbu rempah-rempah yang telah dihaluskan (bawang merah, bawang putih, kunyit, jahe, dan serai), dan dicampur dengan berbagai macam cabai. Seluruh bumbu kemudian dijadikan satu dan dimasak selama 15 menit. Rempah-rempah inilah yang membuat rasa kuah sate menjadi kaya rasa yang melimpah.</p><p><br></p><p>Sate sendiri hanya dibakar saat dipesan, menggunakan arang dari tempurung kelapa, dan dimakan dalam keadaan hangat. Biasanya ditambah dengan keripik balado khas Minang.</p>', 'admin', 'Y', 'minuman,makanan', 336, 1, '', 0, 1, 'Fisik', NULL, 0, 1, '2023-10-11 17:51:25'),
(148, 0, 31, 0, 1, 'Sewa Mobil Di Kota Bukittinggi', 'sewa-mobil-di-kota-bukittinggi-084644', 'pcs', 250000, 0, 250000, 0, '0', 'dbalitrans-62.jpg;613692811_2327960804372528_3937994505899278738_n.jpg;akte1.png;dbalitrans-e16458070209152.jpg;dbalitrans-42.jpg;dbalitrans-2-e16458070498862.jpg', 'Anda bisa menikmati wisata relaksasi yang melepas penat. Anda juga dapat memesan jasa sewa mobil lepas kunci dengan berbagai pilihan jenis mobil yang saat ini sangat laris karena keunggulannya.', '<p>Merupakan Jasa Rental Mobil di Bali. Sewa Mobil Lepas Kunci dengan harga terjangkau dan memiliki beragam jenis Mobil dengan Driver tour + Bensin atau setir sendiri. </p><ul><li>Coba List 1</li><li>Coba List 2</li><li>Coba List 3</li></ul><p style=\"text-align: center; \"><img src=\"https://tajalapak.com/asset/images/Untitled-1.png\" style=\"width: 318px;\"><span style=\"color: rgb(102, 102, 102); font-family: Poppins, \"Work Sans\", sans-serif; font-size: 1.4rem;\"><br></span></p><p><span style=\"color: rgb(102, 102, 102); font-family: Poppins, \"Work Sans\", sans-serif; font-size: 1.4rem;\">Solusi harga </span><span style=\"font-family: Poppins, \"Work Sans\", sans-serif; font-size: 1.4rem; background-color: rgb(255, 255, 0);\"><font color=\"#000000\">rental mobil di Bali dengan</font></span><span style=\"color: rgb(102, 102, 102); font-family: Poppins, \"Work Sans\", sans-serif; font-size: 1.4rem;\"> harga murah dan hemat dengan jenis mobil keluaran terbaru serta <b>kepuasan para</b> <u>pelanggan yang telah lama kami</u> layani dengan mobil yang selalu bersih, terawat dan tentunya mobil keluaran terbaru lebih banyak kami miliki.</span><br></p>', '1', 'N', '', 594, 1, '', 0, NULL, 'Digital', NULL, 0, 1, '2023-11-10 08:46:44'),
(209, 120, 1, 0, 169, 'HP Business EliteBook X360 1020 G2', 'xhp-business-elitebook-x360-1020-g2-20250424090355', 'Unit', 3052, 3152, 3252, 0, '1100', 'a4.jpg', '1. Unrestrained and portable active stereo speaker\r\n2. Free from the confines of wires and chords\r\n3. 20 hours of portable capabilities\r\n4. Double-ended Coil Cord with 3.5mm Stereo Plugs Included\r\n5. 3/4? Dome Tweeters: 2X and 4? Woofer: 1X', '<h3><strong>Ringan, Kuat, dan Bertenaga</strong></h3>\r\n\r\n<p>HP EliteBook x360 1020 G2 merupakan laptop yang diperuntukkan bagi pebisnis yang memerlukkan tidak hanya bermobilitas tinggi, namun juga bertenaga. Elitebook x360 1020 G2 didukung oleh prosesor Intel® Core™ i7-7500U sehingga mampu menghadirkan performa yang sangat dapat diandalkan. Selain itu, laptop dengan layar 12.5 beresolusi Full HD ini sudah dilengkapi dengan SSD (Solid State Drive) sebagai media penyimpanan data sehingga kinerjanya semakin kencang. Tentu saja laptop ini memiliki bobot yang sangat ringan agar Anda dapat membawanya kemana saja. </p>\r\n\r\n<h3><strong>Empat Mode Untuk Segala Kebutuhan Bisnis</strong></h3>\r\n\r\n<p>EliteBook x360 1020 G@ hadir dengan beberapa mode yang didesain untuk kebutuhan Anda sehingga dapat menunjang produktivitas Anda. Mode-mode tersebut yaitu Mode Tent yang berbentuk seperti tenda yang sangat cocok untuk presentasi, Mode Tablet yang mentransformasikan laptop Anda menjadi sebuah tablet, Mode Media yang membawa Anda untuk merasakan pengalaman hiburan mendalam, dan yang terakhir adalah Mode Laptop.</p>', 'admin', 'Y', '', 10, 1, NULL, 0, NULL, 'Fisik', NULL, 0, 1, '2025-04-24 09:03:55'),
(210, 100, 6, 14, 169, 'Men Singelete - Baju Dalam Menarik', 'xmen-singelete--baju-dalam-menarikx-20250424090355', 'pcs', 2999, 3000, 5000, 0, '50', 'baju_dalam7.jpg;baju_dalam15.jpg;baju_dalam25.jpg', 'Singlet Rider R226B Vest ini dirancang secara exclusive dengan bahan yang berkualitas untuk menjamin kenyaman dan ketahanan produk. Dengan desain yang sporty untuk menambah kepercayaan diri Anda.', 'Singlet Rider R226B Vest ini dirancang secara exclusive dengan bahan yang berkualitas untuk menjamin kenyaman dan ketahanan produk. Dengan desain yang sporty untuk menambah kepercayaan diri Anda.\r\n\r\nSinglet Rider R226B Vest berbahan ribbed cotton yang didesain form-fitting style dengan V-neckline, detail seamless sides, dan white list trimming di bagian samping.\r\n\r\nSinglet Rider R226B Vest anti bakteria yang dirancang melalui proses Shrunkenize ini membuat Anda bebas dari jamur dan bau tak sedap sekaligus menjadikannya nyaman dipakai dan tidak mudah melar.', 'admin', 'Y', '', 4, 1, NULL, 0, NULL, 'Fisik', NULL, 0, 1, '2025-04-24 09:03:55'),
(211, 99, 6, 0, 169, 'Gamis Green Filosifi Oxorcities TG-3452', 'xgamis-green-filosifi-oxorcities-tg3452x-20250424110140', 'pcs', 4990, 5000, 5990, 0, '320', 'gamis11.jpg', '1. Unrestrained and portable active stereo speaker\\r\\n2. Free from the confines of wires and chords\\r\\n3. 20 hours of portable capabilities\\r\\n4. Double-ended Coil Cord with 3.5mm Stereo Plugs Included\\r\\n5. 3/4? Dome Tweeters: 2X and 4? Woofer: 1X', '<p>Lorem ipsum dolor sit amet, consectetur adipiscing elit. Donec scelerisque condimentum mattis. Suspendisse potenti. Proin vitae elementum nisi. Aliquam eu pretium risus. Nam varius efficitur consectetur. Aenean vestibulum felis sed mollis faucibus. Interdum et malesuada fames ac ante ipsum primis in faucibus. Proin venenatis est sit amet eleifend vehicula. Lorem ipsum dolor sit amet, consectetur adipiscing elit. Integer id nunc eu odio ultrices pulvinar non feugiat felis. Duis consequat urna sapien, porta gravida diam venenatis at. Duis at ornare enim, ac accumsan eros. Sed in finibus metus. Etiam blandit tristique orci, sit amet congue dui facilisis id. Donec fermentum diam at orci viverra placerat. Sed nunc lorem, cursus nec vestibulum hendrerit, tempus et libero.</p>\r\n\r\n<p>Donec consequat lacinia fringilla. Proin dapibus justo at elit iaculis, eu rutrum velit dapibus. Phasellus nec augue vel nisl sagittis malesuada vel vel orci. In in euismod massa. Praesent vel blandit arcu. Maecenas eleifend dui in est rhoncus, mattis sollicitudin augue semper. Donec a lectus rhoncus, ornare nunc rutrum, egestas arcu. Aenean dapibus urna non nisl dignissim volutpat.</p>', '168', 'Y', '', 26, 1, '', 0, NULL, 'Fisik', NULL, 0, 1, '2025-04-24 11:01:40'),
(212, 136, 2, 2, 169, 'Pashmina Instan Rafella - RLN1.1 Sweet Grey', 'xpashmina-instan-rafella--rln11-sweet-grey-20250424110140', 'unit', 8900, 9500, 9900, 0, '600', 'icon1.png;AYD5_3_Mayra_Pink_grande.jpg', '1. Unrestrained and portable active stereo speaker\r\n2. Free from the confines of wires and chords\r\n3. 20 hours of portable capabilities\r\n4. Double-ended Coil Cord with 3.5mm Stereo Plugs Included\r\n5. 3/4? Dome Tweeters: 2X and 4? Woofer: 1X', '<p>Lorem ipsum dolor sit amet, consectetur adipiscing elit. Donec scelerisque condimentum mattis. Suspendisse potenti. Proin vitae elementum nisi. Aliquam eu pretium risus. Nam varius efficitur consectetur. Aenean vestibulum felis sed mollis faucibus. Interdum et malesuada fames ac ante ipsum primis in faucibus. Proin venenatis est sit amet eleifend vehicula. Lorem ipsum dolor sit amet, consectetur adipiscing elit. Integer id nunc eu odio ultrices pulvinar non feugiat felis. Duis consequat urna sapien, porta gravida diam venenatis at. Duis at ornare enim, ac accumsan eros. Sed in finibus metus. Etiam blandit tristique orci, sit amet congue dui facilisis id. Donec fermentum diam at orci viverra placerat. Sed nunc lorem, cursus nec vestibulum hendrerit, tempus et libero.</p>\r\n\r\n<p>Donec consequat lacinia fringilla. Proin dapibus justo at elit iaculis, eu rutrum velit dapibus. Phasellus nec augue vel nisl sagittis malesuada vel vel orci. In in euismod massa. Praesent vel blandit arcu. Maecenas eleifend dui in est rhoncus, mattis sollicitudin augue semper. Donec a lectus rhoncus, ornare nunc rutrum, egestas arcu. Aenean dapibus urna non nisl dignissim volutpat.</p>\r\n', 'admin', 'Y', '', 5, 1, '', 0, NULL, 'Fisik', NULL, 0, 1, '2025-04-24 11:01:40');

-- --------------------------------------------------------

--
